CRAN Package Check Results for Package DCPO

Last updated on 2020-12-02 20:47:45 CET.

Flavor Version Tinstall Tcheck Ttotal Status Flags
r-devel-linux-x86_64-debian-clang 0.5.3 346.66 97.11 443.77 NOTE
r-devel-linux-x86_64-debian-gcc 0.5.3 249.24 83.92 333.16 NOTE
r-devel-linux-x86_64-fedora-clang 0.5.3 592.70 NOTE
r-devel-linux-x86_64-fedora-gcc 0.5.3 567.90 NOTE
r-devel-windows-ix86+x86_64 0.5.3 623.00 209.00 832.00 NOTE
r-patched-linux-x86_64 0.5.3 266.28 103.80 370.08 NOTE
r-patched-solaris-x86 0.5.3 549.90 NOTE
r-release-linux-x86_64 0.5.3 215.17 102.79 317.96 NOTE
r-release-macos-x86_64 0.5.3 NOTE
r-release-windows-ix86+x86_64 0.5.3 464.00 193.00 657.00 NOTE
r-oldrel-macos-x86_64 0.5.3 NOTE
r-oldrel-windows-ix86+x86_64 0.5.3 517.00 189.00 706.00 NOTE

Check Details

Version: 0.5.3
Check: for GNU extensions in Makefiles
Result: NOTE
    GNU make is a SystemRequirements.
Flavors: r-devel-linux-x86_64-debian-clang, r-devel-linux-x86_64-debian-gcc, r-devel-linux-x86_64-fedora-clang, r-devel-linux-x86_64-fedora-gcc, r-devel-windows-ix86+x86_64, r-patched-linux-x86_64, r-patched-solaris-x86, r-release-linux-x86_64, r-release-macos-x86_64, r-release-windows-ix86+x86_64, r-oldrel-macos-x86_64, r-oldrel-windows-ix86+x86_64

Version: 0.5.3
Check: installed package size
Result: NOTE
     installed size is 59.4Mb
     sub-directories of 1Mb or more:
     libs 58.9Mb
Flavors: r-devel-linux-x86_64-fedora-clang, r-devel-windows-ix86+x86_64, r-release-macos-x86_64, r-release-windows-ix86+x86_64, r-oldrel-macos-x86_64, r-oldrel-windows-ix86+x86_64

Version: 0.5.3
Check: data for non-ASCII characters
Result: NOTE
     Note: found 38 marked UTF-8 strings
Flavors: r-devel-linux-x86_64-fedora-clang, r-devel-linux-x86_64-fedora-gcc, r-patched-solaris-x86, r-release-macos-x86_64, r-oldrel-macos-x86_64