CRAN Package Check Results for Package DDD

Last updated on 2014-04-18 09:49:16.

Flavor Version Tinstall Tcheck Ttotal Status Flags
r-devel-linux-x86_64-debian-clang 2.4 1.08 36.80 37.88 NOTE
r-devel-linux-x86_64-debian-gcc NOTE
r-devel-linux-x86_64-fedora-clang 2.4 77.46 NOTE
r-devel-linux-x86_64-fedora-gcc 2.4 71.22 NOTE
r-devel-macosx-x86_64-clang 2.4 66.04 NOTE
r-devel-macosx-x86_64-gcc 2.4 NOTE
r-devel-windows-ix86+x86_64 2.4 4.00 54.00 58.00 NOTE
r-patched-linux-x86_64 2.4 1.08 37.39 38.47 NOTE
r-patched-solaris-sparc 2.4 240.00 NOTE --no-examples
r-patched-solaris-x86 2.4 85.50 NOTE
r-release-linux-ix86 2.4 3.00 82.00 85.00 NOTE
r-release-linux-x86_64 2.4 1.11 39.49 40.60 NOTE
r-release-macosx-x86_64 2.4 ERROR
r-release-windows-ix86+x86_64 2.4 4.00 54.00 58.00 NOTE
r-oldrel-windows-ix86+x86_64 2.4 4.00 59.00 63.00 NOTE

Check Details

Version: 2.4
Check: dependencies in R code
Result: NOTE
    Packages in Depends field not imported from:
     ‘ade4’ ‘ape’ ‘deSolve’
     These packages need to be imported from (in the NAMESPACE file)
     for when this namespace is loaded but not attached.
    See the information on DESCRIPTION files in the chapter ‘Creating R
    packages’ of the ‘Writing R Extensions’ manual.
Flavors: r-devel-linux-x86_64-debian-clang, r-devel-linux-x86_64-debian-gcc, r-devel-linux-x86_64-fedora-clang, r-devel-linux-x86_64-fedora-gcc, r-devel-macosx-x86_64-clang, r-devel-macosx-x86_64-gcc, r-devel-windows-ix86+x86_64, r-patched-linux-x86_64, r-patched-solaris-x86, r-release-linux-ix86, r-release-linux-x86_64, r-release-windows-ix86+x86_64, r-oldrel-windows-ix86+x86_64

Version: 2.4
Flags: --no-examples
Check: dependencies in R code
Result: NOTE
    Packages in Depends field not imported from:
     ‘ade4’ ‘ape’ ‘deSolve’
     These packages need to be imported from (in the NAMESPACE file)
     for when this namespace is loaded but not attached.
    See the information on DESCRIPTION files in the chapter ‘Creating R
    packages’ of the ‘Writing R Extensions’ manual.
Flavor: r-patched-solaris-sparc

Version: 2.4
Check: whether package can be installed
Result: ERROR
    Installation failed.
    See ‘/Volumes/XT3/Builds/R-dev-web/QA/Simon/packages/snowleopard-x86_64/results/3.1/DDD.Rcheck/00install.out’ for details.
Flavor: r-release-macosx-x86_64