CRAN Package Check Results for Package DDD

Last updated on 2015-08-05 03:47:59.

Flavor Version Tinstall Tcheck Ttotal Status Flags
r-devel-linux-x86_64-debian-clang 2.7 1.16 30.58 31.74 NOTE
r-devel-linux-x86_64-debian-gcc 2.7 1.16 36.25 37.41 NOTE
r-devel-linux-x86_64-fedora-clang 2.7 63.44 NOTE
r-devel-linux-x86_64-fedora-gcc 2.7 58.94 NOTE
r-devel-osx-x86_64-clang 2.7 54.79 OK
r-devel-windows-ix86+x86_64 2.7 6.00 66.00 72.00 NOTE
r-patched-linux-x86_64 2.7 1.35 29.68 31.02 OK
r-patched-solaris-sparc 2.7 273.30 OK --no-examples
r-patched-solaris-x86 2.7 78.30 OK
r-release-linux-x86_64 2.7 1.10 30.84 31.94 OK
r-release-osx-x86_64-mavericks 2.7 OK
r-release-windows-ix86+x86_64 2.7 5.00 52.00 57.00 OK
r-oldrel-windows-ix86+x86_64 2.7 8.00 63.00 71.00 OK

Check Details

Version: 2.7
Check: R code for possible problems
Result: NOTE
    bd_ML: no visible global function definition for ‘flush.console’
    bd_loglik: no visible global function definition for ‘integrate’
    bd_loglik: no visible global function definition for ‘flush.console’
    bd_simplex: no visible global function definition for ‘flush.console’
    brts2phylo: no visible global function definition for ‘reorder’
    dd_KI_ML: no visible global function definition for ‘flush.console’
    dd_KI_loglik: no visible global function definition for ‘flush.console’
    dd_KI_simplex: no visible global function definition for
     ‘flush.console’
    dd_ML: no visible global function definition for ‘flush.console’
    dd_SR_ML: no visible global function definition for ‘flush.console’
    dd_SR_loglik: no visible global function definition for ‘flush.console’
    dd_SR_simplex: no visible global function definition for
     ‘flush.console’
    dd_bootstrap_sim: no visible global function definition for
     ‘flush.console’
    dd_loglik: no visible global function definition for ‘flush.console’
    dd_sim: no visible global function definition for ‘runif’
    dd_simplex: no visible global function definition for ‘flush.console’
    Undefined global functions or variables:
     flush.console integrate reorder runif
    Consider adding
     importFrom("stats", "integrate", "reorder", "runif")
     importFrom("utils", "flush.console")
    to your NAMESPACE.
Flavors: r-devel-linux-x86_64-debian-clang, r-devel-linux-x86_64-debian-gcc, r-devel-linux-x86_64-fedora-clang, r-devel-linux-x86_64-fedora-gcc, r-devel-windows-ix86+x86_64