CRAN Package Check Results for Package DDD

Last updated on 2015-09-01 05:48:12.

Flavor Version Tinstall Tcheck Ttotal Status Flags
r-devel-linux-x86_64-debian-clang 2.7 1.00 31.20 32.21 NOTE
r-devel-linux-x86_64-debian-gcc 2.7 0.96 29.86 30.82 NOTE
r-devel-linux-x86_64-fedora-clang 2.7 61.83 NOTE
r-devel-linux-x86_64-fedora-gcc 2.7 57.20 NOTE
r-devel-osx-x86_64-clang 2.7 54.13 OK
r-devel-windows-ix86+x86_64 2.7 7.00 52.00 59.00 NOTE
r-patched-linux-x86_64 2.7 1.11 31.04 32.15 OK
r-patched-solaris-sparc 2.7 273.30 OK --no-examples
r-patched-solaris-x86 2.7 79.20 OK
r-release-linux-x86_64 2.7 1.10 31.72 32.82 OK
r-release-osx-x86_64-mavericks 2.7 OK
r-release-windows-ix86+x86_64 2.7 5.00 53.00 58.00 OK
r-oldrel-windows-ix86+x86_64 2.7 9.00 63.00 72.00 OK

Check Details

Version: 2.7
Check: R code for possible problems
Result: NOTE
    bd_ML: no visible global function definition for ‘flush.console’
    bd_loglik: no visible global function definition for ‘integrate’
    bd_loglik: no visible global function definition for ‘flush.console’
    bd_simplex: no visible global function definition for ‘flush.console’
    brts2phylo: no visible global function definition for ‘reorder’
    dd_KI_ML: no visible global function definition for ‘flush.console’
    dd_KI_loglik: no visible global function definition for ‘flush.console’
    dd_KI_simplex: no visible global function definition for
     ‘flush.console’
    dd_ML: no visible global function definition for ‘flush.console’
    dd_SR_ML: no visible global function definition for ‘flush.console’
    dd_SR_loglik: no visible global function definition for ‘flush.console’
    dd_SR_simplex: no visible global function definition for
     ‘flush.console’
    dd_bootstrap_sim: no visible global function definition for
     ‘flush.console’
    dd_loglik: no visible global function definition for ‘flush.console’
    dd_sim: no visible global function definition for ‘runif’
    dd_simplex: no visible global function definition for ‘flush.console’
    Undefined global functions or variables:
     flush.console integrate reorder runif
    Consider adding
     importFrom("stats", "integrate", "reorder", "runif")
     importFrom("utils", "flush.console")
    to your NAMESPACE.
Flavors: r-devel-linux-x86_64-debian-clang, r-devel-linux-x86_64-debian-gcc, r-devel-linux-x86_64-fedora-clang, r-devel-linux-x86_64-fedora-gcc, r-devel-windows-ix86+x86_64