CRAN Package Check Results for Package DDHFm

Last updated on 2018-04-25 06:47:17 CEST.

Flavor Version Tinstall Tcheck Ttotal Status Flags
r-devel-linux-x86_64-debian-clang 1.1.2 2.24 44.44 46.68 NOTE
r-devel-linux-x86_64-debian-gcc 1.1.2 1.87 34.07 35.94 NOTE
r-devel-linux-x86_64-fedora-clang 1.1.2 60.09 NOTE
r-devel-linux-x86_64-fedora-gcc 1.1.2 61.04 NOTE
r-devel-windows-ix86+x86_64 1.1.2 10.00 64.00 74.00 OK
r-patched-linux-x86_64 1.1.2 2.22 43.79 46.01 NOTE
r-patched-solaris-x86 1.1.2 61.90 OK
r-release-linux-x86_64 1.1.2 2.30 44.53 46.83 NOTE
r-release-windows-ix86+x86_64 1.1.2 10.00 64.00 74.00 OK
r-release-osx-x86_64 1.1.2 OK
r-oldrel-windows-ix86+x86_64 1.1.2 8.00 73.00 81.00 OK
r-oldrel-osx-x86_64 1.1.2 OK

Check Details

Version: 1.1.2
Check: compiled code
Result: NOTE
    File ‘DDHFm/libs/DDHFm.so’:
     Found no calls to: ‘R_registerRoutines’, ‘R_useDynamicSymbols’
    
    It is good practice to register native routines and to disable symbol
    search.
    
    See ‘Writing portable packages’ in the ‘Writing R Extensions’ manual.
Flavors: r-devel-linux-x86_64-debian-clang, r-devel-linux-x86_64-debian-gcc, r-devel-linux-x86_64-fedora-clang, r-devel-linux-x86_64-fedora-gcc, r-patched-linux-x86_64, r-release-linux-x86_64