CRAN Package Check Results for Package DDHFm

Last updated on 2019-01-17 20:46:59 CET.

Flavor Version Tinstall Tcheck Ttotal Status Flags
r-devel-linux-x86_64-debian-clang 1.1.2 2.20 47.36 49.56 OK
r-devel-linux-x86_64-debian-gcc 1.1.2 1.80 35.77 37.57 OK
r-devel-linux-x86_64-fedora-clang 1.1.2 61.09 NOTE
r-devel-linux-x86_64-fedora-gcc 1.1.2 58.67 NOTE
r-devel-windows-ix86+x86_64 1.1.2 9.00 80.00 89.00 OK
r-patched-linux-x86_64 1.1.2 2.39 45.05 47.44 OK
r-patched-solaris-x86 1.1.2 65.60 OK
r-release-linux-x86_64 1.1.2 2.19 45.04 47.23 OK
r-release-windows-ix86+x86_64 1.1.2 9.00 79.00 88.00 OK
r-release-osx-x86_64 1.1.2 OK
r-oldrel-windows-ix86+x86_64 1.1.2 15.00 76.00 91.00 OK
r-oldrel-osx-x86_64 1.1.2 OK

Check Details

Version: 1.1.2
Check: compiled code
Result: NOTE
    File ‘DDHFm/libs/DDHFm.so’:
     Found no calls to: ‘R_registerRoutines’, ‘R_useDynamicSymbols’
    
    It is good practice to register native routines and to disable symbol
    search.
    
    See ‘Writing portable packages’ in the ‘Writing R Extensions’ manual.
Flavors: r-devel-linux-x86_64-fedora-clang, r-devel-linux-x86_64-fedora-gcc