CRAN Package Check Results for Package DDHFm

Last updated on 2018-10-22 01:50:34 CEST.

Flavor Version Tinstall Tcheck Ttotal Status Flags
r-devel-linux-x86_64-debian-clang 1.1.2 2.53 47.89 50.42 OK
r-devel-linux-x86_64-debian-gcc 1.1.2 1.91 36.52 38.43 OK
r-devel-linux-x86_64-fedora-clang 1.1.2 60.07 NOTE
r-devel-linux-x86_64-fedora-gcc 1.1.2 58.88 NOTE
r-devel-windows-ix86+x86_64 1.1.2 10.00 64.00 74.00 OK
r-patched-linux-x86_64 1.1.2 2.10 45.48 47.58 OK
r-patched-solaris-x86 1.1.2 63.30 OK
r-release-linux-x86_64 1.1.2 2.21 46.17 48.38 OK
r-release-windows-ix86+x86_64 1.1.2 9.00 85.00 94.00 OK
r-release-osx-x86_64 1.1.2 OK
r-oldrel-windows-ix86+x86_64 1.1.2 6.00 73.00 79.00 OK
r-oldrel-osx-x86_64 1.1.2 OK

Check Details

Version: 1.1.2
Check: compiled code
Result: NOTE
    File ‘DDHFm/libs/DDHFm.so’:
     Found no calls to: ‘R_registerRoutines’, ‘R_useDynamicSymbols’
    
    It is good practice to register native routines and to disable symbol
    search.
    
    See ‘Writing portable packages’ in the ‘Writing R Extensions’ manual.
Flavors: r-devel-linux-x86_64-fedora-clang, r-devel-linux-x86_64-fedora-gcc