CRAN Package Check Results for Package DDHFm

Last updated on 2018-07-22 04:47:53 CEST.

Flavor Version Tinstall Tcheck Ttotal Status Flags
r-devel-linux-x86_64-debian-clang 1.1.2 2.60 45.70 48.30 NOTE
r-devel-linux-x86_64-debian-gcc 1.1.2 1.90 34.94 36.84 NOTE
r-devel-linux-x86_64-fedora-clang 1.1.2 57.84 NOTE
r-devel-linux-x86_64-fedora-gcc 1.1.2 55.75 NOTE
r-devel-windows-ix86+x86_64 1.1.2 9.00 90.00 99.00 OK
r-patched-linux-x86_64 1.1.2 NOTE
r-patched-solaris-x86 1.1.2 62.60 OK
r-release-linux-x86_64 1.1.2 2.30 45.31 47.61 NOTE
r-release-windows-ix86+x86_64 1.1.2 11.00 61.00 72.00 OK
r-release-osx-x86_64 1.1.2 OK
r-oldrel-windows-ix86+x86_64 1.1.2 7.00 70.00 77.00 OK
r-oldrel-osx-x86_64 1.1.2 OK

Check Details

Version: 1.1.2
Check: compiled code
Result: NOTE
    File ‘DDHFm/libs/DDHFm.so’:
     Found no calls to: ‘R_registerRoutines’, ‘R_useDynamicSymbols’
    
    It is good practice to register native routines and to disable symbol
    search.
    
    See ‘Writing portable packages’ in the ‘Writing R Extensions’ manual.
Flavors: r-devel-linux-x86_64-debian-clang, r-devel-linux-x86_64-debian-gcc, r-devel-linux-x86_64-fedora-clang, r-devel-linux-x86_64-fedora-gcc, r-patched-linux-x86_64, r-release-linux-x86_64