CRAN Package Check Results for Package DDPNA

Last updated on 2020-09-18 08:50:40 CEST.

Flavor Version Tinstall Tcheck Ttotal Status Flags
r-devel-linux-x86_64-debian-clang 0.2.6 18.05 164.87 182.92 OK
r-devel-linux-x86_64-debian-gcc 0.2.6 17.73 123.24 140.97 OK
r-devel-linux-x86_64-fedora-clang 0.2.6 235.97 OK
r-devel-linux-x86_64-fedora-gcc 0.2.6 241.43 OK
r-devel-windows-ix86+x86_64 0.2.6 44.00 193.00 237.00 OK
r-patched-linux-x86_64 0.2.6 17.67 158.05 175.72 OK
r-patched-solaris-x86 0.2.6 308.70 OK
r-release-linux-x86_64 0.2.6 21.59 162.57 184.16 OK
r-release-macos-x86_64 0.2.6 OK
r-release-windows-ix86+x86_64 0.2.6 43.00 214.00 257.00 OK
r-oldrel-macos-x86_64 0.2.6 NOTE
r-oldrel-windows-ix86+x86_64 0.2.6 36.00 186.00 222.00 OK

Check Details

Version: 0.2.6
Check: package dependencies
Result: NOTE
    Package suggested but not available for checking: ‘WGCNA’
Flavor: r-oldrel-macos-x86_64