CRAN Package Check Results for Package DEMEtics

Last updated on 2016-12-10 16:47:03.

Flavor Version Tinstall Tcheck Ttotal Status Flags
r-devel-linux-x86_64-debian-clang 0.8-7 0.75 17.19 17.93 NOTE
r-devel-linux-x86_64-debian-gcc 0.8-7 0.70 17.37 18.07 NOTE
r-devel-linux-x86_64-fedora-clang 0.8-7 29.97 NOTE --no-stop-on-test-error
r-devel-linux-x86_64-fedora-gcc 0.8-7 27.66 NOTE --no-stop-on-test-error
r-devel-macos-x86_64-clang 0.8-7 24.96 NOTE --no-stop-on-test-error
r-devel-windows-ix86+x86_64 0.8-7 6.00 44.00 50.00 NOTE
r-patched-linux-x86_64 0.8-7 0.62 15.49 16.11 NOTE
r-patched-solaris-sparc 0.8-7 140.90 NOTE
r-patched-solaris-x86 0.8-7 29.40 NOTE
r-release-linux-x86_64 0.8-7 0.59 15.40 15.99 NOTE
r-release-osx-x86_64-mavericks 0.8-7 NOTE
r-release-windows-ix86+x86_64 0.8-7 2.00 32.00 34.00 NOTE
r-oldrel-windows-ix86+x86_64 0.8-7 3.00 28.00 31.00 NOTE

Check Details

Version: 0.8-7
Check: DESCRIPTION meta-information
Result: NOTE
    Malformed Title field: should not end in a period.
Flavors: r-devel-linux-x86_64-debian-clang, r-devel-linux-x86_64-debian-gcc, r-devel-windows-ix86+x86_64, r-patched-linux-x86_64, r-patched-solaris-sparc, r-patched-solaris-x86, r-release-linux-x86_64, r-release-osx-x86_64-mavericks, r-release-windows-ix86+x86_64, r-oldrel-windows-ix86+x86_64

Version: 0.8-7
Check: R code for possible problems
Result: NOTE
    Bootstrapping.CI: no visible global function definition for ‘quantile’
    D.Jost: no visible global function definition for ‘read.table’
    D.Jost: no visible global function definition for ‘write.table’
    Dv.locis.corrected.calc: no visible global function definition for
     ‘p.adjust’
    Gst.Nei: no visible global function definition for ‘read.table’
    Gst.Nei: no visible global function definition for ‘write.table’
    H.out: no visible global function definition for ‘write.table’
    Hardy.calc: no visible global function definition for ‘chisq.test’
    critical.ci.values: no visible global function definition for
     ‘quantile’
    inputformat: no visible global function definition for ‘read.table’
    inputformat: no visible global function definition for ‘write.table’
    over.all.pops: no visible global function definition for ‘write.table’
    p.value.correcture: no visible global function definition for
     ‘p.adjust’
    pair.pops: no visible global function definition for ‘write.table’
    Undefined global functions or variables:
     chisq.test p.adjust quantile read.table write.table
    Consider adding
     importFrom("stats", "chisq.test", "p.adjust", "quantile")
     importFrom("utils", "read.table", "write.table")
    to your NAMESPACE file.
    
    Found the following calls to attach():
    File ‘DEMEtics/R/inputformat.r’:
     attach(y)
    See section ‘Good practice’ in ‘?attach’.
Flavors: r-devel-linux-x86_64-debian-clang, r-devel-linux-x86_64-debian-gcc, r-patched-linux-x86_64, r-release-linux-x86_64

Version: 0.8-7
Flags: --no-stop-on-test-error
Check: DESCRIPTION meta-information
Result: NOTE
    Malformed Title field: should not end in a period.
Flavors: r-devel-linux-x86_64-fedora-clang, r-devel-linux-x86_64-fedora-gcc, r-devel-macos-x86_64-clang

Version: 0.8-7
Flags: --no-stop-on-test-error
Check: R code for possible problems
Result: NOTE
    Bootstrapping.CI: no visible global function definition for ‘quantile’
    D.Jost: no visible global function definition for ‘read.table’
    D.Jost: no visible global function definition for ‘write.table’
    Dv.locis.corrected.calc: no visible global function definition for
     ‘p.adjust’
    Gst.Nei: no visible global function definition for ‘read.table’
    Gst.Nei: no visible global function definition for ‘write.table’
    H.out: no visible global function definition for ‘write.table’
    Hardy.calc: no visible global function definition for ‘chisq.test’
    critical.ci.values: no visible global function definition for
     ‘quantile’
    inputformat: no visible global function definition for ‘read.table’
    inputformat: no visible global function definition for ‘write.table’
    over.all.pops: no visible global function definition for ‘write.table’
    p.value.correcture: no visible global function definition for
     ‘p.adjust’
    pair.pops: no visible global function definition for ‘write.table’
    Undefined global functions or variables:
     chisq.test p.adjust quantile read.table write.table
    Consider adding
     importFrom("stats", "chisq.test", "p.adjust", "quantile")
     importFrom("utils", "read.table", "write.table")
    to your NAMESPACE file.
Flavors: r-devel-linux-x86_64-fedora-clang, r-devel-linux-x86_64-fedora-gcc, r-devel-macos-x86_64-clang

Version: 0.8-7
Check: R code for possible problems
Result: NOTE
    Bootstrapping.CI: no visible global function definition for 'quantile'
    D.Jost: no visible global function definition for 'read.table'
    D.Jost: no visible global function definition for 'write.table'
    Dv.locis.corrected.calc: no visible global function definition for
     'p.adjust'
    Gst.Nei: no visible global function definition for 'read.table'
    Gst.Nei: no visible global function definition for 'write.table'
    H.out: no visible global function definition for 'write.table'
    Hardy.calc: no visible global function definition for 'chisq.test'
    critical.ci.values: no visible global function definition for
     'quantile'
    inputformat: no visible global function definition for 'read.table'
    inputformat: no visible global function definition for 'write.table'
    over.all.pops: no visible global function definition for 'write.table'
    p.value.correcture: no visible global function definition for
     'p.adjust'
    pair.pops: no visible global function definition for 'write.table'
    Undefined global functions or variables:
     chisq.test p.adjust quantile read.table write.table
    Consider adding
     importFrom("stats", "chisq.test", "p.adjust", "quantile")
     importFrom("utils", "read.table", "write.table")
    to your NAMESPACE file.
Flavors: r-devel-windows-ix86+x86_64, r-patched-solaris-sparc, r-patched-solaris-x86, r-release-osx-x86_64-mavericks, r-release-windows-ix86+x86_64