CRAN Package Check Results for Package DEMEtics

Last updated on 2015-05-25 02:47:20.

Flavor Version Tinstall Tcheck Ttotal Status Flags
r-devel-linux-x86_64-debian-clang 0.8-7 0.61 14.25 14.86 NOTE
r-devel-linux-x86_64-debian-gcc 0.8-7 0.69 13.65 14.34 NOTE
r-devel-linux-x86_64-fedora-clang 0.8-7 28.49 NOTE
r-devel-linux-x86_64-fedora-gcc 0.8-7 26.00 NOTE
r-devel-osx-x86_64-clang 0.8-7 30.48 NOTE
r-devel-windows-ix86+x86_64 0.8-7 2.00 21.00 23.00 NOTE
r-patched-linux-x86_64 0.8-7 0.65 14.44 15.08 NOTE
r-patched-solaris-sparc 0.8-7 162.40 NOTE
r-patched-solaris-x86 0.8-7 36.10 NOTE
r-release-linux-x86_64 0.8-7 0.61 14.07 14.68 NOTE
r-release-osx-x86_64-mavericks 0.8-7 NOTE
r-release-osx-x86_64-snowleopard 0.8-7 NOTE
r-release-windows-ix86+x86_64 0.8-7 1.00 19.00 20.00 NOTE
r-oldrel-windows-ix86+x86_64 0.8-7 4.00 31.00 35.00 OK

Check Details

Version: 0.8-7
Check: DESCRIPTION meta-information
Result: NOTE
    Malformed Title field: should not end in a period.
Flavors: r-devel-linux-x86_64-debian-clang, r-devel-linux-x86_64-debian-gcc, r-devel-linux-x86_64-fedora-clang, r-devel-linux-x86_64-fedora-gcc, r-devel-osx-x86_64-clang, r-devel-windows-ix86+x86_64, r-patched-linux-x86_64, r-patched-solaris-sparc, r-patched-solaris-x86, r-release-linux-x86_64, r-release-osx-x86_64-mavericks, r-release-osx-x86_64-snowleopard, r-release-windows-ix86+x86_64

Version: 0.8-7
Check: R code for possible problems
Result: NOTE
    Found the following calls to attach():
    File ‘DEMEtics/R/inputformat.r’:
     attach(y)
    See section ‘Good practice’ in ‘?attach’.
Flavors: r-devel-linux-x86_64-debian-clang, r-devel-linux-x86_64-debian-gcc, r-patched-linux-x86_64, r-release-linux-x86_64