CRAN Package Check Results for Package DEMEtics

Last updated on 2015-07-06 11:48:00.

Flavor Version Tinstall Tcheck Ttotal Status Flags
r-devel-linux-x86_64-debian-clang 0.8-7 0.58 14.23 14.81 NOTE
r-devel-linux-x86_64-debian-gcc 0.8-7 0.74 13.27 14.01 NOTE
r-devel-linux-x86_64-fedora-clang 0.8-7 25.93 NOTE
r-devel-linux-x86_64-fedora-gcc 0.8-7 25.20 NOTE
r-devel-osx-x86_64-clang 0.8-7 26.55 NOTE
r-devel-windows-ix86+x86_64 0.8-7 2.00 21.00 23.00 NOTE
r-patched-linux-x86_64 0.8-7 0.61 14.07 14.68 NOTE
r-patched-solaris-sparc 0.8-7 162.40 NOTE
r-patched-solaris-x86 0.8-7 35.30 NOTE
r-release-linux-x86_64 0.8-7 0.66 14.13 14.80 NOTE
r-release-osx-x86_64-mavericks 0.8-7 NOTE
r-release-windows-ix86+x86_64 0.8-7 2.00 22.00 24.00 NOTE
r-oldrel-windows-ix86+x86_64 0.8-7 4.00 31.00 35.00 OK

Check Details

Version: 0.8-7
Check: DESCRIPTION meta-information
Result: NOTE
    Malformed Title field: should not end in a period.
Flavors: r-devel-linux-x86_64-debian-clang, r-devel-linux-x86_64-debian-gcc, r-devel-linux-x86_64-fedora-clang, r-devel-linux-x86_64-fedora-gcc, r-devel-osx-x86_64-clang, r-devel-windows-ix86+x86_64, r-patched-linux-x86_64, r-patched-solaris-sparc, r-patched-solaris-x86, r-release-linux-x86_64, r-release-osx-x86_64-mavericks, r-release-windows-ix86+x86_64

Version: 0.8-7
Check: R code for possible problems
Result: NOTE
    Bootstrapping.CI: no visible global function definition for ‘quantile’
    D.Jost: no visible global function definition for ‘read.table’
    D.Jost: no visible global function definition for ‘write.table’
    Dv.locis.corrected.calc: no visible global function definition for
     ‘p.adjust’
    Gst.Nei: no visible global function definition for ‘read.table’
    Gst.Nei: no visible global function definition for ‘write.table’
    H.out: no visible global function definition for ‘write.table’
    Hardy.calc: no visible global function definition for ‘chisq.test’
    critical.ci.values: no visible global function definition for
     ‘quantile’
    inputformat: no visible global function definition for ‘read.table’
    inputformat: no visible global function definition for ‘write.table’
    over.all.pops: no visible global function definition for ‘write.table’
    p.value.correcture: no visible global function definition for
     ‘p.adjust’
    pair.pops: no visible global function definition for ‘write.table’
    Undefined global functions or variables:
     chisq.test p.adjust quantile read.table write.table
    
    Found the following calls to attach():
    File ‘DEMEtics/R/inputformat.r’:
     attach(y)
    See section ‘Good practice’ in ‘?attach’.
Flavors: r-devel-linux-x86_64-debian-clang, r-devel-linux-x86_64-debian-gcc

Version: 0.8-7
Check: R code for possible problems
Result: NOTE
    Bootstrapping.CI: no visible global function definition for ‘quantile’
    D.Jost: no visible global function definition for ‘read.table’
    D.Jost: no visible global function definition for ‘write.table’
    Dv.locis.corrected.calc: no visible global function definition for
     ‘p.adjust’
    Gst.Nei: no visible global function definition for ‘read.table’
    Gst.Nei: no visible global function definition for ‘write.table’
    H.out: no visible global function definition for ‘write.table’
    Hardy.calc: no visible global function definition for ‘chisq.test’
    critical.ci.values: no visible global function definition for
     ‘quantile’
    inputformat: no visible global function definition for ‘read.table’
    inputformat: no visible global function definition for ‘write.table’
    over.all.pops: no visible global function definition for ‘write.table’
    p.value.correcture: no visible global function definition for
     ‘p.adjust’
    pair.pops: no visible global function definition for ‘write.table’
    Undefined global functions or variables:
     chisq.test p.adjust quantile read.table write.table
Flavors: r-devel-linux-x86_64-fedora-clang, r-devel-linux-x86_64-fedora-gcc, r-devel-windows-ix86+x86_64

Version: 0.8-7
Check: R code for possible problems
Result: NOTE
    Found the following calls to attach():
    File ‘DEMEtics/R/inputformat.r’:
     attach(y)
    See section ‘Good practice’ in ‘?attach’.
Flavors: r-patched-linux-x86_64, r-release-linux-x86_64