CRAN Package Check Results for Package DEMEtics

Last updated on 2015-03-30 10:54:18.

Flavor Version Tinstall Tcheck Ttotal Status Flags
r-devel-linux-x86_64-debian-clang 0.8-7 0.62 14.13 14.75 NOTE
r-devel-linux-x86_64-debian-gcc 0.8-7 0.61 14.03 14.64 NOTE
r-devel-linux-x86_64-fedora-clang 0.8-7 27.86 NOTE
r-devel-linux-x86_64-fedora-gcc 0.8-7 26.62 NOTE
r-devel-osx-x86_64-clang 0.8-7 33.82 NOTE
r-prerel-windows-ix86+x86_64 0.8-7 3.00 21.00 24.00 NOTE
r-prerel-linux-x86_64 0.8-7 0.65 13.62 14.26 NOTE
r-prerel-solaris-sparc 0.8-7 175.80 NOTE
r-prerel-solaris-x86 0.8-7 35.20 NOTE
r-release-linux-x86_64 0.8-7 0.66 15.35 16.02 NOTE
r-release-osx-x86_64-mavericks 0.8-7 OK
r-release-osx-x86_64-snowleopard 0.8-7 OK
r-release-windows-ix86+x86_64 0.8-7 4.00 31.00 35.00 OK
r-oldrel-windows-ix86+x86_64 0.8-7 2.00 22.00 24.00 OK

Check Details

Version: 0.8-7
Check: DESCRIPTION meta-information
Result: NOTE
    Malformed Title field: should not end in a period.
Flavors: r-devel-linux-x86_64-debian-clang, r-devel-linux-x86_64-debian-gcc, r-devel-linux-x86_64-fedora-clang, r-devel-linux-x86_64-fedora-gcc, r-devel-osx-x86_64-clang, r-prerel-windows-ix86+x86_64, r-prerel-linux-x86_64, r-prerel-solaris-sparc, r-prerel-solaris-x86

Version: 0.8-7
Check: R code for possible problems
Result: NOTE
    Found the following calls to attach():
    File ‘DEMEtics/R/inputformat.r’:
     attach(y)
    See section ‘Good practice’ in ‘?attach’.
Flavors: r-devel-linux-x86_64-debian-clang, r-devel-linux-x86_64-debian-gcc, r-prerel-linux-x86_64, r-release-linux-x86_64