CRAN Package Check Results for Package DEMEtics

Last updated on 2017-06-29 17:50:01.

Flavor Version Tinstall Tcheck Ttotal Status Flags
r-devel-linux-x86_64-debian-clang 0.8-7 0.80 17.55 18.35 NOTE
r-devel-linux-x86_64-debian-gcc 0.8-7 0.67 16.66 17.33 NOTE
r-devel-linux-x86_64-fedora-clang 0.8-7 29.05 NOTE
r-devel-linux-x86_64-fedora-gcc 0.8-7 27.73 NOTE
r-devel-windows-ix86+x86_64 0.8-7 3.00 43.00 46.00 NOTE
r-patched-linux-x86_64 0.8-7 0.68 19.61 20.29 NOTE
r-patched-solaris-sparc 0.8-7 166.50 NOTE
r-patched-solaris-x86 0.8-7 37.10 NOTE
r-release-linux-x86_64 0.8-7 0.65 18.41 19.05 NOTE
r-release-windows-ix86+x86_64 0.8-7 3.00 32.00 35.00 NOTE
r-release-osx-x86_64 0.8-7 NOTE
r-oldrel-windows-ix86+x86_64 0.8-7 2.00 32.00 34.00 NOTE
r-oldrel-osx-x86_64 0.8-7 NOTE

Check Details

Version: 0.8-7
Check: DESCRIPTION meta-information
Result: NOTE
    Malformed Title field: should not end in a period.
Flavors: r-devel-linux-x86_64-debian-clang, r-devel-linux-x86_64-debian-gcc, r-devel-linux-x86_64-fedora-clang, r-devel-linux-x86_64-fedora-gcc, r-devel-windows-ix86+x86_64, r-patched-linux-x86_64, r-patched-solaris-sparc, r-patched-solaris-x86, r-release-linux-x86_64, r-release-windows-ix86+x86_64, r-release-osx-x86_64, r-oldrel-windows-ix86+x86_64, r-oldrel-osx-x86_64

Version: 0.8-7
Check: R code for possible problems
Result: NOTE
    Bootstrapping.CI: no visible global function definition for ‘quantile’
    D.Jost: no visible global function definition for ‘read.table’
    D.Jost: no visible global function definition for ‘write.table’
    Dv.locis.corrected.calc: no visible global function definition for
     ‘p.adjust’
    Gst.Nei: no visible global function definition for ‘read.table’
    Gst.Nei: no visible global function definition for ‘write.table’
    H.out: no visible global function definition for ‘write.table’
    Hardy.calc: no visible global function definition for ‘chisq.test’
    critical.ci.values: no visible global function definition for
     ‘quantile’
    inputformat: no visible global function definition for ‘read.table’
    inputformat: no visible global function definition for ‘write.table’
    over.all.pops: no visible global function definition for ‘write.table’
    p.value.correcture: no visible global function definition for
     ‘p.adjust’
    pair.pops: no visible global function definition for ‘write.table’
    Undefined global functions or variables:
     chisq.test p.adjust quantile read.table write.table
    Consider adding
     importFrom("stats", "chisq.test", "p.adjust", "quantile")
     importFrom("utils", "read.table", "write.table")
    to your NAMESPACE file.
    
    Found the following calls to attach():
    File ‘DEMEtics/R/inputformat.r’:
     attach(y)
    See section ‘Good practice’ in ‘?attach’.
Flavors: r-devel-linux-x86_64-debian-clang, r-devel-linux-x86_64-debian-gcc, r-patched-linux-x86_64, r-release-linux-x86_64

Version: 0.8-7
Check: R code for possible problems
Result: NOTE
    Bootstrapping.CI: no visible global function definition for ‘quantile’
    D.Jost: no visible global function definition for ‘read.table’
    D.Jost: no visible global function definition for ‘write.table’
    Dv.locis.corrected.calc: no visible global function definition for
     ‘p.adjust’
    Gst.Nei: no visible global function definition for ‘read.table’
    Gst.Nei: no visible global function definition for ‘write.table’
    H.out: no visible global function definition for ‘write.table’
    Hardy.calc: no visible global function definition for ‘chisq.test’
    critical.ci.values: no visible global function definition for
     ‘quantile’
    inputformat: no visible global function definition for ‘read.table’
    inputformat: no visible global function definition for ‘write.table’
    over.all.pops: no visible global function definition for ‘write.table’
    p.value.correcture: no visible global function definition for
     ‘p.adjust’
    pair.pops: no visible global function definition for ‘write.table’
    Undefined global functions or variables:
     chisq.test p.adjust quantile read.table write.table
    Consider adding
     importFrom("stats", "chisq.test", "p.adjust", "quantile")
     importFrom("utils", "read.table", "write.table")
    to your NAMESPACE file.
Flavors: r-devel-linux-x86_64-fedora-clang, r-devel-linux-x86_64-fedora-gcc, r-devel-windows-ix86+x86_64, r-patched-solaris-sparc, r-patched-solaris-x86, r-release-windows-ix86+x86_64, r-release-osx-x86_64, r-oldrel-windows-ix86+x86_64, r-oldrel-osx-x86_64