CRAN Package Check Results for Package DEMEtics

Last updated on 2014-12-20 12:47:24.

Flavor Version Tinstall Tcheck Ttotal Status Flags
r-devel-linux-x86_64-debian-clang 0.8-7 0.65 14.46 15.11 NOTE
r-devel-linux-x86_64-debian-gcc 0.8-7 0.63 14.15 14.78 NOTE
r-devel-linux-x86_64-fedora-clang 0.8-7 31.16 OK
r-devel-linux-x86_64-fedora-gcc 0.8-7 28.27 OK
r-devel-osx-x86_64-clang 0.8-7 31.23 OK
r-devel-windows-ix86+x86_64 0.8-7 5.00 28.00 33.00 OK
r-patched-linux-x86_64 0.8-7 0.68 15.18 15.86 NOTE
r-patched-solaris-sparc 0.8-7 163.10 OK
r-patched-solaris-x86 0.8-7 39.80 OK
r-release-linux-ix86 0.8-7 0.96 20.36 21.32 OK
r-release-linux-x86_64 0.8-7 0.67 15.46 16.13 NOTE
r-release-osx-x86_64-mavericks 0.8-7 OK
r-release-osx-x86_64-snowleopard 0.8-7 OK
r-release-windows-ix86+x86_64 0.8-7 2.00 24.00 26.00 OK
r-oldrel-windows-ix86+x86_64 0.8-7 2.00 22.00 24.00 OK

Check Details

Version: 0.8-7
Check: R code for possible problems
Result: NOTE
    Found the following calls to attach():
    File ‘DEMEtics/R/inputformat.r’:
     attach(y)
    See section ‘Good practice’ in ‘?attach’.
Flavors: r-devel-linux-x86_64-debian-clang, r-devel-linux-x86_64-debian-gcc, r-patched-linux-x86_64, r-release-linux-x86_64