CRAN Package Check Results for Package DEMEtics

Last updated on 2015-01-28 01:48:01.

Flavor Version Tinstall Tcheck Ttotal Status Flags
r-devel-linux-x86_64-debian-clang 0.8-7 0.64 14.63 15.27 NOTE
r-devel-linux-x86_64-debian-gcc 0.8-7 0.66 14.10 14.76 NOTE
r-devel-linux-x86_64-fedora-clang 0.8-7 31.07 OK
r-devel-linux-x86_64-fedora-gcc 0.8-7 29.16 OK
r-devel-osx-x86_64-clang 0.8-7 33.05 OK
r-devel-windows-ix86+x86_64 0.8-7 2.00 21.00 23.00 OK
r-patched-linux-x86_64 0.8-7 0.67 16.30 16.97 NOTE
r-patched-solaris-sparc 0.8-7 192.80 OK
r-patched-solaris-x86 0.8-7 39.30 OK
r-release-linux-ix86 0.8-7 0.97 20.62 21.58 OK
r-release-linux-x86_64 0.8-7 0.72 14.79 15.51 NOTE
r-release-osx-x86_64-mavericks 0.8-7 OK
r-release-osx-x86_64-snowleopard 0.8-7 OK
r-release-windows-ix86+x86_64 0.8-7 2.00 24.00 26.00 OK
r-oldrel-windows-ix86+x86_64 0.8-7 2.00 22.00 24.00 OK

Check Details

Version: 0.8-7
Check: R code for possible problems
Result: NOTE
    Found the following calls to attach():
    File ‘DEMEtics/R/inputformat.r’:
     attach(y)
    See section ‘Good practice’ in ‘?attach’.
Flavors: r-devel-linux-x86_64-debian-clang, r-devel-linux-x86_64-debian-gcc, r-patched-linux-x86_64, r-release-linux-x86_64