CRAN Package Check Results for Package DEMEtics

Last updated on 2014-10-25 23:46:38.

Flavor Version Tinstall Tcheck Ttotal Status Flags
r-devel-linux-x86_64-debian-clang 0.8-7 0.64 14.56 15.20 NOTE
r-devel-linux-x86_64-debian-gcc 0.8-7 0.63 14.54 15.17 NOTE
r-devel-linux-x86_64-fedora-clang 0.8-7 30.17 OK
r-devel-linux-x86_64-fedora-gcc 0.8-7 27.77 OK
r-devel-osx-x86_64-clang 0.8-7 31.88 OK
r-devel-windows-ix86+x86_64 0.8-7 2.00 22.00 24.00 OK
r-patched-linux-x86_64 0.8-7 0.74 15.24 15.99 NOTE
r-patched-solaris-sparc 0.8-7 163.10 OK
r-patched-solaris-x86 0.8-7 39.50 OK
r-release-linux-ix86 0.8-7 0.96 20.22 21.18 OK
r-release-linux-x86_64 0.8-7 0.72 14.34 15.06 NOTE
r-release-osx-x86_64-mavericks 0.8-7 OK
r-release-osx-x86_64-snowleopard 0.8-7 OK
r-release-windows-ix86+x86_64 0.8-7 3.00 20.00 23.00 OK
r-oldrel-windows-ix86+x86_64 0.8-7 2.00 22.00 24.00 OK

Check Details

Version: 0.8-7
Check: R code for possible problems
Result: NOTE
    Found the following calls to attach():
    File ‘DEMEtics/R/inputformat.r’:
     attach(y)
    See section ‘Good practice’ in ‘?attach’.
Flavors: r-devel-linux-x86_64-debian-clang, r-devel-linux-x86_64-debian-gcc, r-patched-linux-x86_64, r-release-linux-x86_64