Last updated on 2021-04-17 14:49:02 CEST.
Flavor | Version | Tinstall | Tcheck | Ttotal | Status | Flags |
---|---|---|---|---|---|---|
r-devel-linux-x86_64-debian-clang | 1.0.0 | 45.93 | 95.78 | 141.71 | WARN | |
r-devel-linux-x86_64-debian-gcc | 1.0.0 | 41.10 | 72.70 | 113.80 | WARN | |
r-devel-linux-x86_64-fedora-clang | 1.0.0 | 187.74 | WARN | |||
r-devel-linux-x86_64-fedora-gcc | 1.0.0 | 187.11 | WARN | |||
r-devel-windows-ix86+x86_64 | 1.0.0 | 76.00 | 120.00 | 196.00 | WARN | |
r-devel-windows-x86_64-gcc10-UCRT | 1.0.0 | WARN | ||||
r-patched-linux-x86_64 | 1.0.0 | 47.93 | 89.70 | 137.63 | OK | |
r-patched-solaris-x86 | 1.0.0 | 247.10 | NOTE | |||
r-release-linux-x86_64 | 1.0.0 | 40.44 | 90.45 | 130.89 | OK | |
r-release-macos-x86_64 | 1.0.0 | NOTE | ||||
r-release-windows-ix86+x86_64 | 1.0.0 | 73.00 | 117.00 | 190.00 | NOTE | |
r-oldrel-macos-x86_64 | 1.0.0 | NOTE | ||||
r-oldrel-windows-ix86+x86_64 | 1.0.0 | 60.00 | 111.00 | 171.00 | NOTE |
Version: 1.0.0
Check: LazyData
Result: WARN
LazyData DB of 6.4 MB without LazyDataCompression set
See §1.1.6 of 'Writing R Extensions'
Flavors: r-devel-linux-x86_64-debian-clang, r-devel-linux-x86_64-debian-gcc, r-devel-linux-x86_64-fedora-clang, r-devel-linux-x86_64-fedora-gcc, r-devel-windows-ix86+x86_64, r-devel-windows-x86_64-gcc10-UCRT
Version: 1.0.0
Check: installed package size
Result: NOTE
installed size is 6.8Mb
sub-directories of 1Mb or more:
data 6.4Mb
Flavors: r-devel-linux-x86_64-fedora-clang, r-devel-windows-ix86+x86_64, r-patched-solaris-x86, r-release-macos-x86_64, r-release-windows-ix86+x86_64, r-oldrel-macos-x86_64, r-oldrel-windows-ix86+x86_64
Version: 1.0.0
Check: dependencies in R code
Result: NOTE
Namespace in Imports field not imported from: ‘grDevices’
All declared Imports should be used.
Flavors: r-devel-linux-x86_64-fedora-clang, r-devel-linux-x86_64-fedora-gcc, r-devel-windows-x86_64-gcc10-UCRT, r-patched-solaris-x86, r-release-macos-x86_64, r-oldrel-macos-x86_64