CRAN Package Check Results for Package DEoptim

Last updated on 2016-09-26 08:49:14.

Flavor Version Tinstall Tcheck Ttotal Status Flags
r-devel-linux-x86_64-debian-clang 2.2-3 1.53 12.47 14.00 WARN
r-devel-linux-x86_64-debian-gcc 2.2-3 1.42 12.50 13.92 WARN
r-devel-linux-x86_64-fedora-clang 2.2-3 23.42 WARN
r-devel-linux-x86_64-fedora-gcc 2.2-3 22.01 WARN
r-devel-macos-x86_64-clang 2.2-3 19.49 WARN
r-devel-windows-ix86+x86_64 2.2-3 17.00 42.00 59.00 WARN
r-patched-linux-x86_64 2.2-3 1.30 12.26 13.57 NOTE
r-patched-solaris-sparc 2.2-3 129.00 NOTE
r-patched-solaris-x86 2.2-3 29.30 NOTE
r-release-linux-x86_64 2.2-3 1.39 12.85 14.24 NOTE
r-release-osx-x86_64-mavericks 2.2-3 NOTE
r-release-windows-ix86+x86_64 2.2-3 18.00 54.00 72.00 NOTE
r-oldrel-windows-ix86+x86_64 2.2-3 12.00 43.00 55.00 OK

Check Details

Version: 2.2-3
Check: R code for possible problems
Result: NOTE
    DEoptim : fnMapC: no visible global function definition for ‘runif’
    plot.DEoptim: no visible global function definition for ‘plot.new’
    plot.DEoptim: no visible global function definition for ‘par’
    plot.DEoptim: no visible global function definition for ‘devAskNewPage’
    plot.DEoptim: no visible global function definition for ‘plot’
    plot.DEoptim: no visible global function definition for ‘abline’
    plot.DEoptim: no visible global function definition for ‘matplot’
    Undefined global functions or variables:
     abline devAskNewPage matplot par plot plot.new runif
    Consider adding
     importFrom("grDevices", "devAskNewPage")
     importFrom("graphics", "abline", "matplot", "par", "plot", "plot.new")
     importFrom("stats", "runif")
    to your NAMESPACE file.
Flavors: r-devel-linux-x86_64-debian-clang, r-devel-linux-x86_64-debian-gcc, r-devel-linux-x86_64-fedora-clang, r-devel-linux-x86_64-fedora-gcc, r-devel-macos-x86_64-clang, r-devel-windows-ix86+x86_64, r-patched-linux-x86_64, r-patched-solaris-sparc, r-patched-solaris-x86, r-release-linux-x86_64, r-release-osx-x86_64-mavericks, r-release-windows-ix86+x86_64

Version: 2.2-3
Check: files in ‘vignettes’
Result: WARN
    Files in the 'vignettes' directory newer than all files in 'inst/doc':
     ‘DEoptim.tex’, ‘DEoptimPortfolioOptimization.tex’, ‘Makefile’
Flavors: r-devel-linux-x86_64-debian-clang, r-devel-linux-x86_64-debian-gcc, r-devel-linux-x86_64-fedora-clang, r-devel-linux-x86_64-fedora-gcc, r-devel-macos-x86_64-clang, r-devel-windows-ix86+x86_64