CRAN Package Check Results for Package DEoptim

Last updated on 2015-03-04 13:48:52.

Flavor Version Tinstall Tcheck Ttotal Status Flags
r-devel-linux-x86_64-debian-clang 2.2-3 1.21 12.46 13.67 OK
r-devel-linux-x86_64-debian-gcc 2.2-3 1.28 12.70 13.98 OK
r-devel-linux-x86_64-fedora-clang 2.2-3 26.42 OK
r-devel-linux-x86_64-fedora-gcc 2.2-3 25.03 OK
r-devel-osx-x86_64-clang 2.2-3 27.49 OK
r-devel-windows-ix86+x86_64 2.2-3 7.00 27.00 34.00 OK
r-patched-linux-x86_64 2.2-3 1.30 13.42 14.73 OK
r-patched-solaris-sparc 2.2-3 197.00 OK
r-patched-solaris-x86 2.2-3 39.60 OK
r-release-linux-ix86 2.2-3 1.90 21.58 23.47 OK
r-release-linux-x86_64 2.2-3 1.32 13.48 14.80 OK
r-release-osx-x86_64-mavericks 2.2-3 OK
r-release-osx-x86_64-snowleopard 2.2-2 WARN
r-release-windows-ix86+x86_64 2.2-3 8.00 29.00 37.00 OK
r-oldrel-windows-ix86+x86_64 2.2-3 9.00 28.00 37.00 OK

Check Details

Version: 2.2-2
Check: dependencies in R code
Result: WARN
    'library' or 'require' call not declared from: ‘parallel’
    ':::' calls which should be '::':
     ‘foreach:::getDoParRegistered’ ‘foreach:::getDoParWorkers’
     ‘foreach:::registerDoSEQ’ ‘parallel:::clusterCall’
     ‘parallel:::clusterExport’ ‘parallel:::detectCores’
     ‘parallel:::makeCluster’ ‘parallel:::parApply’
     ‘parallel:::stopCluster’
     See the note in ?`:::` about the use of this operator.
    See the information on DESCRIPTION files in the chapter ‘Creating R
    packages’ of the ‘Writing R Extensions’ manual.
Flavor: r-release-osx-x86_64-snowleopard

Version: 2.2-2
Check: R code for possible problems
Result: NOTE
    DEoptim : fnPop: no visible global function definition for ‘%dopar%’
    DEoptim : fnPop: no visible binding for global variable ‘foreach’
Flavor: r-release-osx-x86_64-snowleopard

Version: 2.2-2
Check: for GNU extensions in Makefiles
Result: WARN
    Found the following file(s) containing GNU extensions:
     vignettes/Makefile
    Portable Makefiles do not use GNU extensions such as +=, :=, $(shell),
    $(wildcard), ifeq ... endif. See section ‘Writing portable packages’ in
    the ‘Writing R Extensions’ manual.
Flavor: r-release-osx-x86_64-snowleopard