CRAN Package Check Results for Package DEoptim

Last updated on 2015-08-30 23:47:37.

Flavor Version Tinstall Tcheck Ttotal Status Flags
r-devel-linux-x86_64-debian-clang 2.2-3 1.15 12.22 13.36 NOTE
r-devel-linux-x86_64-debian-gcc 2.2-3 1.46 11.74 13.20 NOTE
r-devel-linux-x86_64-fedora-clang 2.2-3 25.18 NOTE
r-devel-linux-x86_64-fedora-gcc 2.2-3 23.15 NOTE
r-devel-osx-x86_64-clang 2.2-3 23.38 OK
r-devel-windows-ix86+x86_64 2.2-3 13.00 30.00 43.00 NOTE
r-patched-linux-x86_64 2.2-3 1.32 12.62 13.94 OK
r-patched-solaris-sparc 2.2-3 163.60 OK
r-patched-solaris-x86 2.2-3 38.50 OK
r-release-linux-x86_64 2.2-3 1.26 12.17 13.43 OK
r-release-osx-x86_64-mavericks 2.2-3 OK
r-release-windows-ix86+x86_64 2.2-3 12.00 28.00 40.00 OK
r-oldrel-windows-ix86+x86_64 2.2-3 14.00 30.00 44.00 OK

Check Details

Version: 2.2-3
Check: R code for possible problems
Result: NOTE
    DEoptim : fnMapC: no visible global function definition for ‘runif’
    plot.DEoptim: no visible global function definition for ‘plot.new’
    plot.DEoptim: no visible global function definition for ‘par’
    plot.DEoptim: no visible global function definition for ‘devAskNewPage’
    plot.DEoptim: no visible global function definition for ‘plot’
    plot.DEoptim: no visible global function definition for ‘abline’
    plot.DEoptim: no visible global function definition for ‘matplot’
    Undefined global functions or variables:
     abline devAskNewPage matplot par plot plot.new runif
    Consider adding
     importFrom("grDevices", "devAskNewPage")
     importFrom("graphics", "abline", "matplot", "par", "plot", "plot.new")
     importFrom("stats", "runif")
    to your NAMESPACE.
Flavors: r-devel-linux-x86_64-debian-clang, r-devel-linux-x86_64-debian-gcc, r-devel-linux-x86_64-fedora-clang, r-devel-linux-x86_64-fedora-gcc, r-devel-windows-ix86+x86_64