CRAN Package Check Results for Package DEoptim

Last updated on 2017-10-17 01:47:52.

Flavor Version Tinstall Tcheck Ttotal Status Flags
r-devel-linux-x86_64-debian-clang 2.2-4 1.56 29.62 31.18 NOTE
r-devel-linux-x86_64-debian-gcc 2.2-4 1.63 29.11 30.74 NOTE
r-devel-linux-x86_64-fedora-clang 2.2-4 47.95 NOTE
r-devel-linux-x86_64-fedora-gcc 2.2-4 46.14 NOTE
r-devel-windows-ix86+x86_64 2.2-4 13.00 65.00 78.00 OK
r-patched-linux-x86_64 2.2-4 1.56 25.45 27.01 NOTE
r-patched-solaris-x86 2.2-4 63.30 OK
r-release-linux-x86_64 2.2-4 1.57 26.07 27.64 NOTE
r-release-windows-ix86+x86_64 2.2-4 12.00 90.00 102.00 OK
r-release-osx-x86_64 2.2-4 OK
r-oldrel-windows-ix86+x86_64 2.2-4 11.00 93.00 104.00 OK
r-oldrel-osx-x86_64 2.2-4 OK

Check Details

Version: 2.2-4
Check: compiled code
Result: NOTE
    File ‘DEoptim/libs/DEoptim.so’:
     Found no calls to: ‘R_registerRoutines’, ‘R_useDynamicSymbols’
    
    It is good practice to register native routines and to disable symbol
    search.
    
    See ‘Writing portable packages’ in the ‘Writing R Extensions’ manual.
Flavors: r-devel-linux-x86_64-debian-clang, r-devel-linux-x86_64-debian-gcc, r-devel-linux-x86_64-fedora-clang, r-devel-linux-x86_64-fedora-gcc, r-patched-linux-x86_64, r-release-linux-x86_64