CRAN Package Check Results for Package DEoptim

Last updated on 2016-07-26 18:48:12.

Flavor Version Tinstall Tcheck Ttotal Status Flags
r-devel-linux-x86_64-debian-clang 2.2-3 1.74 15.27 17.01 NOTE
r-devel-linux-x86_64-debian-gcc 2.2-3 1.76 14.07 15.83 NOTE
r-devel-linux-x86_64-fedora-clang 2.2-3 26.33 NOTE
r-devel-linux-x86_64-fedora-gcc 2.2-3 21.09 NOTE
r-devel-osx-x86_64-clang 2.2-3 19.32 NOTE
r-devel-windows-ix86+x86_64 2.2-3 8.00 44.00 52.00 NOTE
r-patched-linux-x86_64 2.2-3 1.76 15.10 16.86 NOTE
r-patched-solaris-sparc 2.2-3 129.00 NOTE
r-patched-solaris-x86 2.2-3 29.60 NOTE
r-release-linux-x86_64 2.2-3 1.78 15.27 17.04 NOTE
r-release-osx-x86_64-mavericks 2.2-3 NOTE
r-release-windows-ix86+x86_64 2.2-3 10.00 42.00 52.00 NOTE
r-oldrel-windows-ix86+x86_64 2.2-3 36.00 43.00 79.00 OK

Check Details

Version: 2.2-3
Check: R code for possible problems
Result: NOTE
    DEoptim : fnMapC: no visible global function definition for ‘runif’
    plot.DEoptim: no visible global function definition for ‘plot.new’
    plot.DEoptim: no visible global function definition for ‘par’
    plot.DEoptim: no visible global function definition for ‘devAskNewPage’
    plot.DEoptim: no visible global function definition for ‘plot’
    plot.DEoptim: no visible global function definition for ‘abline’
    plot.DEoptim: no visible global function definition for ‘matplot’
    Undefined global functions or variables:
     abline devAskNewPage matplot par plot plot.new runif
    Consider adding
     importFrom("grDevices", "devAskNewPage")
     importFrom("graphics", "abline", "matplot", "par", "plot", "plot.new")
     importFrom("stats", "runif")
    to your NAMESPACE file.
Flavors: r-devel-linux-x86_64-debian-clang, r-devel-linux-x86_64-debian-gcc, r-devel-linux-x86_64-fedora-clang, r-devel-linux-x86_64-fedora-gcc, r-devel-osx-x86_64-clang, r-devel-windows-ix86+x86_64, r-patched-linux-x86_64, r-patched-solaris-sparc, r-patched-solaris-x86, r-release-linux-x86_64, r-release-osx-x86_64-mavericks, r-release-windows-ix86+x86_64