CRAN Package Check Results for Package DEoptim

Last updated on 2017-02-20 10:48:24.

Flavor Version Tinstall Tcheck Ttotal Status Flags
r-devel-linux-x86_64-debian-clang 2.2-4 2.15 25.98 28.13 NOTE
r-devel-linux-x86_64-debian-gcc 2.2-4 1.49 25.66 27.14 NOTE
r-devel-linux-x86_64-fedora-clang 2.2-4 43.97 NOTE --no-stop-on-test-error
r-devel-linux-x86_64-fedora-gcc 2.2-4 43.70 NOTE --no-stop-on-test-error
r-devel-macos-x86_64-clang 2.2-4 41.90 NOTE --no-stop-on-test-error
r-devel-windows-ix86+x86_64 2.2-4 8.00 89.00 97.00 OK
r-patched-linux-x86_64 2.2-4 1.27 21.99 23.26 OK
r-patched-solaris-sparc 2.2-4 247.40 OK
r-patched-solaris-x86 2.2-4 56.50 OK
r-release-linux-x86_64 2.2-4 1.45 22.04 23.49 OK
r-release-osx-x86_64-mavericks 2.2-4 OK
r-release-windows-ix86+x86_64 2.2-4 7.00 65.00 72.00 OK
r-oldrel-windows-ix86+x86_64 2.2-4 8.00 78.00 86.00 OK

Check Details

Version: 2.2-4
Check: compiled code
Result: NOTE
    File ‘DEoptim/libs/DEoptim.so’:
     Found no calls to: ‘R_registerRoutines’, ‘R_useDynamicSymbols’
    
    It is good practice to register native routines and to disable symbol
    search.
    
    See ‘Writing portable packages’ in the ‘Writing R Extensions’ manual.
Flavors: r-devel-linux-x86_64-debian-clang, r-devel-linux-x86_64-debian-gcc

Version: 2.2-4
Flags: --no-stop-on-test-error
Check: compiled code
Result: NOTE
    File ‘DEoptim/libs/DEoptim.so’:
     Found no calls to: ‘R_registerRoutines’, ‘R_useDynamicSymbols’
    
    It is good practice to register native routines and to disable symbol
    search.
    
    See ‘Writing portable packages’ in the ‘Writing R Extensions’ manual.
Flavors: r-devel-linux-x86_64-fedora-clang, r-devel-linux-x86_64-fedora-gcc, r-devel-macos-x86_64-clang