CRAN Package Check Results for Package DEoptim

Last updated on 2014-09-20 03:48:38.

Flavor Version Tinstall Tcheck Ttotal Status Flags
r-devel-linux-x86_64-debian-clang 2.2-2 1.31 13.12 14.43 WARN
r-devel-linux-x86_64-debian-gcc 2.2-2 1.28 12.84 14.11 WARN
r-devel-linux-x86_64-fedora-clang 2.2-2 29.02 WARN
r-devel-linux-x86_64-fedora-gcc 2.2-2 32.41 WARN
r-devel-osx-x86_64-clang 2.2-2 30.47 WARN
r-devel-windows-ix86+x86_64 2.2-2 6.00 26.00 32.00 WARN
r-patched-linux-x86_64 2.2-2 1.35 12.85 14.20 WARN
r-patched-solaris-sparc 2.2-2 172.90 WARN
r-patched-solaris-x86 2.2-2 38.10 WARN
r-release-linux-ix86 2.2-2 1.96 19.50 21.46 NOTE
r-release-linux-x86_64 2.2-2 1.37 13.32 14.69 NOTE
r-release-osx-x86_64-mavericks 2.2-2 NOTE
r-release-windows-ix86+x86_64 2.2-2 8.00 27.00 35.00 NOTE
r-oldrel-windows-ix86+x86_64 2.2-2 7.00 30.00 37.00 NOTE

Check Details

Version: 2.2-2
Check: top-level files
Result: NOTE
    Non-standard file/directory found at top level:
     ‘COPYRIGHTS’
    Copyright information should be in file inst/COPYRIGHTS
Flavors: r-devel-linux-x86_64-debian-clang, r-devel-linux-x86_64-debian-gcc, r-devel-linux-x86_64-fedora-clang, r-devel-linux-x86_64-fedora-gcc, r-patched-linux-x86_64, r-release-linux-x86_64

Version: 2.2-2
Check: dependencies in R code
Result: WARN
    'library' or 'require' call not declared from: ‘parallel’
    ':::' calls which should be '::':
     ‘foreach:::getDoParRegistered’ ‘foreach:::getDoParWorkers’
     ‘foreach:::registerDoSEQ’ ‘parallel:::clusterCall’
     ‘parallel:::clusterExport’ ‘parallel:::detectCores’
     ‘parallel:::makeCluster’ ‘parallel:::parApply’
     ‘parallel:::stopCluster’
     See the note in ?`:::` about the use of this operator.
    See the information on DESCRIPTION files in the chapter ‘Creating R
    packages’ of the ‘Writing R Extensions’ manual.
Flavors: r-devel-linux-x86_64-debian-clang, r-devel-linux-x86_64-debian-gcc, r-devel-linux-x86_64-fedora-clang, r-devel-linux-x86_64-fedora-gcc, r-devel-osx-x86_64-clang, r-devel-windows-ix86+x86_64, r-patched-linux-x86_64, r-patched-solaris-sparc, r-patched-solaris-x86

Version: 2.2-2
Check: R code for possible problems
Result: NOTE
    DEoptim : fnPop: no visible global function definition for ‘%dopar%’
    DEoptim : fnPop: no visible binding for global variable ‘foreach’
Flavors: r-devel-linux-x86_64-debian-clang, r-devel-linux-x86_64-debian-gcc, r-devel-linux-x86_64-fedora-clang, r-devel-linux-x86_64-fedora-gcc, r-devel-osx-x86_64-clang, r-devel-windows-ix86+x86_64

Version: 2.2-2
Check: re-building of vignette outputs
Result: NOTE
    Error in re-building vignettes:
     ...
    make: Fatal error in reader: Makefile, line 2: Unexpected end of line seen
    Current working directory /home/ripley/R/packages/tests32/DEoptim.Rcheck/vign_test/DEoptim/vignettes
    Error in buildVignettes(dir = "/home/ripley/R/packages/tests32/DEoptim.Rcheck/vign_test/DEoptim") :
     running 'make' failed
    Execution halted
Flavors: r-patched-solaris-sparc, r-patched-solaris-x86

Version: 2.2-2
Check: dependencies in R code
Result: NOTE
    ':::' calls which should be '::':
     ‘foreach:::getDoParRegistered’ ‘foreach:::getDoParWorkers’
     ‘foreach:::registerDoSEQ’ ‘parallel:::clusterCall’
     ‘parallel:::clusterExport’ ‘parallel:::detectCores’
     ‘parallel:::makeCluster’ ‘parallel:::parApply’
     ‘parallel:::stopCluster’
     See the note in ?`:::` about the use of this operator.
    See the information on DESCRIPTION files in the chapter ‘Creating R
    packages’ of the ‘Writing R Extensions’ manual.
Flavors: r-release-linux-ix86, r-release-linux-x86_64, r-release-osx-x86_64-mavericks, r-release-windows-ix86+x86_64, r-oldrel-windows-ix86+x86_64