CRAN Package Check Results for Package DEoptim

Last updated on 2017-08-18 12:52:17.

Flavor Version Tinstall Tcheck Ttotal Status Flags
r-devel-linux-x86_64-debian-clang 2.2-4 1.61 25.38 26.99 NOTE
r-devel-linux-x86_64-debian-gcc 2.2-4 1.59 26.03 27.62 NOTE
r-devel-linux-x86_64-fedora-clang 2.2-4 46.49 NOTE
r-devel-linux-x86_64-fedora-gcc 2.2-4 47.47 NOTE
r-devel-windows-ix86+x86_64 2.2-4 8.00 62.00 70.00 OK
r-patched-linux-x86_64 2.2-4 1.48 25.11 26.59 NOTE
r-patched-solaris-x86 2.2-4 62.30 OK
r-release-linux-x86_64 2.2-4 1.62 25.30 26.92 NOTE
r-release-windows-ix86+x86_64 2.2-4 13.00 101.00 114.00 OK
r-release-osx-x86_64 2.2-4 OK
r-oldrel-windows-ix86+x86_64 2.2-4 8.00 60.00 68.00 OK
r-oldrel-osx-x86_64 2.2-4 OK

Check Details

Version: 2.2-4
Check: compiled code
Result: NOTE
    File ‘DEoptim/libs/DEoptim.so’:
     Found no calls to: ‘R_registerRoutines’, ‘R_useDynamicSymbols’
    
    It is good practice to register native routines and to disable symbol
    search.
    
    See ‘Writing portable packages’ in the ‘Writing R Extensions’ manual.
Flavors: r-devel-linux-x86_64-debian-clang, r-devel-linux-x86_64-debian-gcc, r-devel-linux-x86_64-fedora-clang, r-devel-linux-x86_64-fedora-gcc, r-patched-linux-x86_64, r-release-linux-x86_64