CRAN Package Check Results for Package DEoptim

Last updated on 2017-03-29 03:50:22.

Flavor Version Tinstall Tcheck Ttotal Status Flags
r-devel-linux-x86_64-debian-clang 2.2-4 1.74 25.44 27.18 NOTE
r-devel-linux-x86_64-debian-gcc 2.2-4 1.51 25.54 27.04 NOTE
r-devel-linux-x86_64-fedora-clang 2.2-4 45.04 NOTE --no-stop-on-test-error
r-devel-linux-x86_64-fedora-gcc 2.2-4 47.74 NOTE --no-stop-on-test-error
r-devel-macos-x86_64-clang 2.2-4 40.40 NOTE --no-stop-on-test-error
r-devel-windows-ix86+x86_64 2.2-4 19.00 88.00 107.00 OK
r-patched-linux-x86_64 2.2-4 1.45 25.08 26.53 NOTE
r-patched-solaris-sparc 2.2-4 279.10 OK
r-patched-solaris-x86 2.2-4 60.90 OK
r-release-linux-x86_64 2.2-4 1.29 22.24 23.54 OK
r-release-osx-x86_64-mavericks 2.2-4 OK
r-release-windows-ix86+x86_64 2.2-4 10.00 136.00 146.00 OK
r-oldrel-windows-ix86+x86_64 2.2-4 9.00 72.00 81.00 OK

Check Details

Version: 2.2-4
Check: compiled code
Result: NOTE
    File ‘DEoptim/libs/DEoptim.so’:
     Found no calls to: ‘R_registerRoutines’, ‘R_useDynamicSymbols’
    
    It is good practice to register native routines and to disable symbol
    search.
    
    See ‘Writing portable packages’ in the ‘Writing R Extensions’ manual.
Flavors: r-devel-linux-x86_64-debian-clang, r-devel-linux-x86_64-debian-gcc, r-patched-linux-x86_64

Version: 2.2-4
Flags: --no-stop-on-test-error
Check: compiled code
Result: NOTE
    File ‘DEoptim/libs/DEoptim.so’:
     Found no calls to: ‘R_registerRoutines’, ‘R_useDynamicSymbols’
    
    It is good practice to register native routines and to disable symbol
    search.
    
    See ‘Writing portable packages’ in the ‘Writing R Extensions’ manual.
Flavors: r-devel-linux-x86_64-fedora-clang, r-devel-linux-x86_64-fedora-gcc, r-devel-macos-x86_64-clang