CRAN Package Check Results for Package DEoptim

Last updated on 2018-05-22 13:46:23 CEST.

Flavor Version Tinstall Tcheck Ttotal Status Flags
r-devel-linux-x86_64-debian-clang 2.2-4 2.53 37.71 40.24 NOTE
r-devel-linux-x86_64-debian-gcc 2.2-4 1.75 28.96 30.71 NOTE
r-devel-linux-x86_64-fedora-clang 2.2-4 52.14 NOTE
r-devel-linux-x86_64-fedora-gcc 2.2-4 48.79 NOTE
r-devel-windows-ix86+x86_64 2.2-4 13.00 70.00 83.00 OK
r-patched-linux-x86_64 2.2-4 2.47 36.01 38.48 NOTE
r-patched-solaris-x86 2.2-4 75.00 OK
r-release-linux-x86_64 2.2-4 2.11 36.33 38.44 NOTE
r-release-windows-ix86+x86_64 2.2-4 12.00 99.00 111.00 OK
r-release-osx-x86_64 2.2-4 OK
r-oldrel-windows-ix86+x86_64 2.2-4 11.00 94.00 105.00 OK
r-oldrel-osx-x86_64 2.2-4 OK

Check Details

Version: 2.2-4
Check: compiled code
Result: NOTE
    File ‘DEoptim/libs/DEoptim.so’:
     Found no calls to: ‘R_registerRoutines’, ‘R_useDynamicSymbols’
    
    It is good practice to register native routines and to disable symbol
    search.
    
    See ‘Writing portable packages’ in the ‘Writing R Extensions’ manual.
Flavors: r-devel-linux-x86_64-debian-clang, r-devel-linux-x86_64-debian-gcc, r-devel-linux-x86_64-fedora-clang, r-devel-linux-x86_64-fedora-gcc, r-patched-linux-x86_64, r-release-linux-x86_64