CRAN Package Check Results for Package DEoptim

Last updated on 2014-04-24 07:52:25.

Flavor Version Tinstall Tcheck Ttotal Status Flags
r-devel-linux-x86_64-debian-clang 2.2-2 1.19 12.55 13.74 NOTE
r-devel-linux-x86_64-debian-gcc 2.2-2 1.29 12.06 13.36 NOTE
r-devel-linux-x86_64-fedora-clang 2.2-2 29.84 NOTE
r-devel-linux-x86_64-fedora-gcc 2.2-2 29.32 NOTE
r-devel-osx-x86_64-clang 2.2-2 28.38 NOTE
r-devel-osx-x86_64-gcc 2.2-2 NOTE
r-devel-windows-ix86+x86_64 2.2-2 7.00 27.00 34.00 NOTE
r-patched-linux-x86_64 2.2-2 1.31 12.04 13.35 NOTE
r-patched-solaris-sparc 2.2-2 152.20 NOTE
r-patched-solaris-x86 2.2-2 40.30 NOTE
r-release-linux-ix86 2.2-2 2.00 29.00 31.00 NOTE
r-release-linux-x86_64 2.2-2 1.34 12.06 13.40 NOTE
r-release-osx-x86_64-mavericks 2.2-2 NOTE
r-release-windows-ix86+x86_64 2.2-2 8.00 28.00 36.00 NOTE
r-oldrel-windows-ix86+x86_64 2.2-2 7.00 29.00 36.00 NOTE

Check Details

Version: 2.2-2
Check: dependencies in R code
Result: NOTE
    ':::' calls which should be '::':
     ‘foreach:::getDoParRegistered’ ‘foreach:::getDoParWorkers’
     ‘foreach:::registerDoSEQ’ ‘parallel:::clusterCall’
     ‘parallel:::clusterExport’ ‘parallel:::detectCores’
     ‘parallel:::makeCluster’ ‘parallel:::parApply’
     ‘parallel:::stopCluster’
     See the note in ?`:::` about the use of this operator.
    See the information on DESCRIPTION files in the chapter ‘Creating R
    packages’ of the ‘Writing R Extensions’ manual.
Flavors: r-devel-linux-x86_64-debian-clang, r-devel-linux-x86_64-debian-gcc, r-devel-linux-x86_64-fedora-clang, r-devel-linux-x86_64-fedora-gcc, r-devel-osx-x86_64-clang, r-devel-windows-ix86+x86_64, r-patched-linux-x86_64, r-patched-solaris-sparc, r-patched-solaris-x86, r-release-linux-ix86, r-release-linux-x86_64, r-release-osx-x86_64-mavericks, r-release-windows-ix86+x86_64, r-oldrel-windows-ix86+x86_64

Version: 2.2-2
Check: top-level files
Result: NOTE
    Non-standard file/directory found at top level:
     ‘COPYRIGHTS’
    Copyright information should be in file inst/COPYRIGHTS
Flavors: r-devel-linux-x86_64-fedora-clang, r-devel-linux-x86_64-fedora-gcc

Version: 2.2-2
Check: package dependencies
Result: NOTE
    Package suggested but not available for checking: ‘foreach’
Flavor: r-devel-osx-x86_64-gcc

Version: 2.2-2
Check: dependencies in R code
Result: NOTE
    ':::' calls which should be '::':
     ‘parallel:::clusterCall’ ‘parallel:::clusterExport’
     ‘parallel:::detectCores’ ‘parallel:::makeCluster’
     ‘parallel:::parApply’ ‘parallel:::stopCluster’
     See the note in ?`:::` about the use of this operator.
    Unavailable namespace imported from by a ':::' call: ‘foreach’
     See the note in ?`:::` about the use of this operator.
    See the information on DESCRIPTION files in the chapter ‘Creating R
    packages’ of the ‘Writing R Extensions’ manual.
Flavor: r-devel-osx-x86_64-gcc

Version: 2.2-2
Check: R code for possible problems
Result: NOTE
    DEoptim : fnPop: no visible global function definition for ‘%dopar%’
    DEoptim : fnPop: no visible binding for global variable ‘foreach’
Flavor: r-devel-osx-x86_64-gcc

Version: 2.2-2
Check: re-building of vignette outputs
Result: NOTE
    Error in re-building vignettes:
     ...
    make: Fatal error in reader: Makefile, line 2: Unexpected end of line seen
    Current working directory /home/ripley/R/packages/tests32/DEoptim.Rcheck/vign_test/DEoptim/vignettes
    Error in buildVignettes(dir = "/home/ripley/R/packages/tests32/DEoptim.Rcheck/vign_test/DEoptim") :
     running 'make' failed
    Execution halted
Flavors: r-patched-solaris-sparc, r-patched-solaris-x86