CRAN Package Check Results for Package DEoptim

Last updated on 2016-12-04 20:46:54.

Flavor Version Tinstall Tcheck Ttotal Status Flags
r-devel-linux-x86_64-debian-clang 2.2-3 1.68 14.74 16.43 WARN
r-devel-linux-x86_64-debian-gcc 2.2-3 1.51 14.79 16.29 WARN
r-devel-linux-x86_64-fedora-clang 2.2-3 27.99 WARN --no-stop-on-test-error
r-devel-linux-x86_64-fedora-gcc 2.2-3 27.71 WARN --no-stop-on-test-error
r-devel-macos-x86_64-clang 2.2-3 22.66 WARN
r-devel-windows-ix86+x86_64 2.2-3 24.00 50.00 74.00 WARN
r-patched-linux-x86_64 2.2-3 1.34 12.24 13.59 NOTE
r-patched-solaris-sparc 2.2-3 129.00 NOTE
r-patched-solaris-x86 2.2-3 30.60 NOTE
r-release-linux-x86_64 2.2-3 1.39 13.02 14.41 NOTE
r-release-osx-x86_64-mavericks 2.2-3 NOTE
r-release-windows-ix86+x86_64 2.2-3 13.00 34.00 47.00 NOTE
r-oldrel-windows-ix86+x86_64 2.2-3 34.00 35.00 69.00 OK

Check Details

Version: 2.2-3
Check: R code for possible problems
Result: NOTE
    DEoptim : fnMapC: no visible global function definition for ‘runif’
    plot.DEoptim: no visible global function definition for ‘plot.new’
    plot.DEoptim: no visible global function definition for ‘par’
    plot.DEoptim: no visible global function definition for ‘devAskNewPage’
    plot.DEoptim: no visible global function definition for ‘plot’
    plot.DEoptim: no visible global function definition for ‘abline’
    plot.DEoptim: no visible global function definition for ‘matplot’
    Undefined global functions or variables:
     abline devAskNewPage matplot par plot plot.new runif
    Consider adding
     importFrom("grDevices", "devAskNewPage")
     importFrom("graphics", "abline", "matplot", "par", "plot", "plot.new")
     importFrom("stats", "runif")
    to your NAMESPACE file.
Flavors: r-devel-linux-x86_64-debian-clang, r-devel-linux-x86_64-debian-gcc, r-devel-macos-x86_64-clang, r-devel-windows-ix86+x86_64, r-patched-linux-x86_64, r-patched-solaris-sparc, r-patched-solaris-x86, r-release-linux-x86_64, r-release-osx-x86_64-mavericks, r-release-windows-ix86+x86_64

Version: 2.2-3
Check: files in ‘vignettes’
Result: WARN
    Files in the 'vignettes' directory newer than all files in 'inst/doc':
     ‘DEoptim.tex’, ‘DEoptimPortfolioOptimization.tex’, ‘Makefile’
Flavors: r-devel-linux-x86_64-debian-clang, r-devel-linux-x86_64-debian-gcc, r-devel-macos-x86_64-clang, r-devel-windows-ix86+x86_64

Version: 2.2-3
Flags: --no-stop-on-test-error
Check: R code for possible problems
Result: NOTE
    DEoptim : fnMapC: no visible global function definition for ‘runif’
    plot.DEoptim: no visible global function definition for ‘plot.new’
    plot.DEoptim: no visible global function definition for ‘par’
    plot.DEoptim: no visible global function definition for ‘devAskNewPage’
    plot.DEoptim: no visible global function definition for ‘plot’
    plot.DEoptim: no visible global function definition for ‘abline’
    plot.DEoptim: no visible global function definition for ‘matplot’
    Undefined global functions or variables:
     abline devAskNewPage matplot par plot plot.new runif
    Consider adding
     importFrom("grDevices", "devAskNewPage")
     importFrom("graphics", "abline", "matplot", "par", "plot", "plot.new")
     importFrom("stats", "runif")
    to your NAMESPACE file.
Flavors: r-devel-linux-x86_64-fedora-clang, r-devel-linux-x86_64-fedora-gcc

Version: 2.2-3
Flags: --no-stop-on-test-error
Check: files in ‘vignettes’
Result: WARN
    Files in the 'vignettes' directory newer than all files in 'inst/doc':
     ‘DEoptim.tex’, ‘DEoptimPortfolioOptimization.tex’, ‘Makefile’
Flavors: r-devel-linux-x86_64-fedora-clang, r-devel-linux-x86_64-fedora-gcc