CRAN Package Check Results for Package DEoptim

Last updated on 2014-07-25 21:47:50.

Flavor Version Tinstall Tcheck Ttotal Status Flags
r-devel-linux-x86_64-debian-clang 2.2-2 1.13 11.55 12.68 NOTE
r-devel-linux-x86_64-debian-gcc 2.2-2 1.38 11.45 12.82 NOTE
r-devel-linux-x86_64-fedora-clang 2.2-2 29.06 NOTE
r-devel-linux-x86_64-fedora-gcc 2.2-2 28.40 NOTE
r-devel-osx-x86_64-clang 2.2-2 28.20 NOTE
r-devel-windows-ix86+x86_64 2.2-2 7.00 28.00 35.00 NOTE
r-patched-linux-x86_64 2.2-2 1.42 11.26 12.68 NOTE
r-patched-solaris-sparc 2.2-2 152.20 NOTE
r-patched-solaris-x86 2.2-2 43.10 NOTE
r-release-linux-ix86 2.2-2 2.02 19.34 21.36 NOTE
r-release-linux-x86_64 2.2-2 1.32 11.66 12.99 NOTE
r-release-osx-x86_64-mavericks 2.2-2 NOTE
r-release-windows-ix86+x86_64 2.2-2 8.00 26.00 34.00 NOTE
r-oldrel-windows-ix86+x86_64 2.2-2 8.00 28.00 36.00 NOTE

Check Details

Version: 2.2-2
Check: dependencies in R code
Result: NOTE
    ':::' calls which should be '::':
     ‘foreach:::getDoParRegistered’ ‘foreach:::getDoParWorkers’
     ‘foreach:::registerDoSEQ’ ‘parallel:::clusterCall’
     ‘parallel:::clusterExport’ ‘parallel:::detectCores’
     ‘parallel:::makeCluster’ ‘parallel:::parApply’
     ‘parallel:::stopCluster’
     See the note in ?`:::` about the use of this operator.
    See the information on DESCRIPTION files in the chapter ‘Creating R
    packages’ of the ‘Writing R Extensions’ manual.
Flavors: r-devel-linux-x86_64-debian-clang, r-devel-linux-x86_64-debian-gcc, r-devel-linux-x86_64-fedora-clang, r-devel-linux-x86_64-fedora-gcc, r-devel-osx-x86_64-clang, r-devel-windows-ix86+x86_64, r-patched-linux-x86_64, r-patched-solaris-sparc, r-patched-solaris-x86, r-release-linux-ix86, r-release-linux-x86_64, r-release-osx-x86_64-mavericks, r-release-windows-ix86+x86_64, r-oldrel-windows-ix86+x86_64

Version: 2.2-2
Check: top-level files
Result: NOTE
    Non-standard file/directory found at top level:
     ‘COPYRIGHTS’
    Copyright information should be in file inst/COPYRIGHTS
Flavors: r-devel-linux-x86_64-fedora-clang, r-devel-linux-x86_64-fedora-gcc

Version: 2.2-2
Check: re-building of vignette outputs
Result: NOTE
    Error in re-building vignettes:
     ...
    make: Fatal error in reader: Makefile, line 2: Unexpected end of line seen
    Current working directory /home/ripley/R/packages/tests32/DEoptim.Rcheck/vign_test/DEoptim/vignettes
    Error in buildVignettes(dir = "/home/ripley/R/packages/tests32/DEoptim.Rcheck/vign_test/DEoptim") :
     running 'make' failed
    Execution halted
Flavors: r-patched-solaris-sparc, r-patched-solaris-x86