CRAN Package Check Results for Package DEoptim

Last updated on 2017-12-16 05:47:46 CET.

Flavor Version Tinstall Tcheck Ttotal Status Flags
r-devel-linux-x86_64-debian-clang 2.2-4 1.80 38.68 40.48 NOTE
r-devel-linux-x86_64-debian-gcc 2.2-4 1.68 31.45 33.13 NOTE
r-devel-linux-x86_64-fedora-clang 2.2-4 46.79 NOTE
r-devel-linux-x86_64-fedora-gcc 2.2-4 45.03 NOTE
r-devel-windows-ix86+x86_64 2.2-4 17.00 66.00 83.00 OK
r-patched-linux-x86_64 2.2-4 1.68 37.80 39.48 NOTE
r-patched-solaris-x86 2.2-4 60.90 OK
r-release-linux-x86_64 2.2-4 1.93 37.40 39.33 NOTE
r-release-windows-ix86+x86_64 2.2-4 9.00 59.00 68.00 OK
r-release-osx-x86_64 2.2-4 OK
r-oldrel-windows-ix86+x86_64 2.2-4 13.00 62.00 75.00 OK
r-oldrel-osx-x86_64 2.2-4 OK

Check Details

Version: 2.2-4
Check: compiled code
Result: NOTE
    File ‘DEoptim/libs/DEoptim.so’:
     Found no calls to: ‘R_registerRoutines’, ‘R_useDynamicSymbols’
    
    It is good practice to register native routines and to disable symbol
    search.
    
    See ‘Writing portable packages’ in the ‘Writing R Extensions’ manual.
Flavors: r-devel-linux-x86_64-debian-clang, r-devel-linux-x86_64-debian-gcc, r-devel-linux-x86_64-fedora-clang, r-devel-linux-x86_64-fedora-gcc, r-patched-linux-x86_64, r-release-linux-x86_64