CRAN Package Check Results for Package DEoptim

Last updated on 2017-05-25 06:47:40.

Flavor Version Tinstall Tcheck Ttotal Status Flags
r-devel-linux-x86_64-debian-clang 2.2-4 2.07 25.84 27.91 NOTE
r-devel-linux-x86_64-debian-gcc 2.2-4 1.56 25.64 27.20 NOTE
r-devel-linux-x86_64-fedora-clang 2.2-4 47.17 NOTE --no-stop-on-test-error
r-devel-linux-x86_64-fedora-gcc 2.2-4 44.61 NOTE --no-stop-on-test-error
r-devel-windows-ix86+x86_64 2.2-4 9.00 70.00 79.00 OK
r-patched-linux-x86_64 2.2-4 1.45 26.42 27.87 NOTE
r-patched-solaris-sparc 2.2-4 279.10 OK
r-patched-solaris-x86 2.2-4 61.20 OK
r-release-linux-x86_64 2.2-4 1.44 25.92 27.36 NOTE
r-release-windows-ix86+x86_64 2.2-4 11.00 127.00 138.00 OK
r-release-osx-x86_64 2.2-4 OK
r-oldrel-windows-ix86+x86_64 2.2-4 11.00 84.00 95.00 OK
r-oldrel-osx-x86_64 2.2-4 OK

Check Details

Version: 2.2-4
Check: compiled code
Result: NOTE
    File ‘DEoptim/libs/DEoptim.so’:
     Found no calls to: ‘R_registerRoutines’, ‘R_useDynamicSymbols’
    
    It is good practice to register native routines and to disable symbol
    search.
    
    See ‘Writing portable packages’ in the ‘Writing R Extensions’ manual.
Flavors: r-devel-linux-x86_64-debian-clang, r-devel-linux-x86_64-debian-gcc, r-patched-linux-x86_64, r-release-linux-x86_64

Version: 2.2-4
Flags: --no-stop-on-test-error
Check: compiled code
Result: NOTE
    File ‘DEoptim/libs/DEoptim.so’:
     Found no calls to: ‘R_registerRoutines’, ‘R_useDynamicSymbols’
    
    It is good practice to register native routines and to disable symbol
    search.
    
    See ‘Writing portable packages’ in the ‘Writing R Extensions’ manual.
Flavors: r-devel-linux-x86_64-fedora-clang, r-devel-linux-x86_64-fedora-gcc