CRAN Package Check Results for Package DEoptimR

Last updated on 2022-12-04 21:55:35 CET.

Flavor Version Tinstall Tcheck Ttotal Status Flags
r-devel-linux-x86_64-debian-clang 1.0-11 2.22 32.72 34.94 OK
r-devel-linux-x86_64-debian-gcc 1.0-11 1.47 24.61 26.08 OK
r-devel-linux-x86_64-fedora-clang 1.0-11 56.57 NOTE
r-devel-linux-x86_64-fedora-gcc 1.0-11 51.43 OK
r-devel-windows-x86_64 1.0-11 10.00 59.00 69.00 OK
r-patched-linux-x86_64 1.0-11 1.71 30.97 32.68 OK
r-release-linux-x86_64 1.0-11 1.69 30.41 32.10 OK
r-release-macos-arm64 1.0-11 17.00 OK
r-release-macos-x86_64 1.0-11 24.00 OK
r-release-windows-x86_64 1.0-11 5.00 53.00 58.00 OK
r-oldrel-macos-arm64 1.0-11 17.00 OK
r-oldrel-macos-x86_64 1.0-11 23.00 OK
r-oldrel-windows-ix86+x86_64 1.0-11 6.00 49.00 55.00 OK

Check Details

Version: 1.0-11
Check: Rd cross-references
Result: NOTE
    Undeclared package ‘DEoptim’ in Rd xrefs
Flavor: r-devel-linux-x86_64-fedora-clang