CRAN Package Check Results for Package DFIT

Last updated on 2016-04-30 11:48:58.

Flavor Version Tinstall Tcheck Ttotal Status Flags
r-devel-linux-x86_64-debian-gcc 1.0-2 1.23 20.80 22.03 NOTE
r-devel-linux-x86_64-fedora-clang 1.0-2 41.81 NOTE
r-devel-linux-x86_64-fedora-gcc 1.0-2 37.42 NOTE
r-devel-osx-x86_64-clang 1.0-2 45.58 NOTE
r-devel-windows-ix86+x86_64 1.0-2 4.00 46.00 50.00 NOTE
r-patched-linux-x86_64 1.0-2 1.11 20.80 21.91 NOTE
r-patched-solaris-sparc 1.0-2 259.30 NOTE
r-patched-solaris-x86 1.0-2 53.70 NOTE
r-release-linux-x86_64 1.0-2 1.29 22.09 23.38 OK
r-release-osx-x86_64-mavericks 1.0-2 OK
r-release-windows-ix86+x86_64 1.0-2 4.00 39.00 43.00 OK
r-oldrel-windows-ix86+x86_64 1.0-2 10.00 78.00 88.00 OK

Check Details

Version: 1.0-2
Check: R code for possible problems
Result: NOTE
    Ase1pl: no visible global function definition for ‘integrate’
    Ase2pl: no visible global function definition for ‘integrate’
    Ase3pl: no visible global function definition for ‘integrate’
    Ase3pl: no visible global function definition for ‘qnorm’
    Calculate1plProb: no visible global function definition for ‘plogis’
    Calculate2plProb: no visible global function definition for ‘plogis’
    Calculate3plProb: no visible global function definition for ‘plogis’
    CalculateGrmExp: no visible global function definition for ‘plogis’
    Cdif: no visible global function definition for ‘integrate’
    CrossedProbabilities: no visible global function definition for
     ‘plogis’
    CutoffIpr: no visible binding for global variable ‘quantile’
    IrtMh: no visible global function definition for ‘integrate’
    Ncdif: no visible global function definition for ‘integrate’
    PlotNcdif: no visible global function definition for ‘density’
    ProductProbabilities: no visible global function definition for
     ‘plogis’
    SignedArea: no visible global function definition for ‘integrate’
    UnsignedArea: no visible global function definition for ‘integrate’
    Undefined global functions or variables:
     density integrate plogis qnorm quantile
    Consider adding
     importFrom("stats", "density", "integrate", "plogis", "qnorm",
     "quantile")
    to your NAMESPACE file.
Flavors: r-devel-linux-x86_64-debian-gcc, r-devel-linux-x86_64-fedora-clang, r-devel-linux-x86_64-fedora-gcc, r-devel-osx-x86_64-clang, r-devel-windows-ix86+x86_64, r-patched-linux-x86_64, r-patched-solaris-sparc, r-patched-solaris-x86