CRAN Package Check Results for Package DFIT

Last updated on 2016-12-10 04:47:37.

Flavor Version Tinstall Tcheck Ttotal Status Flags
r-devel-linux-x86_64-debian-clang 1.0-2 1.27 26.44 27.71 NOTE
r-devel-linux-x86_64-debian-gcc 1.0-2 1.39 26.98 28.37 NOTE
r-devel-linux-x86_64-fedora-clang 1.0-2 51.65 NOTE --no-stop-on-test-error
r-devel-linux-x86_64-fedora-gcc 1.0-2 50.99 NOTE --no-stop-on-test-error
r-devel-macos-x86_64-clang 1.0-2 41.43 NOTE --no-stop-on-test-error
r-devel-windows-ix86+x86_64 1.0-2 5.00 51.00 56.00 NOTE
r-patched-linux-x86_64 1.0-2 1.24 23.21 24.45 NOTE
r-patched-solaris-sparc 1.0-2 281.50 NOTE
r-patched-solaris-x86 1.0-2 54.50 NOTE
r-release-linux-x86_64 1.0-2 1.40 23.22 24.62 NOTE
r-release-osx-x86_64-mavericks 1.0-2 NOTE
r-release-windows-ix86+x86_64 1.0-2 4.00 45.00 49.00 NOTE
r-oldrel-windows-ix86+x86_64 1.0-2 9.00 58.00 67.00 OK

Check Details

Version: 1.0-2
Check: R code for possible problems
Result: NOTE
    Ase1pl: no visible global function definition for ‘integrate’
    Ase2pl: no visible global function definition for ‘integrate’
    Ase3pl: no visible global function definition for ‘integrate’
    Ase3pl: no visible global function definition for ‘qnorm’
    Calculate1plProb: no visible global function definition for ‘plogis’
    Calculate2plProb: no visible global function definition for ‘plogis’
    Calculate3plProb: no visible global function definition for ‘plogis’
    CalculateGrmExp: no visible global function definition for ‘plogis’
    Cdif: no visible global function definition for ‘integrate’
    CrossedProbabilities: no visible global function definition for
     ‘plogis’
    CutoffIpr: no visible binding for global variable ‘quantile’
    IrtMh: no visible global function definition for ‘integrate’
    Ncdif: no visible global function definition for ‘integrate’
    PlotNcdif: no visible global function definition for ‘density’
    ProductProbabilities: no visible global function definition for
     ‘plogis’
    SignedArea: no visible global function definition for ‘integrate’
    UnsignedArea: no visible global function definition for ‘integrate’
    Undefined global functions or variables:
     density integrate plogis qnorm quantile
    Consider adding
     importFrom("stats", "density", "integrate", "plogis", "qnorm",
     "quantile")
    to your NAMESPACE file.
Flavors: r-devel-linux-x86_64-debian-clang, r-devel-linux-x86_64-debian-gcc, r-devel-windows-ix86+x86_64, r-patched-linux-x86_64, r-patched-solaris-sparc, r-patched-solaris-x86, r-release-linux-x86_64, r-release-osx-x86_64-mavericks, r-release-windows-ix86+x86_64

Version: 1.0-2
Flags: --no-stop-on-test-error
Check: R code for possible problems
Result: NOTE
    Ase1pl: no visible global function definition for ‘integrate’
    Ase2pl: no visible global function definition for ‘integrate’
    Ase3pl: no visible global function definition for ‘integrate’
    Ase3pl: no visible global function definition for ‘qnorm’
    Calculate1plProb: no visible global function definition for ‘plogis’
    Calculate2plProb: no visible global function definition for ‘plogis’
    Calculate3plProb: no visible global function definition for ‘plogis’
    CalculateGrmExp: no visible global function definition for ‘plogis’
    Cdif: no visible global function definition for ‘integrate’
    CrossedProbabilities: no visible global function definition for
     ‘plogis’
    CutoffIpr: no visible binding for global variable ‘quantile’
    IrtMh: no visible global function definition for ‘integrate’
    Ncdif: no visible global function definition for ‘integrate’
    PlotNcdif: no visible global function definition for ‘density’
    ProductProbabilities: no visible global function definition for
     ‘plogis’
    SignedArea: no visible global function definition for ‘integrate’
    UnsignedArea: no visible global function definition for ‘integrate’
    Undefined global functions or variables:
     density integrate plogis qnorm quantile
    Consider adding
     importFrom("stats", "density", "integrate", "plogis", "qnorm",
     "quantile")
    to your NAMESPACE file.
Flavors: r-devel-linux-x86_64-fedora-clang, r-devel-linux-x86_64-fedora-gcc, r-devel-macos-x86_64-clang