CRAN Package Check Results for Package DFIT

Last updated on 2015-08-05 03:47:59.

Flavor Version Tinstall Tcheck Ttotal Status Flags
r-devel-linux-x86_64-debian-clang 1.0-2 1.43 22.62 24.04 NOTE
r-devel-linux-x86_64-debian-gcc 1.0-2 1.28 21.82 23.10 NOTE
r-devel-linux-x86_64-fedora-clang 1.0-2 47.74 NOTE
r-devel-linux-x86_64-fedora-gcc 1.0-2 43.95 NOTE
r-devel-osx-x86_64-clang 1.0-2 42.77 OK
r-devel-windows-ix86+x86_64 1.0-2 11.00 43.00 54.00 NOTE
r-patched-linux-x86_64 1.0-2 1.27 21.58 22.85 OK
r-patched-solaris-sparc 1.0-2 305.90 OK
r-patched-solaris-x86 1.0-2 63.90 OK
r-release-linux-x86_64 1.0-2 1.30 22.13 23.44 OK
r-release-osx-x86_64-mavericks 1.0-2 OK
r-release-windows-ix86+x86_64 1.0-2 8.00 41.00 49.00 OK
r-oldrel-windows-ix86+x86_64 1.0-2 15.00 67.00 82.00 OK

Check Details

Version: 1.0-2
Check: R code for possible problems
Result: NOTE
    Ase1pl: no visible global function definition for ‘integrate’
    Ase2pl: no visible global function definition for ‘integrate’
    Ase3pl: no visible global function definition for ‘integrate’
    Ase3pl: no visible global function definition for ‘qnorm’
    Calculate1plProb: no visible global function definition for ‘plogis’
    Calculate2plProb: no visible global function definition for ‘plogis’
    Calculate3plProb: no visible global function definition for ‘plogis’
    CalculateGrmExp: no visible global function definition for ‘plogis’
    Cdif: no visible global function definition for ‘integrate’
    CrossedProbabilities: no visible global function definition for
     ‘plogis’
    CutoffIpr: no visible binding for global variable ‘quantile’
    IrtMh: no visible global function definition for ‘integrate’
    Ncdif: no visible global function definition for ‘integrate’
    PlotNcdif: no visible global function definition for ‘density’
    ProductProbabilities: no visible global function definition for
     ‘plogis’
    SignedArea: no visible global function definition for ‘integrate’
    UnsignedArea: no visible global function definition for ‘integrate’
    Undefined global functions or variables:
     density integrate plogis qnorm quantile
    Consider adding
     importFrom("stats", "density", "integrate", "plogis", "qnorm",
     "quantile")
    to your NAMESPACE.
Flavors: r-devel-linux-x86_64-debian-clang, r-devel-linux-x86_64-debian-gcc, r-devel-linux-x86_64-fedora-clang, r-devel-linux-x86_64-fedora-gcc, r-devel-windows-ix86+x86_64