CRAN Package Check Results for Package DFIT

Last updated on 2016-07-27 02:46:56.

Flavor Version Tinstall Tcheck Ttotal Status Flags
r-devel-linux-x86_64-debian-clang 1.0-2 1.50 24.55 26.04 NOTE
r-devel-linux-x86_64-debian-gcc 1.0-2 1.37 26.69 28.06 NOTE
r-devel-linux-x86_64-fedora-clang 1.0-2 49.48 NOTE
r-devel-linux-x86_64-fedora-gcc 1.0-2 38.13 NOTE
r-devel-osx-x86_64-clang 1.0-2 35.00 NOTE
r-devel-windows-ix86+x86_64 1.0-2 7.00 45.00 52.00 NOTE
r-patched-linux-x86_64 1.0-2 1.38 24.60 25.98 NOTE
r-patched-solaris-sparc 1.0-2 264.80 NOTE
r-patched-solaris-x86 1.0-2 52.50 NOTE
r-release-linux-x86_64 1.0-2 1.42 24.88 26.30 NOTE
r-release-osx-x86_64-mavericks 1.0-2 NOTE
r-release-windows-ix86+x86_64 1.0-2 6.00 55.00 61.00 NOTE
r-oldrel-windows-ix86+x86_64 1.0-2 8.00 56.00 64.00 OK

Check Details

Version: 1.0-2
Check: R code for possible problems
Result: NOTE
    Ase1pl: no visible global function definition for ‘integrate’
    Ase2pl: no visible global function definition for ‘integrate’
    Ase3pl: no visible global function definition for ‘integrate’
    Ase3pl: no visible global function definition for ‘qnorm’
    Calculate1plProb: no visible global function definition for ‘plogis’
    Calculate2plProb: no visible global function definition for ‘plogis’
    Calculate3plProb: no visible global function definition for ‘plogis’
    CalculateGrmExp: no visible global function definition for ‘plogis’
    Cdif: no visible global function definition for ‘integrate’
    CrossedProbabilities: no visible global function definition for
     ‘plogis’
    CutoffIpr: no visible binding for global variable ‘quantile’
    IrtMh: no visible global function definition for ‘integrate’
    Ncdif: no visible global function definition for ‘integrate’
    PlotNcdif: no visible global function definition for ‘density’
    ProductProbabilities: no visible global function definition for
     ‘plogis’
    SignedArea: no visible global function definition for ‘integrate’
    UnsignedArea: no visible global function definition for ‘integrate’
    Undefined global functions or variables:
     density integrate plogis qnorm quantile
    Consider adding
     importFrom("stats", "density", "integrate", "plogis", "qnorm",
     "quantile")
    to your NAMESPACE file.
Flavors: r-devel-linux-x86_64-debian-clang, r-devel-linux-x86_64-debian-gcc, r-devel-linux-x86_64-fedora-clang, r-devel-linux-x86_64-fedora-gcc, r-devel-osx-x86_64-clang, r-devel-windows-ix86+x86_64, r-patched-linux-x86_64, r-patched-solaris-sparc, r-patched-solaris-x86, r-release-linux-x86_64, r-release-osx-x86_64-mavericks, r-release-windows-ix86+x86_64