CRAN Package Check Results for Package DGEobj.utils

Last updated on 2022-01-22 17:49:17 CET.

Flavor Version Tinstall Tcheck Ttotal Status Flags
r-devel-linux-x86_64-debian-clang 1.0.4 34.30 292.29 326.59 OK
r-devel-linux-x86_64-debian-gcc 1.0.4 26.80 217.42 244.22 OK
r-devel-linux-x86_64-fedora-clang 1.0.4 425.33 OK
r-devel-linux-x86_64-fedora-gcc 1.0.4 383.90 OK
r-devel-windows-x86_64-new-UL 1.0.4 28.00 9.00 37.00 ERROR
r-devel-windows-x86_64-new-TK 1.0.4 OK
r-patched-linux-x86_64 1.0.4 24.45 276.74 301.19 OK
r-release-linux-x86_64 1.0.4 22.65 276.56 299.21 OK
r-release-macos-arm64 1.0.4 NOTE
r-release-macos-x86_64 1.0.4 NOTE
r-release-windows-ix86+x86_64 1.0.4 69.00 318.00 387.00 OK
r-oldrel-macos-x86_64 1.0.4 NOTE
r-oldrel-windows-ix86+x86_64 1.0.4 64.00 298.00 362.00 OK

Check Details

Version: 1.0.4
Check: whether package can be installed
Result: ERROR
    Installation failed.
Flavor: r-devel-windows-x86_64-new-UL

Version: 1.0.4
Check: package dependencies
Result: NOTE
    Package suggested but not available for checking: ‘IHW’
Flavor: r-release-macos-arm64

Version: 1.0.4
Check: package dependencies
Result: NOTE
    Packages suggested but not available for checking:
     'IHW', 'RNASeqPower', 'zFPKM'
Flavors: r-release-macos-x86_64, r-oldrel-macos-x86_64