CRAN Package Check Results for Package DIDmultiplegt

Last updated on 2021-04-17 06:46:40 CEST.

Flavor Version Tinstall Tcheck Ttotal Status Flags
r-devel-linux-x86_64-debian-clang 0.1.0 6.03 129.86 135.89 NOTE
r-devel-linux-x86_64-debian-gcc 0.1.0 4.30 89.83 94.13 NOTE
r-devel-linux-x86_64-fedora-clang 0.1.0 159.98 NOTE
r-devel-linux-x86_64-fedora-gcc 0.1.0 158.12 NOTE
r-devel-windows-ix86+x86_64 0.1.0 16.00 151.00 167.00 NOTE
r-devel-windows-x86_64-gcc10-UCRT 0.1.0 NOTE
r-patched-linux-x86_64 0.1.0 5.41 121.30 126.71 OK
r-patched-solaris-x86 0.1.0 201.30 OK
r-release-linux-x86_64 0.1.0 5.95 120.09 126.04 OK
r-release-macos-x86_64 0.1.0 OK
r-release-windows-ix86+x86_64 0.1.0 22.00 168.00 190.00 OK
r-oldrel-macos-x86_64 0.1.0 OK
r-oldrel-windows-ix86+x86_64 0.1.0 9.00 148.00 157.00 OK

Check Details

Version: 0.1.0
Check: LazyData
Result: NOTE
     'LazyData' is specified without a 'data' directory
Flavors: r-devel-linux-x86_64-debian-clang, r-devel-linux-x86_64-debian-gcc, r-devel-linux-x86_64-fedora-clang, r-devel-linux-x86_64-fedora-gcc, r-devel-windows-ix86+x86_64, r-devel-windows-x86_64-gcc10-UCRT