CRAN Package Check Results for Package DMCfun

Last updated on 2023-12-10 14:51:39 CET.

Flavor Version Tinstall Tcheck Ttotal Status Flags
r-devel-linux-x86_64-debian-clang 2.0.2 47.81 133.71 181.52 NOTE
r-devel-linux-x86_64-debian-gcc 2.0.2 33.13 102.25 135.38 NOTE
r-devel-linux-x86_64-fedora-clang 2.0.2 253.03 NOTE
r-devel-linux-x86_64-fedora-gcc 2.0.2 242.61 NOTE
r-devel-windows-x86_64 2.0.2 40.00 188.00 228.00 NOTE
r-patched-linux-x86_64 2.0.2 40.39 131.50 171.89 NOTE
r-release-linux-x86_64 2.0.2 37.90 128.30 166.20 NOTE
r-release-macos-arm64 2.0.2 118.00 NOTE
r-release-macos-x86_64 2.0.2 138.00 NOTE
r-release-windows-x86_64 2.0.2 50.00 235.00 285.00 NOTE
r-oldrel-macos-arm64 2.0.2 105.00 OK
r-oldrel-macos-x86_64 2.0.2 164.00 OK
r-oldrel-windows-x86_64 2.0.2 50.00 224.00 274.00 OK

Additional issues

donttest

Check Details

Version: 2.0.2
Check: C++ specification
Result: NOTE Specified C++11: please drop specification unless essential Flavors: r-devel-linux-x86_64-debian-clang, r-devel-linux-x86_64-debian-gcc, r-devel-linux-x86_64-fedora-clang, r-devel-linux-x86_64-fedora-gcc, r-devel-windows-x86_64, r-patched-linux-x86_64, r-release-linux-x86_64, r-release-macos-arm64, r-release-macos-x86_64, r-release-windows-x86_64