CRAN Package Check Results for Package DMR

Last updated on 2014-11-26 03:47:54.

Flavor Version Tinstall Tcheck Ttotal Status Flags
r-devel-linux-x86_64-debian-clang 2.0 0.70 12.45 13.15 NOTE
r-devel-linux-x86_64-debian-gcc 2.0 0.61 12.24 12.86 NOTE
r-devel-linux-x86_64-fedora-clang 2.0 28.42 NOTE
r-devel-linux-x86_64-fedora-gcc 2.0 23.98 NOTE
r-devel-osx-x86_64-clang 2.0 28.02 NOTE
r-devel-windows-ix86+x86_64 2.0 3.00 20.00 23.00 NOTE
r-patched-linux-x86_64 2.0 0.79 12.26 13.05 NOTE
r-patched-solaris-sparc 2.0 139.30 NOTE
r-patched-solaris-x86 2.0 34.70 NOTE
r-release-linux-ix86 2.0 0.88 17.51 18.39 NOTE
r-release-linux-x86_64 2.0 0.64 12.66 13.30 NOTE
r-release-osx-x86_64-mavericks 2.0 NOTE
r-release-windows-ix86+x86_64 2.0 3.00 21.00 24.00 NOTE
r-oldrel-windows-ix86+x86_64 2.0 2.00 22.00 24.00 NOTE

Check Details

Version: 2.0
Check: dependencies in R code
Result: NOTE
    Package in Depends field not imported from: ‘magic’
     These packages need to be imported from (in the NAMESPACE file)
     for when this namespace is loaded but not attached.
    See the information on DESCRIPTION files in the chapter ‘Creating R
    packages’ of the ‘Writing R Extensions’ manual.
Flavors: r-devel-linux-x86_64-debian-clang, r-devel-linux-x86_64-debian-gcc, r-devel-linux-x86_64-fedora-clang, r-devel-linux-x86_64-fedora-gcc, r-devel-osx-x86_64-clang, r-devel-windows-ix86+x86_64, r-patched-linux-x86_64, r-patched-solaris-sparc, r-patched-solaris-x86, r-release-linux-ix86, r-release-linux-x86_64, r-release-osx-x86_64-mavericks, r-release-windows-ix86+x86_64, r-oldrel-windows-ix86+x86_64

Version: 2.0
Check: R code for possible problems
Result: NOTE
    hip: no visible global function definition for ‘adiag’
Flavors: r-devel-linux-x86_64-debian-clang, r-devel-linux-x86_64-debian-gcc, r-devel-linux-x86_64-fedora-clang, r-devel-linux-x86_64-fedora-gcc, r-devel-osx-x86_64-clang, r-devel-windows-ix86+x86_64, r-patched-linux-x86_64, r-patched-solaris-sparc, r-patched-solaris-x86, r-release-linux-ix86, r-release-linux-x86_64, r-release-windows-ix86+x86_64