CRAN Package Check Results for Package DMR

Last updated on 2015-07-04 14:50:12.

Flavor Version Tinstall Tcheck Ttotal Status Flags
r-devel-linux-x86_64-debian-clang 2.0 0.54 10.45 10.99 NOTE
r-devel-linux-x86_64-debian-gcc 2.0 0.67 10.32 11.00 NOTE
r-devel-linux-x86_64-fedora-clang 2.0 20.53 NOTE
r-devel-linux-x86_64-fedora-gcc 2.0 19.56 NOTE
r-devel-osx-x86_64-clang 2.0 22.22 NOTE
r-devel-windows-ix86+x86_64 2.0 5.00 20.00 25.00 NOTE
r-patched-linux-x86_64 2.0 0.71 10.95 11.66 NOTE
r-patched-solaris-sparc 2.0 136.60 NOTE
r-patched-solaris-x86 2.0 30.50 NOTE
r-release-linux-x86_64 2.0 0.72 11.18 11.90 NOTE
r-release-osx-x86_64-mavericks 2.0 NOTE
r-release-windows-ix86+x86_64 2.0 3.00 19.00 22.00 NOTE
r-oldrel-windows-ix86+x86_64 2.0 3.00 23.00 26.00 NOTE

Check Details

Version: 2.0
Check: DESCRIPTION meta-information
Result: NOTE
    Malformed Title field: should not end in a period.
Flavors: r-devel-linux-x86_64-debian-clang, r-devel-linux-x86_64-debian-gcc, r-devel-linux-x86_64-fedora-clang, r-devel-linux-x86_64-fedora-gcc, r-devel-osx-x86_64-clang, r-devel-windows-ix86+x86_64, r-patched-linux-x86_64, r-patched-solaris-sparc, r-patched-solaris-x86, r-release-linux-x86_64, r-release-osx-x86_64-mavericks, r-release-windows-ix86+x86_64

Version: 2.0
Check: dependencies in R code
Result: NOTE
    Package in Depends field not imported from: ‘magic’
     These packages need to be imported from (in the NAMESPACE file)
     for when this namespace is loaded but not attached.
Flavors: r-devel-linux-x86_64-debian-clang, r-devel-linux-x86_64-debian-gcc, r-devel-linux-x86_64-fedora-clang, r-devel-linux-x86_64-fedora-gcc, r-devel-osx-x86_64-clang, r-devel-windows-ix86+x86_64, r-patched-linux-x86_64, r-patched-solaris-sparc, r-patched-solaris-x86, r-release-linux-x86_64, r-release-osx-x86_64-mavericks, r-release-windows-ix86+x86_64, r-oldrel-windows-ix86+x86_64

Version: 2.0
Check: R code for possible problems
Result: NOTE
    DMR: no visible global function definition for ‘lm’
    DMR : <anonymous>: no visible global function definition for ‘hclust’
    DMR : <anonymous>: no visible global function definition for ‘as.dist’
    DMR: no visible global function definition for ‘sd’
    DMR: no visible binding for global variable ‘sd’
    DMR4glm: no visible global function definition for ‘as.formula’
    DMR4glm: no visible global function definition for ‘glm’
    DMR4glm : <anonymous>: no visible global function definition for
     ‘hclust’
    DMR4glm : <anonymous>: no visible global function definition for
     ‘as.dist’
    DMR4glm: no visible global function definition for ‘sd’
    DMR4glm: no visible binding for global variable ‘sd’
    cuth : <anonymous>: no visible global function definition for ‘cutree’
    cuth4glm: no visible global function definition for ‘cutree’
    cuth4glm: no visible global function definition for ‘sd’
    cuth4glm: no visible global function definition for ‘glm’
    cuth4glm: no visible global function definition for ‘as.formula’
    cuth4glm: no visible global function definition for ‘logLik’
    hip: no visible global function definition for ‘adiag’
    plot_bf: no visible global function definition for ‘plot’
    plot_bf: no visible global function definition for ‘axis’
    plot_bf: no visible global function definition for ‘box’
    plot_bf: no visible global function definition for ‘lines’
    plot_bf: no visible global function definition for ‘abline’
    plot_bf: no visible global function definition for ‘grid’
    stepDMR: no visible global function definition for ‘lm’
    stepDMR: no visible binding for global variable ‘sd’
    stepDMR: no visible global function definition for ‘sd’
    t_stats: no visible global function definition for ‘combn’
    Undefined global functions or variables:
     abline adiag as.dist as.formula axis box combn cutree glm grid hclust
     lines lm logLik plot sd
Flavors: r-devel-linux-x86_64-debian-clang, r-devel-linux-x86_64-debian-gcc, r-devel-linux-x86_64-fedora-clang, r-devel-linux-x86_64-fedora-gcc

Version: 2.0
Check: R code for possible problems
Result: NOTE
    hip: no visible global function definition for ‘adiag’
    Undefined global functions or variables:
     adiag
Flavor: r-devel-osx-x86_64-clang

Version: 2.0
Check: R code for possible problems
Result: NOTE
    hip: no visible global function definition for 'adiag'
Flavors: r-devel-windows-ix86+x86_64, r-patched-linux-x86_64, r-patched-solaris-sparc, r-patched-solaris-x86, r-release-linux-x86_64, r-release-osx-x86_64-mavericks, r-release-windows-ix86+x86_64, r-oldrel-windows-ix86+x86_64