CRAN Package Check Results for Package DMR

Last updated on 2014-04-24 03:47:43.

Flavor Version Tinstall Tcheck Ttotal Status Flags
r-devel-linux-x86_64-debian-clang 2.0 0.78 12.21 12.99 NOTE
r-devel-linux-x86_64-debian-gcc 2.0 0.62 12.14 12.76 NOTE
r-devel-linux-x86_64-fedora-clang 2.0 24.79 NOTE
r-devel-linux-x86_64-fedora-gcc 2.0 22.91 NOTE
r-devel-osx-x86_64-clang 2.0 26.99 NOTE
r-devel-osx-x86_64-gcc 2.0 NOTE
r-devel-windows-ix86+x86_64 2.0 3.00 21.00 24.00 NOTE
r-patched-linux-x86_64 2.0 0.62 12.22 12.84 NOTE
r-patched-solaris-sparc 2.0 137.50 NOTE
r-patched-solaris-x86 2.0 33.90 NOTE
r-release-linux-ix86 2.0 1.00 26.00 27.00 NOTE
r-release-linux-x86_64 2.0 0.60 12.09 12.69 NOTE
r-release-osx-x86_64-mavericks 2.0 WARN
r-release-windows-ix86+x86_64 2.0 4.00 26.00 30.00 NOTE
r-oldrel-windows-ix86+x86_64 2.0 2.00 22.00 24.00 NOTE

Check Details

Version: 2.0
Check: dependencies in R code
Result: NOTE
    Package in Depends field not imported from: ‘magic’
     These packages need to be imported from (in the NAMESPACE file)
     for when this namespace is loaded but not attached.
    See the information on DESCRIPTION files in the chapter ‘Creating R
    packages’ of the ‘Writing R Extensions’ manual.
Flavors: r-devel-linux-x86_64-debian-clang, r-devel-linux-x86_64-debian-gcc, r-devel-linux-x86_64-fedora-clang, r-devel-linux-x86_64-fedora-gcc, r-devel-osx-x86_64-clang, r-devel-osx-x86_64-gcc, r-devel-windows-ix86+x86_64, r-patched-linux-x86_64, r-patched-solaris-sparc, r-patched-solaris-x86, r-release-linux-ix86, r-release-linux-x86_64, r-release-osx-x86_64-mavericks, r-release-windows-ix86+x86_64, r-oldrel-windows-ix86+x86_64

Version: 2.0
Check: PDF version of manual
Result: WARNING
    LaTeX errors when creating PDF version.
    This typically indicates Rd problems.
    LaTeX errors found:
    ! LaTeX Error: File `upquote.sty' not found.
    
    Type X to quit or <RETURN> to proceed,
    or enter new name. (Default extension: sty)
    
    b073d2e/Rd2.tex:8: ==> Fatal error occurred, no output PDF file produced!
Flavor: r-release-osx-x86_64-mavericks