CRAN Package Check Results for Package DMR

Last updated on 2015-03-30 15:49:11.

Flavor Version Tinstall Tcheck Ttotal Status Flags
r-devel-linux-x86_64-debian-clang 2.0 0.58 11.20 11.78 NOTE
r-devel-linux-x86_64-debian-gcc 2.0 0.62 11.08 11.70 NOTE
r-devel-linux-x86_64-fedora-clang 2.0 22.12 NOTE
r-devel-linux-x86_64-fedora-gcc 2.0 20.00 NOTE
r-devel-osx-x86_64-clang 2.0 28.17 NOTE
r-prerel-windows-ix86+x86_64 2.0 4.00 19.00 23.00 NOTE
r-prerel-linux-x86_64 2.0 0.64 10.90 11.54 NOTE
r-prerel-solaris-sparc 2.0 138.00 NOTE
r-prerel-solaris-x86 2.0 30.20 NOTE
r-release-linux-x86_64 2.0 0.62 13.09 13.71 NOTE
r-release-osx-x86_64-mavericks 2.0 NOTE
r-release-windows-ix86+x86_64 2.0 3.00 23.00 26.00 NOTE
r-oldrel-windows-ix86+x86_64 2.0 5.00 21.00 26.00 NOTE

Check Details

Version: 2.0
Check: DESCRIPTION meta-information
Result: NOTE
    Malformed Title field: should not end in a period.
Flavors: r-devel-linux-x86_64-debian-clang, r-devel-linux-x86_64-debian-gcc, r-devel-linux-x86_64-fedora-clang, r-devel-linux-x86_64-fedora-gcc, r-devel-osx-x86_64-clang, r-prerel-windows-ix86+x86_64, r-prerel-linux-x86_64, r-prerel-solaris-sparc, r-prerel-solaris-x86

Version: 2.0
Check: dependencies in R code
Result: NOTE
    Package in Depends field not imported from: ‘magic’
     These packages need to be imported from (in the NAMESPACE file)
     for when this namespace is loaded but not attached.
Flavors: r-devel-linux-x86_64-debian-clang, r-devel-linux-x86_64-debian-gcc, r-devel-linux-x86_64-fedora-clang, r-devel-linux-x86_64-fedora-gcc, r-devel-osx-x86_64-clang, r-prerel-windows-ix86+x86_64, r-prerel-linux-x86_64, r-prerel-solaris-sparc, r-prerel-solaris-x86, r-release-linux-x86_64, r-release-windows-ix86+x86_64

Version: 2.0
Check: R code for possible problems
Result: NOTE
    hip: no visible global function definition for ‘adiag’
Flavors: r-devel-linux-x86_64-debian-clang, r-devel-linux-x86_64-debian-gcc, r-devel-linux-x86_64-fedora-clang, r-devel-linux-x86_64-fedora-gcc, r-devel-osx-x86_64-clang, r-prerel-windows-ix86+x86_64, r-prerel-linux-x86_64, r-prerel-solaris-sparc, r-prerel-solaris-x86, r-release-linux-x86_64, r-release-osx-x86_64-mavericks, r-release-windows-ix86+x86_64

Version: 2.0
Check: dependencies in R code
Result: NOTE
    Package in Depends field not imported from: ‘magic’
     These packages need to be imported from (in the NAMESPACE file)
     for when this namespace is loaded but not attached.
    See the information on DESCRIPTION files in the chapter ‘Creating R
    packages’ of the ‘Writing R Extensions’ manual.
Flavors: r-release-osx-x86_64-mavericks, r-oldrel-windows-ix86+x86_64