CRAN Package Check Results for Package DMR

Last updated on 2014-07-24 22:48:35.

Flavor Version Tinstall Tcheck Ttotal Status Flags
r-devel-linux-x86_64-debian-clang 2.0 0.60 11.58 12.18 NOTE
r-devel-linux-x86_64-debian-gcc 2.0 0.66 12.17 12.82 NOTE
r-devel-linux-x86_64-fedora-clang 2.0 24.89 NOTE
r-devel-linux-x86_64-fedora-gcc 2.0 23.61 NOTE
r-devel-osx-x86_64-clang 2.0 26.70 NOTE
r-devel-windows-ix86+x86_64 2.0 2.00 20.00 22.00 NOTE
r-patched-linux-x86_64 2.0 0.57 11.85 12.42 NOTE
r-patched-solaris-sparc 2.0 137.50 NOTE
r-patched-solaris-x86 2.0 32.90 NOTE
r-release-linux-ix86 2.0 0.90 17.91 18.81 NOTE
r-release-linux-x86_64 2.0 0.63 11.82 12.45 NOTE
r-release-osx-x86_64-mavericks 2.0 NOTE
r-release-windows-ix86+x86_64 2.0 3.00 22.00 25.00 NOTE
r-oldrel-windows-ix86+x86_64 2.0 2.00 22.00 24.00 NOTE

Check Details

Version: 2.0
Check: dependencies in R code
Result: NOTE
    Package in Depends field not imported from: ‘magic’
     These packages need to be imported from (in the NAMESPACE file)
     for when this namespace is loaded but not attached.
    See the information on DESCRIPTION files in the chapter ‘Creating R
    packages’ of the ‘Writing R Extensions’ manual.
Flavors: r-devel-linux-x86_64-debian-clang, r-devel-linux-x86_64-debian-gcc, r-devel-linux-x86_64-fedora-clang, r-devel-linux-x86_64-fedora-gcc, r-devel-osx-x86_64-clang, r-devel-windows-ix86+x86_64, r-patched-linux-x86_64, r-patched-solaris-sparc, r-patched-solaris-x86, r-release-linux-ix86, r-release-linux-x86_64, r-release-osx-x86_64-mavericks, r-release-windows-ix86+x86_64, r-oldrel-windows-ix86+x86_64