CRAN Package Check Results for Package DMwR

Last updated on 2014-04-17 10:47:47.

Flavor Version Tinstall Tcheck Ttotal Status Flags
r-devel-linux-x86_64-debian-clang 0.4.1 4.43 40.66 45.09 NOTE
r-devel-linux-x86_64-debian-gcc 0.4.1 4.21 39.69 43.90 NOTE
r-devel-linux-x86_64-fedora-clang 0.4.1 84.51 NOTE
r-devel-linux-x86_64-fedora-gcc 0.4.1 80.83 NOTE
r-devel-macosx-x86_64-clang 0.4.1 79.87 NOTE
r-devel-macosx-x86_64-gcc 0.4.1 ERROR
r-devel-windows-ix86+x86_64 0.4.1 11.00 57.00 68.00 NOTE
r-patched-linux-x86_64 0.4.1 4.15 39.36 43.51 NOTE
r-patched-solaris-sparc 0.4.1 470.10 NOTE
r-patched-solaris-x86 0.4.1 104.40 NOTE
r-release-linux-ix86 0.4.1 10.00 95.00 105.00 NOTE
r-release-linux-x86_64 0.4.1 4.17 39.85 44.02 NOTE
r-release-macosx-x86_64 0.4.1 NOTE
r-release-windows-ix86+x86_64 0.4.1 10.00 61.00 71.00 NOTE
r-oldrel-windows-ix86+x86_64 0.4.1 11.00 61.00 72.00 NOTE

Check Details

Version: 0.4.1
Check: dependencies in R code
Result: NOTE
    Packages in Depends field not imported from:
     ‘lattice’ ‘methods’
     These packages need to be imported from (in the NAMESPACE file)
     for when this namespace is loaded but not attached.
    Missing object imported by a ':::' call: ‘rpart:::rpconvert’
    Unexported objects imported by ':::' calls:
     ‘quantmod:::chartSeries.chob’ ‘quantmod:::get.current.chob’
     ‘rpart:::rpart.branch’ ‘rpart:::rpartco’
     ‘rpart:::string.bounding.box’
     See the note in ?`:::` about the use of this operator.
    See the information on DESCRIPTION files in the chapter ‘Creating R
    packages’ of the ‘Writing R Extensions’ manual.
Flavors: r-devel-linux-x86_64-debian-clang, r-devel-linux-x86_64-debian-gcc, r-devel-linux-x86_64-fedora-clang, r-devel-linux-x86_64-fedora-gcc, r-devel-macosx-x86_64-clang, r-devel-windows-ix86+x86_64, r-patched-linux-x86_64, r-patched-solaris-sparc, r-patched-solaris-x86, r-release-linux-ix86, r-release-linux-x86_64, r-release-windows-ix86+x86_64, r-oldrel-windows-ix86+x86_64

Version: 0.4.1
Check: package dependencies
Result: ERROR
    Packages required but not available: ‘xts’ ‘quantmod’ ‘zoo’
    
    See the information on DESCRIPTION files in the chapter ‘Creating R
    packages’ of the ‘Writing R Extensions’ manual.
Flavor: r-devel-macosx-x86_64-gcc

Version: 0.4.1
Check: dependencies in R code
Result: NOTE
    Packages in Depends field not imported from:
     'lattice' 'methods'
     These packages need to be imported from for the case when
     this namespace is loaded but not attached.
    Missing object imported by a ':::' call: 'rpart:::rpconvert'
    Unexported objects imported by ':::' calls:
     'quantmod:::chartSeries.chob' 'quantmod:::get.current.chob'
     'rpart:::rpart.branch' 'rpart:::rpartco'
     'rpart:::string.bounding.box'
     See the note in ?`:::` about the use of this operator.
    See the information on DESCRIPTION files in the chapter 'Creating R
    packages' of the 'Writing R Extensions' manual.
Flavor: r-release-macosx-x86_64