CRAN Package Check Results for Package DMwR

Last updated on 2015-04-25 17:46:48.

Flavor Version Tinstall Tcheck Ttotal Status Flags
r-devel-linux-x86_64-debian-clang 0.4.1 3.51 31.65 35.16 NOTE
r-devel-linux-x86_64-debian-gcc 0.4.1 3.38 31.60 34.99 NOTE
r-devel-linux-x86_64-fedora-clang 0.4.1 67.97 NOTE
r-devel-linux-x86_64-fedora-gcc 0.4.1 68.52 NOTE
r-devel-osx-x86_64-clang 0.4.1 66.80 NOTE
r-devel-windows-ix86+x86_64 0.4.1 10.00 48.00 58.00 NOTE
r-patched-linux-x86_64 0.4.1 3.35 30.99 34.34 NOTE
r-patched-solaris-sparc 0.4.1 419.20 NOTE
r-patched-solaris-x86 0.4.1 87.00 NOTE
r-release-linux-x86_64 0.4.1 3.36 31.32 34.68 NOTE
r-release-osx-x86_64-mavericks 0.4.1 NOTE
r-release-osx-x86_64-snowleopard 0.4.1 ERROR
r-release-windows-ix86+x86_64 0.4.1 9.00 48.00 57.00 NOTE
r-oldrel-windows-ix86+x86_64 0.4.1 13.00 64.00 77.00 NOTE

Check Details

Version: 0.4.1
Check: dependencies in R code
Result: NOTE
    Packages in Depends field not imported from:
     'grid' 'lattice' 'methods'
     These packages need to be imported from (in the NAMESPACE file)
     for when this namespace is loaded but not attached.
    Missing object imported by a ':::' call: 'rpart:::rpconvert'
    Unexported objects imported by ':::' calls:
     'rpart:::rpart.branch' 'rpart:::rpartco'
     'rpart:::string.bounding.box'
     See the note in ?`:::` about the use of this operator.
Flavors: r-devel-windows-ix86+x86_64, r-release-windows-ix86+x86_64, r-oldrel-windows-ix86+x86_64

Version: 0.4.1
Check: R code for possible problems
Result: NOTE
    .addEq: no visible global function definition for '.Eq'
    .addSt: no visible global function definition for '.St'
    plot.compExp: no visible global function definition for 'grid.newpage'
    plot.compExp: no visible global function definition for 'pushViewport'
    plot.compExp: no visible global function definition for 'viewport'
    plot.compExp: no visible global function definition for 'grid.layout'
    plot.compExp: no visible global function definition for 'bwplot'
    plot.compExp : <anonymous>: no visible global function definition for
     'panel.grid'
    plot.compExp : <anonymous>: no visible global function definition for
     'panel.bwplot'
    plot.compExp: no visible global function definition for 'upViewport'
Flavors: r-devel-windows-ix86+x86_64, r-release-windows-ix86+x86_64, r-oldrel-windows-ix86+x86_64