CRAN Package Check Results for Package DMwR

Last updated on 2014-07-23 15:47:44.

Flavor Version Tinstall Tcheck Ttotal Status Flags
r-devel-linux-x86_64-debian-clang 0.4.1 4.15 37.90 42.05 NOTE
r-devel-linux-x86_64-debian-gcc 0.4.1 4.04 37.74 41.78 NOTE
r-devel-linux-x86_64-fedora-clang 0.4.1 87.46 NOTE
r-devel-linux-x86_64-fedora-gcc 0.4.1 81.69 NOTE
r-devel-osx-x86_64-clang 0.4.1 74.38 NOTE
r-devel-windows-ix86+x86_64 0.4.1 11.00 63.00 74.00 NOTE
r-patched-linux-x86_64 0.4.1 4.04 37.09 41.13 NOTE
r-patched-solaris-sparc 0.4.1 470.10 NOTE
r-patched-solaris-x86 0.4.1 104.90 NOTE
r-release-linux-ix86 0.4.1 6.12 48.72 54.85 NOTE
r-release-linux-x86_64 0.4.1 5.10 38.26 43.36 NOTE
r-release-osx-x86_64-mavericks 0.4.1 NOTE
r-release-osx-x86_64-snowleopard 0.4.1 NOTE
r-release-windows-ix86+x86_64 0.4.1 10.00 69.00 79.00 NOTE
r-oldrel-windows-ix86+x86_64 0.4.1 12.00 67.00 79.00 NOTE

Check Details

Version: 0.4.1
Check: dependencies in R code
Result: NOTE
    Packages in Depends field not imported from:
     ‘lattice’ ‘methods’
     These packages need to be imported from (in the NAMESPACE file)
     for when this namespace is loaded but not attached.
    Missing object imported by a ':::' call: ‘rpart:::rpconvert’
    Unexported objects imported by ':::' calls:
     ‘quantmod:::chartSeries.chob’ ‘quantmod:::get.current.chob’
     ‘rpart:::rpart.branch’ ‘rpart:::rpartco’
     ‘rpart:::string.bounding.box’
     See the note in ?`:::` about the use of this operator.
    See the information on DESCRIPTION files in the chapter ‘Creating R
    packages’ of the ‘Writing R Extensions’ manual.
Flavors: r-devel-linux-x86_64-debian-clang, r-devel-linux-x86_64-debian-gcc, r-devel-linux-x86_64-fedora-clang, r-devel-linux-x86_64-fedora-gcc, r-devel-osx-x86_64-clang, r-devel-windows-ix86+x86_64, r-patched-linux-x86_64, r-patched-solaris-sparc, r-patched-solaris-x86, r-release-linux-ix86, r-release-linux-x86_64, r-release-osx-x86_64-mavericks, r-release-windows-ix86+x86_64, r-oldrel-windows-ix86+x86_64

Version: 0.4.1
Check: dependencies in R code
Result: NOTE
    Packages in Depends field not imported from:
     'lattice' 'methods'
     These packages need to be imported from for the case when
     this namespace is loaded but not attached.
    Missing object imported by a ':::' call: 'rpart:::rpconvert'
    Unexported objects imported by ':::' calls:
     'quantmod:::chartSeries.chob' 'quantmod:::get.current.chob'
     'rpart:::rpart.branch' 'rpart:::rpartco'
     'rpart:::string.bounding.box'
     See the note in ?`:::` about the use of this operator.
    See the information on DESCRIPTION files in the chapter 'Creating R
    packages' of the 'Writing R Extensions' manual.
Flavor: r-release-osx-x86_64-snowleopard