CRAN Package Check Results for Package DMwR

Last updated on 2015-05-22 13:46:48.

Flavor Version Tinstall Tcheck Ttotal Status Flags
r-devel-linux-x86_64-debian-clang 0.4.1 3.49 31.35 34.84 NOTE
r-devel-linux-x86_64-debian-gcc 0.4.1 3.29 30.24 33.54 NOTE
r-devel-linux-x86_64-fedora-clang 0.4.1 67.82 NOTE
r-devel-linux-x86_64-fedora-gcc 0.4.1 63.74 NOTE
r-devel-osx-x86_64-clang 0.4.1 63.25 NOTE
r-devel-windows-ix86+x86_64 0.4.1 15.00 48.00 63.00 NOTE
r-patched-linux-x86_64 0.4.1 3.41 30.63 34.04 NOTE
r-patched-solaris-sparc 0.4.1 419.20 NOTE
r-patched-solaris-x86 0.4.1 87.00 NOTE
r-release-linux-x86_64 0.4.1 3.38 31.16 34.54 NOTE
r-release-osx-x86_64-mavericks 0.4.1 NOTE
r-release-osx-x86_64-snowleopard 0.4.1 ERROR
r-release-windows-ix86+x86_64 0.4.1 11.00 53.00 64.00 NOTE
r-oldrel-windows-ix86+x86_64 0.4.1 13.00 68.00 81.00 NOTE

Check Details

Version: 0.4.1
Check: dependencies in R code
Result: NOTE
    Packages in Depends field not imported from:
     ‘grid’ ‘lattice’ ‘methods’
     These packages need to be imported from (in the NAMESPACE file)
     for when this namespace is loaded but not attached.
    Missing object imported by a ':::' call: ‘rpart:::rpconvert’
    Unexported objects imported by ':::' calls:
     ‘rpart:::rpart.branch’ ‘rpart:::rpartco’
     ‘rpart:::string.bounding.box’
     See the note in ?`:::` about the use of this operator.
Flavors: r-devel-linux-x86_64-debian-clang, r-devel-linux-x86_64-debian-gcc, r-devel-linux-x86_64-fedora-clang, r-devel-linux-x86_64-fedora-gcc, r-devel-osx-x86_64-clang, r-devel-windows-ix86+x86_64, r-patched-linux-x86_64, r-patched-solaris-sparc, r-patched-solaris-x86, r-release-linux-x86_64, r-release-osx-x86_64-mavericks, r-release-windows-ix86+x86_64, r-oldrel-windows-ix86+x86_64

Version: 0.4.1
Check: R code for possible problems
Result: NOTE
    .addEq: no visible global function definition for ‘.Eq’
    .addSt: no visible global function definition for ‘.St’
    plot.compExp: no visible global function definition for ‘grid.newpage’
    plot.compExp: no visible global function definition for ‘pushViewport’
    plot.compExp: no visible global function definition for ‘viewport’
    plot.compExp: no visible global function definition for ‘grid.layout’
    plot.compExp: no visible global function definition for ‘bwplot’
    plot.compExp : <anonymous>: no visible global function definition for
     ‘panel.grid’
    plot.compExp : <anonymous>: no visible global function definition for
     ‘panel.bwplot’
    plot.compExp: no visible global function definition for ‘upViewport’
Flavors: r-devel-linux-x86_64-debian-clang, r-devel-linux-x86_64-debian-gcc, r-devel-linux-x86_64-fedora-clang, r-devel-linux-x86_64-fedora-gcc, r-devel-osx-x86_64-clang, r-devel-windows-ix86+x86_64, r-patched-linux-x86_64, r-patched-solaris-sparc, r-patched-solaris-x86, r-release-linux-x86_64, r-release-osx-x86_64-mavericks, r-release-windows-ix86+x86_64, r-oldrel-windows-ix86+x86_64

Version: 0.4.1
Check: package dependencies
Result: ERROR
    Packages required but not available: ‘xts’ ‘quantmod’ ‘zoo’
    
    See section ‘The DESCRIPTION file’ in the ‘Writing R Extensions’
    manual.
Flavor: r-release-osx-x86_64-snowleopard