CRAN Package Check Results for Package DMwR

Last updated on 2014-11-23 12:46:29.

Flavor Version Tinstall Tcheck Ttotal Status Flags
r-devel-linux-x86_64-debian-clang 0.4.1 4.15 37.96 42.11 NOTE
r-devel-linux-x86_64-debian-gcc 0.4.1 3.96 36.85 40.80 NOTE
r-devel-linux-x86_64-fedora-clang 0.4.1 89.55 NOTE
r-devel-linux-x86_64-fedora-gcc 0.4.1 79.62 NOTE
r-devel-osx-x86_64-clang 0.4.1 79.88 NOTE
r-devel-windows-ix86+x86_64 0.4.1 11.00 62.00 73.00 NOTE
r-patched-linux-x86_64 0.4.1 4.86 39.28 44.14 NOTE
r-patched-solaris-sparc 0.4.1 472.70 NOTE
r-patched-solaris-x86 0.4.1 108.10 NOTE
r-release-linux-ix86 0.4.1 6.02 60.71 66.73 NOTE
r-release-linux-x86_64 0.4.1 4.15 40.70 44.84 NOTE
r-release-osx-x86_64-mavericks 0.4.1 NOTE
r-release-osx-x86_64-snowleopard 0.4.1 NOTE
r-release-windows-ix86+x86_64 0.4.1 12.00 65.00 77.00 NOTE
r-oldrel-windows-ix86+x86_64 0.4.1 13.00 65.00 78.00 NOTE

Check Details

Version: 0.4.1
Check: dependencies in R code
Result: NOTE
    Packages in Depends field not imported from:
     ‘grid’ ‘lattice’ ‘methods’
     These packages need to be imported from (in the NAMESPACE file)
     for when this namespace is loaded but not attached.
    Missing object imported by a ':::' call: ‘rpart:::rpconvert’
    Unexported objects imported by ':::' calls:
     ‘rpart:::rpart.branch’ ‘rpart:::rpartco’
     ‘rpart:::string.bounding.box’
     See the note in ?`:::` about the use of this operator.
    See the information on DESCRIPTION files in the chapter ‘Creating R
    packages’ of the ‘Writing R Extensions’ manual.
Flavors: r-devel-linux-x86_64-debian-clang, r-devel-linux-x86_64-debian-gcc, r-devel-linux-x86_64-fedora-clang, r-devel-linux-x86_64-fedora-gcc, r-devel-osx-x86_64-clang, r-devel-windows-ix86+x86_64, r-patched-linux-x86_64, r-patched-solaris-sparc, r-patched-solaris-x86, r-release-linux-ix86, r-release-linux-x86_64, r-release-windows-ix86+x86_64

Version: 0.4.1
Check: R code for possible problems
Result: NOTE
    .addEq: no visible global function definition for ‘.Eq’
    .addSt: no visible global function definition for ‘.St’
    plot.compExp: no visible global function definition for ‘grid.newpage’
    plot.compExp: no visible global function definition for ‘pushViewport’
    plot.compExp: no visible global function definition for ‘viewport’
    plot.compExp: no visible global function definition for ‘grid.layout’
    plot.compExp: no visible global function definition for ‘bwplot’
    plot.compExp : <anonymous>: no visible global function definition for
     ‘panel.grid’
    plot.compExp : <anonymous>: no visible global function definition for
     ‘panel.bwplot’
    plot.compExp: no visible global function definition for ‘upViewport’
Flavors: r-devel-linux-x86_64-debian-clang, r-devel-linux-x86_64-debian-gcc, r-devel-linux-x86_64-fedora-clang, r-devel-linux-x86_64-fedora-gcc, r-devel-osx-x86_64-clang, r-devel-windows-ix86+x86_64, r-patched-linux-x86_64, r-patched-solaris-sparc, r-patched-solaris-x86, r-release-linux-ix86, r-release-linux-x86_64, r-release-windows-ix86+x86_64

Version: 0.4.1
Check: dependencies in R code
Result: NOTE
    Packages in Depends field not imported from:
     ‘lattice’ ‘methods’
     These packages need to be imported from (in the NAMESPACE file)
     for when this namespace is loaded but not attached.
    Missing object imported by a ':::' call: ‘rpart:::rpconvert’
    Unexported objects imported by ':::' calls:
     ‘quantmod:::chartSeries.chob’ ‘quantmod:::get.current.chob’
     ‘rpart:::rpart.branch’ ‘rpart:::rpartco’
     ‘rpart:::string.bounding.box’
     See the note in ?`:::` about the use of this operator.
    See the information on DESCRIPTION files in the chapter ‘Creating R
    packages’ of the ‘Writing R Extensions’ manual.
Flavor: r-release-osx-x86_64-mavericks

Version: 0.4.1
Check: dependencies in R code
Result: NOTE
    Packages in Depends field not imported from:
     'lattice' 'methods'
     These packages need to be imported from for the case when
     this namespace is loaded but not attached.
    Missing object imported by a ':::' call: 'rpart:::rpconvert'
    Unexported objects imported by ':::' calls:
     'quantmod:::chartSeries.chob' 'quantmod:::get.current.chob'
     'rpart:::rpart.branch' 'rpart:::rpartco'
     'rpart:::string.bounding.box'
     See the note in ?`:::` about the use of this operator.
    See the information on DESCRIPTION files in the chapter 'Creating R
    packages' of the 'Writing R Extensions' manual.
Flavor: r-release-osx-x86_64-snowleopard

Version: 0.4.1
Check: dependencies in R code
Result: NOTE
    Packages in Depends field not imported from:
     'lattice' 'methods'
     These packages need to be imported from (in the NAMESPACE file)
     for when this namespace is loaded but not attached.
    Missing object imported by a ':::' call: 'rpart:::rpconvert'
    Unexported objects imported by ':::' calls:
     'rpart:::rpart.branch' 'rpart:::rpartco'
     'rpart:::string.bounding.box'
     See the note in ?`:::` about the use of this operator.
    See the information on DESCRIPTION files in the chapter 'Creating R
    packages' of the 'Writing R Extensions' manual.
Flavor: r-oldrel-windows-ix86+x86_64