CRAN Package Check Results for Package DMwR

Last updated on 2015-07-01 03:47:25.

Flavor Version Tinstall Tcheck Ttotal Status Flags
r-devel-linux-x86_64-debian-clang 0.4.1 3.53 31.14 34.67 NOTE
r-devel-linux-x86_64-debian-gcc 0.4.1 3.38 30.61 33.99 NOTE
r-devel-linux-x86_64-fedora-clang 0.4.1 66.48 NOTE
r-devel-linux-x86_64-fedora-gcc 0.4.1 61.61 NOTE
r-devel-osx-x86_64-clang 0.4.1 65.26 NOTE
r-devel-windows-ix86+x86_64 0.4.1 10.00 53.00 63.00 NOTE
r-patched-linux-x86_64 0.4.1 3.42 30.46 33.88 NOTE
r-patched-solaris-sparc 0.4.1 408.40 NOTE
r-patched-solaris-x86 0.4.1 87.80 NOTE
r-release-linux-x86_64 0.4.1 3.38 30.68 34.06 NOTE
r-release-osx-x86_64-mavericks 0.4.1 NOTE
r-release-windows-ix86+x86_64 0.4.1 13.00 46.00 59.00 NOTE
r-oldrel-windows-ix86+x86_64 0.4.1 12.00 69.00 81.00 NOTE

Check Details

Version: 0.4.1
Check: dependencies in R code
Result: NOTE
    Packages in Depends field not imported from:
     ‘grid’ ‘lattice’ ‘methods’
     These packages need to be imported from (in the NAMESPACE file)
     for when this namespace is loaded but not attached.
    Missing object imported by a ':::' call: ‘rpart:::rpconvert’
    Unexported objects imported by ':::' calls:
     ‘rpart:::rpart.branch’ ‘rpart:::rpartco’
     ‘rpart:::string.bounding.box’
     See the note in ?`:::` about the use of this operator.
Flavors: r-devel-linux-x86_64-debian-clang, r-devel-linux-x86_64-debian-gcc, r-devel-linux-x86_64-fedora-clang, r-devel-linux-x86_64-fedora-gcc, r-devel-osx-x86_64-clang, r-devel-windows-ix86+x86_64, r-patched-linux-x86_64, r-patched-solaris-sparc, r-patched-solaris-x86, r-release-linux-x86_64, r-release-osx-x86_64-mavericks, r-release-windows-ix86+x86_64, r-oldrel-windows-ix86+x86_64

Version: 0.4.1
Check: R code for possible problems
Result: NOTE
    .addEq: no visible global function definition for ‘.Eq’
    .addSt: no visible global function definition for ‘.St’
    SoftMax: no visible global function definition for ‘sd’
    bootRun: no visible global function definition for ‘new’
    bootSettings: no visible global function definition for ‘new’
    bootstrap: no visible global function definition for ‘show’
    bootstrap: no visible global function definition for ‘as’
    centralValue: no visible global function definition for ‘median’
    centralValue: no visible global function definition for ‘aggregate’
    changed.text.rpart: no visible binding for global variable ‘text’
    changed.text.rpart: no visible global function definition for ‘par’
    changed.text.rpart : oval: no visible global function definition for
     ‘polygon’
    changed.text.rpart : rectangle: no visible global function definition
     for ‘polygon’
    compAnalysis: no visible global function definition for ‘wilcox.test’
    compExp: no visible global function definition for ‘new’
    crossValidation: no visible global function definition for ‘show’
    crossValidation: no visible global function definition for ‘as’
    cvRun: no visible global function definition for ‘new’
    cvSettings: no visible global function definition for ‘new’
    dataset: no visible global function definition for ‘model.frame’
    dataset: no visible global function definition for ‘new’
    experimentalComparison: no visible global function definition for ‘is’
    experimentalComparison : <anonymous>: no visible global function
     definition for ‘as’
    getSummaryResults : <anonymous>: no visible global function definition
     for ‘sd’
    hldRun: no visible global function definition for ‘new’
    hldSettings: no visible global function definition for ‘new’
    holdOut: no visible global function definition for ‘show’
    holdOut: no visible global function definition for ‘as’
    knnImputation: no visible global function definition for
     ‘complete.cases’
    learner: no visible global function definition for ‘new’
    loocv: no visible global function definition for ‘show’
    loocv: no visible global function definition for ‘as’
    loocvRun: no visible global function definition for ‘new’
    loocvSettings: no visible global function definition for ‘new’
    mcRun: no visible global function definition for ‘new’
    mcSettings: no visible global function definition for ‘new’
    monteCarlo: no visible global function definition for ‘show’
    monteCarlo: no visible global function definition for ‘as’
    outliers.ranking: no visible global function definition for ‘dist’
    plot.compExp: no visible global function definition for ‘grid.newpage’
    plot.compExp: no visible global function definition for ‘pushViewport’
    plot.compExp: no visible global function definition for ‘viewport’
    plot.compExp: no visible global function definition for ‘grid.layout’
    plot.compExp: no visible global function definition for ‘as.formula’
    plot.compExp: no visible global function definition for ‘bwplot’
    plot.compExp : <anonymous>: no visible global function definition for
     ‘panel.grid’
    plot.compExp : <anonymous>: no visible global function definition for
     ‘panel.bwplot’
    plot.compExp: no visible global function definition for ‘upViewport’
    plot.cvRun : <anonymous>: no visible global function definition for
     ‘sd’
    plot.cvRun: no visible global function definition for ‘layout’
    plot.cvRun: no visible global function definition for ‘par’
    plot.cvRun: no visible global function definition for ‘axTicks’
    plot.cvRun: no visible global function definition for ‘abline’
    plot.cvRun: no visible global function definition for ‘boxplot’
    plot.cvRun: no visible global function definition for ‘mtext’
    plot.hldRun : <anonymous>: no visible global function definition for
     ‘sd’
    plot.hldRun: no visible global function definition for ‘layout’
    plot.hldRun: no visible global function definition for ‘par’
    plot.hldRun: no visible global function definition for ‘axTicks’
    plot.hldRun: no visible global function definition for ‘abline’
    plot.hldRun: no visible global function definition for ‘boxplot’
    plot.hldRun: no visible global function definition for ‘mtext’
    plot.mcRun : <anonymous>: no visible global function definition for
     ‘sd’
    plot.mcRun: no visible global function definition for ‘layout’
    plot.mcRun: no visible global function definition for ‘par’
    plot.mcRun: no visible global function definition for ‘axTicks’
    plot.mcRun: no visible global function definition for ‘abline’
    plot.mcRun: no visible global function definition for ‘boxplot’
    plot.mcRun: no visible global function definition for ‘mtext’
    resp: no visible global function definition for ‘model.response’
    resp: no visible global function definition for ‘model.frame’
    smote.exs: no visible global function definition for ‘runif’
    summary.bootRun : <anonymous>: no visible global function definition
     for ‘sd’
    summary.compExp : <anonymous>: no visible global function definition
     for ‘sd’
    summary.cvRun : <anonymous>: no visible global function definition for
     ‘sd’
    summary.hldRun : <anonymous>: no visible global function definition for
     ‘sd’
    summary.loocvRun : <anonymous>: no visible global function definition
     for ‘sd’
    summary.mcRun : <anonymous>: no visible global function definition for
     ‘sd’
    task: no visible global function definition for ‘model.frame’
    task: no visible global function definition for ‘new’
    tradeRecord: no visible global function definition for ‘new’
    tradingEvaluation: no visible global function definition for ‘sd’
    show,dataset: no visible global function definition for ‘str’
Flavors: r-devel-linux-x86_64-debian-clang, r-devel-linux-x86_64-debian-gcc, r-devel-linux-x86_64-fedora-clang, r-devel-linux-x86_64-fedora-gcc, r-devel-windows-ix86+x86_64

Version: 0.4.1
Check: R code for possible problems
Result: NOTE
    .addEq: no visible global function definition for ‘.Eq’
    .addSt: no visible global function definition for ‘.St’
    plot.compExp: no visible global function definition for ‘grid.newpage’
    plot.compExp: no visible global function definition for ‘pushViewport’
    plot.compExp: no visible global function definition for ‘viewport’
    plot.compExp: no visible global function definition for ‘grid.layout’
    plot.compExp: no visible global function definition for ‘bwplot’
    plot.compExp : <anonymous>: no visible global function definition for
     ‘panel.grid’
    plot.compExp : <anonymous>: no visible global function definition for
     ‘panel.bwplot’
    plot.compExp: no visible global function definition for ‘upViewport’
Flavors: r-devel-osx-x86_64-clang, r-patched-linux-x86_64, r-patched-solaris-sparc, r-patched-solaris-x86, r-release-linux-x86_64, r-release-osx-x86_64-mavericks, r-release-windows-ix86+x86_64, r-oldrel-windows-ix86+x86_64