CRAN Package Check Results for Package DMwR

Last updated on 2014-09-30 05:47:35.

Flavor Version Tinstall Tcheck Ttotal Status Flags
r-devel-linux-x86_64-debian-clang 0.4.1 4.10 37.48 41.58 NOTE
r-devel-linux-x86_64-debian-gcc 0.4.1 3.99 36.05 40.04 NOTE
r-devel-linux-x86_64-fedora-clang 0.4.1 80.33 NOTE
r-devel-linux-x86_64-fedora-gcc 0.4.1 90.36 NOTE
r-devel-osx-x86_64-clang 0.4.1 70.69 NOTE
r-devel-windows-ix86+x86_64 0.4.1 13.00 57.00 70.00 NOTE
r-patched-linux-x86_64 0.4.1 4.14 38.21 42.35 NOTE
r-patched-solaris-sparc 0.4.1 444.30 NOTE
r-patched-solaris-x86 0.4.1 106.30 NOTE
r-release-linux-ix86 0.4.1 6.03 57.25 63.28 NOTE
r-release-linux-x86_64 0.4.1 4.05 38.18 42.22 NOTE
r-release-osx-x86_64-mavericks 0.4.1 NOTE
r-release-osx-x86_64-snowleopard 0.4.1 NOTE
r-release-windows-ix86+x86_64 0.4.1 11.00 66.00 77.00 NOTE
r-oldrel-windows-ix86+x86_64 0.4.1 11.00 64.00 75.00 NOTE

Check Details

Version: 0.4.1
Check: dependencies in R code
Result: NOTE
    Packages in Depends field not imported from:
     ‘grid’ ‘lattice’ ‘methods’
     These packages need to be imported from (in the NAMESPACE file)
     for when this namespace is loaded but not attached.
    Missing object imported by a ':::' call: ‘rpart:::rpconvert’
    Unexported objects imported by ':::' calls:
     ‘quantmod:::chartSeries.chob’ ‘quantmod:::get.current.chob’
     ‘rpart:::rpart.branch’ ‘rpart:::rpartco’
     ‘rpart:::string.bounding.box’
     See the note in ?`:::` about the use of this operator.
    See the information on DESCRIPTION files in the chapter ‘Creating R
    packages’ of the ‘Writing R Extensions’ manual.
Flavors: r-devel-linux-x86_64-debian-clang, r-devel-linux-x86_64-debian-gcc, r-devel-linux-x86_64-fedora-clang, r-devel-linux-x86_64-fedora-gcc, r-devel-osx-x86_64-clang, r-devel-windows-ix86+x86_64, r-patched-linux-x86_64, r-patched-solaris-sparc, r-patched-solaris-x86

Version: 0.4.1
Check: R code for possible problems
Result: NOTE
    .addEq: no visible global function definition for ‘.Eq’
    .addSt: no visible global function definition for ‘.St’
    plot.compExp: no visible global function definition for ‘grid.newpage’
    plot.compExp: no visible global function definition for ‘pushViewport’
    plot.compExp: no visible global function definition for ‘viewport’
    plot.compExp: no visible global function definition for ‘grid.layout’
    plot.compExp: no visible global function definition for ‘bwplot’
    plot.compExp : <anonymous>: no visible global function definition for
     ‘panel.grid’
    plot.compExp : <anonymous>: no visible global function definition for
     ‘panel.bwplot’
    plot.compExp: no visible global function definition for ‘upViewport’
Flavors: r-devel-linux-x86_64-debian-clang, r-devel-linux-x86_64-debian-gcc, r-devel-linux-x86_64-fedora-clang, r-devel-linux-x86_64-fedora-gcc, r-devel-osx-x86_64-clang, r-devel-windows-ix86+x86_64

Version: 0.4.1
Check: dependencies in R code
Result: NOTE
    Packages in Depends field not imported from:
     ‘lattice’ ‘methods’
     These packages need to be imported from (in the NAMESPACE file)
     for when this namespace is loaded but not attached.
    Missing object imported by a ':::' call: ‘rpart:::rpconvert’
    Unexported objects imported by ':::' calls:
     ‘quantmod:::chartSeries.chob’ ‘quantmod:::get.current.chob’
     ‘rpart:::rpart.branch’ ‘rpart:::rpartco’
     ‘rpart:::string.bounding.box’
     See the note in ?`:::` about the use of this operator.
    See the information on DESCRIPTION files in the chapter ‘Creating R
    packages’ of the ‘Writing R Extensions’ manual.
Flavors: r-release-linux-ix86, r-release-linux-x86_64, r-release-osx-x86_64-mavericks, r-release-windows-ix86+x86_64, r-oldrel-windows-ix86+x86_64

Version: 0.4.1
Check: dependencies in R code
Result: NOTE
    Packages in Depends field not imported from:
     'lattice' 'methods'
     These packages need to be imported from for the case when
     this namespace is loaded but not attached.
    Missing object imported by a ':::' call: 'rpart:::rpconvert'
    Unexported objects imported by ':::' calls:
     'quantmod:::chartSeries.chob' 'quantmod:::get.current.chob'
     'rpart:::rpart.branch' 'rpart:::rpartco'
     'rpart:::string.bounding.box'
     See the note in ?`:::` about the use of this operator.
    See the information on DESCRIPTION files in the chapter 'Creating R
    packages' of the 'Writing R Extensions' manual.
Flavor: r-release-osx-x86_64-snowleopard