CRAN Package Check Results for Package DNAmixturesLite

Last updated on 2024-02-28 02:58:03 CET.

Flavor Version Tinstall Tcheck Ttotal Status Flags
r-devel-linux-x86_64-debian-clang 0.0-1 10.60 193.99 204.59 NOTE
r-devel-linux-x86_64-debian-gcc 0.0-1 11.01 143.71 154.72 NOTE
r-devel-linux-x86_64-fedora-clang 0.0-1 255.91 NOTE
r-devel-linux-x86_64-fedora-gcc 0.0-1 262.05 NOTE
r-devel-windows-x86_64 0.0-1 12.00 149.00 161.00 OK
r-patched-linux-x86_64 0.0-1 11.52 188.48 200.00 OK
r-release-linux-x86_64 0.0-1 8.85 188.73 197.58 OK
r-release-macos-arm64 0.0-1 80.00 OK
r-release-macos-x86_64 0.0-1 116.00 OK
r-release-windows-x86_64 0.0-1 16.00 188.00 204.00 OK
r-oldrel-macos-arm64 0.0-1 57.00 OK
r-oldrel-windows-x86_64 0.0-1 16.00 189.00 205.00 OK

Check Details

Version: 0.0-1
Check: Rd files
Result: NOTE checkRd: (-1) setCPT.O.Rd:85: Lost braces; missing escapes or markup? 85 | statespace {0,1,2}, which this is *not* checked anywhere. Thus, if | ^ Flavors: r-devel-linux-x86_64-debian-clang, r-devel-linux-x86_64-debian-gcc, r-devel-linux-x86_64-fedora-clang, r-devel-linux-x86_64-fedora-gcc