CRAN Package Check Results for Package DNAtools

Last updated on 2014-07-22 23:48:17.

Flavor Version Tinstall Tcheck Ttotal Status Flags
r-devel-linux-x86_64-debian-clang 0.1-8 1.69 27.91 29.60 NOTE
r-devel-linux-x86_64-debian-gcc 0.1-8 2.06 27.22 29.28 NOTE
r-devel-linux-x86_64-fedora-clang 0.1-8 61.73 NOTE
r-devel-linux-x86_64-fedora-gcc 0.1-8 58.87 NOTE
r-devel-osx-x86_64-clang 0.1-8 56.07 NOTE
r-devel-windows-ix86+x86_64 0.1-8 9.00 62.00 71.00 NOTE
r-patched-linux-x86_64 0.1-8 2.05 27.11 29.16 NOTE
r-patched-solaris-sparc 0.1-8 318.90 NOTE
r-patched-solaris-x86 0.1-8 71.70 NOTE
r-release-linux-ix86 0.1-8 2.86 37.09 39.95 NOTE
r-release-linux-x86_64 0.1-8 2.08 27.46 29.54 NOTE
r-release-osx-x86_64-mavericks 0.1-8 NOTE
r-release-osx-x86_64-snowleopard 0.1-8 OK
r-release-windows-ix86+x86_64 0.1-8 12.00 68.00 80.00 NOTE
r-oldrel-windows-ix86+x86_64 0.1-8 9.00 70.00 79.00 NOTE

Check Details

Version: 0.1-8
Check: dependencies in R code
Result: NOTE
    Packages in Depends field not imported from:
     ‘Rsolnp’ ‘multicool’
     These packages need to be imported from (in the NAMESPACE file)
     for when this namespace is loaded but not attached.
    See the information on DESCRIPTION files in the chapter ‘Creating R
    packages’ of the ‘Writing R Extensions’ manual.
Flavors: r-devel-linux-x86_64-debian-clang, r-devel-linux-x86_64-debian-gcc, r-devel-linux-x86_64-fedora-clang, r-devel-linux-x86_64-fedora-gcc, r-devel-osx-x86_64-clang, r-devel-windows-ix86+x86_64, r-patched-linux-x86_64, r-patched-solaris-sparc, r-patched-solaris-x86, r-release-linux-ix86, r-release-linux-x86_64, r-release-osx-x86_64-mavericks, r-release-windows-ix86+x86_64, r-oldrel-windows-ix86+x86_64

Version: 0.1-8
Check: re-building of vignette outputs
Result: NOTE
    Error in re-building vignettes:
     ...
    Error in texi2dvi(file = file, pdf = TRUE, clean = clean, quiet = quiet, :
     Running 'texi2dvi' on 'DNAtools.tex' failed.
    LaTeX errors:
    ! LaTeX Error: File `a4wide.sty' not found.
    
    Type X to quit or <RETURN> to proceed,
    or enter new name. (Default extension: sty)
    
    n_test/DNAtools/vignettes/DNAtools.tex:4: ==> Fatal error occurred, no output
    PDF file produced!
    Calls: buildVignettes -> texi2pdf -> texi2dvi
    Execution halted
Flavor: r-release-osx-x86_64-mavericks