CRAN Package Check Results for Package DNAtools

Last updated on 2017-04-27 23:49:46.

Flavor Version Tinstall Tcheck Ttotal Status Flags
r-devel-linux-x86_64-debian-clang 0.1-22 17.92 38.55 56.47 NOTE
r-devel-linux-x86_64-debian-gcc 0.1-22 18.91 37.53 56.45 NOTE
r-devel-linux-x86_64-fedora-clang 0.1-22 107.48 NOTE --no-stop-on-test-error
r-devel-linux-x86_64-fedora-gcc 0.1-22 100.11 NOTE --no-stop-on-test-error
r-devel-windows-ix86+x86_64 0.1-22 51.00 125.00 176.00 OK
r-patched-linux-x86_64 0.1-22 15.71 37.10 52.80 NOTE
r-patched-solaris-sparc 0.1-22 549.70 OK
r-patched-solaris-x86 0.1-22 110.50 OK
r-release-linux-x86_64 0.1-22 15.75 36.84 52.60 NOTE
r-release-windows-ix86+x86_64 0.1-22 50.00 98.00 148.00 OK
r-release-osx-x86_64 0.1-22 WARN
r-oldrel-windows-ix86+x86_64 0.1-22 68.00 86.00 154.00 OK
r-oldrel-osx-x86_64 0.1-22 OK

Check Details

Version: 0.1-22
Check: compiled code
Result: NOTE
    File ‘DNAtools/libs/DNAtools.so’:
     Found no calls to: ‘R_registerRoutines’, ‘R_useDynamicSymbols’
    
    It is good practice to register native routines and to disable symbol
    search.
    
    See ‘Writing portable packages’ in the ‘Writing R Extensions’ manual.
Flavors: r-devel-linux-x86_64-debian-clang, r-devel-linux-x86_64-debian-gcc, r-patched-linux-x86_64, r-release-linux-x86_64

Version: 0.1-22
Flags: --no-stop-on-test-error
Check: compiled code
Result: NOTE
    File ‘DNAtools/libs/DNAtools.so’:
     Found no calls to: ‘R_registerRoutines’, ‘R_useDynamicSymbols’
    
    It is good practice to register native routines and to disable symbol
    search.
    
    See ‘Writing portable packages’ in the ‘Writing R Extensions’ manual.
Flavors: r-devel-linux-x86_64-fedora-clang, r-devel-linux-x86_64-fedora-gcc

Version: 0.1-22
Check: re-building of vignette outputs
Result: WARN
    Error in re-building vignettes:
     ...
    Error in texi2dvi(file = file, pdf = TRUE, clean = clean, quiet = quiet, :
     Running 'texi2dvi' on 'DNAtools.tex' failed.
    LaTeX errors:
    ! LaTeX Error: File `a4wide.sty' not found.
    
    Type X to quit or <RETURN> to proceed,
    or enter new name. (Default extension: sty)
    
    ! Emergency stop.
    <read *>
    
    l.4 \usepackage
     {hyperref}^^M
    ! ==> Fatal error occurred, no output PDF file produced!
    Calls: buildVignettes -> texi2pdf -> texi2dvi
    Execution halted
Flavor: r-release-osx-x86_64