CRAN Package Check Results for Package DNAtools

Last updated on 2015-02-01 11:47:09.

Flavor Version Tinstall Tcheck Ttotal Status Flags
r-devel-linux-x86_64-debian-clang 0.1-21 14.93 29.00 43.93 NOTE
r-devel-linux-x86_64-debian-gcc 0.1-21 18.17 27.34 45.51 NOTE
r-devel-linux-x86_64-fedora-clang 0.1-21 98.83 NOTE
r-devel-linux-x86_64-fedora-gcc 0.1-21 88.77 NOTE
r-devel-osx-x86_64-clang 0.1-21 83.07 NOTE
r-devel-windows-ix86+x86_64 0.1-21 70.00 61.00 131.00 OK
r-patched-linux-x86_64 0.1-21 18.40 32.74 51.14 OK
r-patched-solaris-sparc 0.1-21 607.00 OK
r-patched-solaris-x86 0.1-21 117.90 OK
r-release-linux-ix86 0.1-21 22.15 55.75 77.90 OK
r-release-linux-x86_64 0.1-21 18.51 32.85 51.36 OK
r-release-osx-x86_64-mavericks 0.1-21 OK
r-release-osx-x86_64-snowleopard 0.1-21 ERROR
r-release-windows-ix86+x86_64 0.1-21 58.00 76.00 134.00 OK
r-oldrel-windows-ix86+x86_64 0.1-21 58.00 76.00 134.00 OK

Check Details

Version: 0.1-21
Check: S3 generic/method consistency
Result: NOTE
    Found the following apparent S3 methods exported but not registered:
     print.dbOptim print.dbcompare lines.dbOptim plot.dbOptim
     plot.dbcompare points.dbOptim
    See section ‘Registering S3 methods’ in the ‘Writing R Extensions’
    manual.
Flavors: r-devel-linux-x86_64-debian-clang, r-devel-linux-x86_64-debian-gcc, r-devel-linux-x86_64-fedora-clang, r-devel-linux-x86_64-fedora-gcc, r-devel-osx-x86_64-clang

Version: 0.1-21
Check: whether package can be installed
Result: ERROR
    Installation failed.
Flavor: r-release-osx-x86_64-snowleopard