CRAN Package Check Results for Package DNAtools

Last updated on 2014-12-22 23:48:44.

Flavor Version Tinstall Tcheck Ttotal Status Flags
r-devel-linux-x86_64-debian-clang 0.1-21 15.16 31.63 46.79 OK
r-devel-linux-x86_64-debian-gcc 0.1-21 17.74 30.77 48.50 OK
r-devel-linux-x86_64-fedora-clang 0.1-21 102.53 OK
r-devel-linux-x86_64-fedora-gcc 0.1-21 96.36 OK
r-devel-osx-x86_64-clang 0.1-21 78.09 OK
r-devel-windows-ix86+x86_64 0.1-21 59.00 93.00 152.00 OK
r-patched-linux-x86_64 0.1-21 17.94 34.96 52.90 OK
r-patched-solaris-sparc 0.1-21 580.30 OK
r-patched-solaris-x86 0.1-21 119.60 OK
r-release-linux-ix86 0.1-21 21.55 53.92 75.47 OK
r-release-linux-x86_64 0.1-21 18.36 32.15 50.51 OK
r-release-osx-x86_64-mavericks 0.1-21 NOTE
r-release-osx-x86_64-snowleopard 0.1-21 ERROR
r-release-windows-ix86+x86_64 0.1-21 55.00 78.00 133.00 OK
r-oldrel-windows-ix86+x86_64 0.1-21 58.00 80.00 138.00 OK

Check Details

Version: 0.1-21
Check: re-building of vignette outputs
Result: NOTE
    Error in re-building vignettes:
     ...
    (/usr/local/texlive/2013basic/texmf-dist/tex/latex/latexconfig/graphics.cfg)
    (/usr/local/texlive/2013basic/texmf-dist/tex/latex/pdftex-def/pdftex.def
    (/usr/local/texlive/2013basic/texmf-dist/tex/generic/oberdiek/infwarerr.sty)
    (/usr/local/texlive/2013basic/texmf-dist/tex/generic/oberdiek/ltxcmds.sty))))
    (/usr/local/texlive/2013basic/texmf-dist/tex/latex/booktabs/booktabs.sty)
    (/usr/local/texlive/2013basic/texmf-dist/tex/latex/tools/array.sty)
    (/usr/local/texlive/2013basic/texmf-dist/tex/latex/natbib/natbib.sty)
    
    ! LaTeX Error: File `a4wide.sty' not found.
    
    Type X to quit or <RETURN> to proceed,
    or enter new name. (Default extension: sty)
    
    Enter file name:
    ! Emergency stop.
    <read *>
    
    l.4 \usepackage
     {hyperref}^^M
    ! ==> Fatal error occurred, no output PDF file produced!
    Transcript written on DNAtools.log.
    make: *** [DNAtools.pdf] Error 1
    Error in buildVignettes(dir = "/Builds/CRAN-QA-Simon/packages/mavericks-x86_64/results/3.1/DNAtools.Rcheck/vign_test/DNAtools") :
     running 'make' failed
    Execution halted
Flavor: r-release-osx-x86_64-mavericks

Version: 0.1-21
Check: whether package can be installed
Result: ERROR
    Installation failed.
Flavor: r-release-osx-x86_64-snowleopard