CRAN Package Check Results for Package DNAtools

Last updated on 2014-11-24 09:48:11.

Flavor Version Tinstall Tcheck Ttotal Status Flags
r-devel-linux-x86_64-debian-clang 0.1-21 14.70 32.23 46.92 OK
r-devel-linux-x86_64-debian-gcc 0.1-21 18.32 30.60 48.92 OK
r-devel-linux-x86_64-fedora-clang 0.1-21 105.72 OK
r-devel-linux-x86_64-fedora-gcc 0.1-21 95.49 OK
r-devel-osx-x86_64-clang 0.1-21 84.69 OK
r-devel-windows-ix86+x86_64 0.1-21 53.00 67.00 120.00 OK
r-patched-linux-x86_64 0.1-21 18.04 32.10 50.14 OK
r-patched-solaris-sparc 0.1-21 543.30 OK
r-patched-solaris-x86 0.1-21 116.50 OK
r-release-linux-ix86 0.1-21 21.42 52.16 73.58 OK
r-release-linux-x86_64 0.1-21 18.17 33.55 51.72 OK
r-release-osx-x86_64-mavericks 0.1-21 NOTE
r-release-osx-x86_64-snowleopard 0.1-21 ERROR
r-release-windows-ix86+x86_64 0.1-21 53.00 79.00 132.00 OK
r-oldrel-windows-ix86+x86_64 0.1-21 56.00 78.00 134.00 OK

Check Details

Version: 0.1-21
Check: re-building of vignette outputs
Result: NOTE
    Error in re-building vignettes:
     ...
    (/usr/local/texlive/2013basic/texmf-dist/tex/latex/latexconfig/graphics.cfg)
    (/usr/local/texlive/2013basic/texmf-dist/tex/latex/pdftex-def/pdftex.def
    (/usr/local/texlive/2013basic/texmf-dist/tex/generic/oberdiek/infwarerr.sty)
    (/usr/local/texlive/2013basic/texmf-dist/tex/generic/oberdiek/ltxcmds.sty))))
    (/usr/local/texlive/2013basic/texmf-dist/tex/latex/booktabs/booktabs.sty)
    (/usr/local/texlive/2013basic/texmf-dist/tex/latex/tools/array.sty)
    (/usr/local/texlive/2013basic/texmf-dist/tex/latex/natbib/natbib.sty)
    
    ! LaTeX Error: File `a4wide.sty' not found.
    
    Type X to quit or <RETURN> to proceed,
    or enter new name. (Default extension: sty)
    
    Enter file name:
    ! Emergency stop.
    <read *>
    
    l.4 \usepackage
     {hyperref}^^M
    ! ==> Fatal error occurred, no output PDF file produced!
    Transcript written on DNAtools.log.
    make: *** [DNAtools.pdf] Error 1
    Error in buildVignettes(dir = "/Builds/CRAN-QA-Simon/packages/mavericks-x86_64/results/3.1/DNAtools.Rcheck/vign_test/DNAtools") :
     running 'make' failed
    Execution halted
Flavor: r-release-osx-x86_64-mavericks

Version: 0.1-21
Check: whether package can be installed
Result: ERROR
    Installation failed.
Flavor: r-release-osx-x86_64-snowleopard