CRAN Package Check Results for Package DNAtools

Last updated on 2015-04-02 08:49:27.

Flavor Version Tinstall Tcheck Ttotal Status Flags
r-devel-linux-x86_64-debian-clang 0.1-21 16.26 28.44 44.70 NOTE
r-devel-linux-x86_64-debian-gcc 0.1-21 18.42 27.98 46.40 NOTE
r-devel-linux-x86_64-fedora-clang 0.1-21 93.48 NOTE
r-devel-linux-x86_64-fedora-gcc 0.1-21 87.65 NOTE
r-devel-osx-x86_64-clang 0.1-21 83.70 NOTE
r-prerel-windows-ix86+x86_64 0.1-21 72.00 61.00 133.00 OK
r-prerel-linux-x86_64 0.1-21 18.27 27.81 46.08 NOTE
r-prerel-solaris-sparc 0.1-21 555.50 OK
r-prerel-solaris-x86 0.1-21 105.60 OK
r-release-linux-x86_64 0.1-21 18.49 32.73 51.22 OK
r-release-osx-x86_64-mavericks 0.1-21 OK
r-release-osx-x86_64-snowleopard 0.1-21 ERROR
r-release-windows-ix86+x86_64 0.1-21 75.00 105.00 180.00 OK
r-oldrel-windows-ix86+x86_64 0.1-21 57.00 75.00 132.00 OK

Check Details

Version: 0.1-21
Check: S3 generic/method consistency
Result: NOTE
    Found the following apparent S3 methods exported but not registered:
     lines.dbOptim plot.dbOptim plot.dbcompare points.dbOptim
     print.dbOptim print.dbcompare
    See section ‘Registering S3 methods’ in the ‘Writing R Extensions’
    manual.
Flavors: r-devel-linux-x86_64-debian-clang, r-devel-linux-x86_64-debian-gcc, r-devel-linux-x86_64-fedora-clang, r-devel-linux-x86_64-fedora-gcc, r-devel-osx-x86_64-clang, r-prerel-linux-x86_64

Version: 0.1-21
Check: whether package can be installed
Result: ERROR
    Installation failed.
Flavor: r-release-osx-x86_64-snowleopard