CRAN Package Check Results for Package DNAtools

Last updated on 2016-12-11 03:47:13.

Flavor Version Tinstall Tcheck Ttotal Status Flags
r-devel-linux-x86_64-debian-clang 0.1-21.1 19.98 37.21 57.18 OK
r-devel-linux-x86_64-debian-gcc 0.1-21.1 20.61 36.66 57.28 OK
r-devel-linux-x86_64-fedora-clang 0.1-21.1 107.93 OK --no-stop-on-test-error
r-devel-linux-x86_64-fedora-gcc 0.1-21.1 104.20 OK --no-stop-on-test-error
r-devel-macos-x86_64-clang 0.1-21.1 76.49 OK --no-stop-on-test-error
r-devel-windows-ix86+x86_64 0.1-21.1 55.00 108.00 163.00 WARN
r-patched-linux-x86_64 0.1-21.1 17.76 32.26 50.02 OK
r-patched-solaris-sparc 0.1-21.1 512.70 OK
r-patched-solaris-x86 0.1-21.1 96.00 OK
r-release-linux-x86_64 0.1-21.1 17.33 31.66 48.99 OK
r-release-osx-x86_64-mavericks 0.1-21.1 OK
r-release-windows-ix86+x86_64 0.1-21.1 79.00 77.00 156.00 OK
r-oldrel-windows-ix86+x86_64 0.1-21.1 72.00 89.00 161.00 OK

Check Details

Version: 0.1-21.1
Check: files in ‘vignettes’
Result: WARN
    Files in the 'vignettes' directory newer than all files in 'inst/doc':
     'Makefile'
    Files in the 'vignettes' directory newer than same file in 'inst/doc':
     'DNAtools.Rnw'
Flavor: r-devel-windows-ix86+x86_64