CRAN Package Check Results for Package DNAtools

Last updated on 2014-04-23 20:47:10.

Flavor Version Tinstall Tcheck Ttotal Status Flags
r-devel-linux-x86_64-debian-clang 0.1-8 1.81 28.44 30.25 NOTE
r-devel-linux-x86_64-debian-gcc 0.1-8 2.05 29.78 31.83 NOTE
r-devel-linux-x86_64-fedora-clang 0.1-8 60.28 NOTE
r-devel-linux-x86_64-fedora-gcc 0.1-8 58.19 NOTE
r-devel-osx-x86_64-clang 0.1-8 56.37 NOTE
r-devel-osx-x86_64-gcc 0.1-8 NOTE
r-devel-windows-ix86+x86_64 0.1-8 9.00 60.00 69.00 NOTE
r-patched-linux-x86_64 0.1-8 1.98 28.29 30.26 NOTE
r-patched-solaris-sparc 0.1-8 318.90 NOTE
r-patched-solaris-x86 0.1-8 70.10 NOTE
r-release-linux-ix86 0.1-8 4.00 53.00 57.00 NOTE
r-release-linux-x86_64 0.1-8 2.04 28.48 30.52 NOTE
r-release-osx-x86_64-mavericks 0.1-8 WARN
r-release-osx-x86_64-snowleopard 0.1-8 OK
r-release-windows-ix86+x86_64 0.1-8 14.00 83.00 97.00 NOTE
r-oldrel-windows-ix86+x86_64 0.1-8 9.00 70.00 79.00 NOTE

Check Details

Version: 0.1-8
Check: dependencies in R code
Result: NOTE
    Packages in Depends field not imported from:
     ‘Rsolnp’ ‘multicool’
     These packages need to be imported from (in the NAMESPACE file)
     for when this namespace is loaded but not attached.
    See the information on DESCRIPTION files in the chapter ‘Creating R
    packages’ of the ‘Writing R Extensions’ manual.
Flavors: r-devel-linux-x86_64-debian-clang, r-devel-linux-x86_64-debian-gcc, r-devel-linux-x86_64-fedora-clang, r-devel-linux-x86_64-fedora-gcc, r-devel-osx-x86_64-clang, r-devel-osx-x86_64-gcc, r-devel-windows-ix86+x86_64, r-patched-linux-x86_64, r-patched-solaris-sparc, r-patched-solaris-x86, r-release-linux-ix86, r-release-linux-x86_64, r-release-osx-x86_64-mavericks, r-release-windows-ix86+x86_64, r-oldrel-windows-ix86+x86_64

Version: 0.1-8
Check: re-building of vignette outputs
Result: NOTE
    Error in re-building vignettes:
     ...
    Error in texi2dvi(file = file, pdf = TRUE, clean = clean, quiet = quiet, :
     Running 'texi2dvi' on 'DNAtools.tex' failed.
    LaTeX errors:
    ! LaTeX Error: File `a4wide.sty' not found.
    
    Type X to quit or <RETURN> to proceed,
    or enter new name. (Default extension: sty)
    
    n_test/DNAtools/vignettes/DNAtools.tex:4: ==> Fatal error occurred, no output
    PDF file produced!
    Calls: buildVignettes -> texi2pdf -> texi2dvi
    Execution halted
Flavor: r-release-osx-x86_64-mavericks

Version: 0.1-8
Check: PDF version of manual
Result: WARNING
    LaTeX errors when creating PDF version.
    This typically indicates Rd problems.
    LaTeX errors found:
    ! LaTeX Error: File `upquote.sty' not found.
    
    Type X to quit or <RETURN> to proceed,
    or enter new name. (Default extension: sty)
    
    ffd9b5d/Rd2.tex:8: ==> Fatal error occurred, no output PDF file produced!
Flavor: r-release-osx-x86_64-mavericks