CRAN Package Check Results for Package DNAtools

Last updated on 2017-10-21 00:51:39.

Flavor Version Tinstall Tcheck Ttotal Status Flags
r-devel-linux-x86_64-debian-clang 0.1-22 19.42 37.37 56.80 NOTE
r-devel-linux-x86_64-debian-gcc 0.1-22 22.17 41.58 63.75 NOTE
r-devel-linux-x86_64-fedora-clang 0.1-22 111.32 NOTE
r-devel-linux-x86_64-fedora-gcc 0.1-22 110.26 NOTE
r-devel-windows-ix86+x86_64 0.1-22 61.00 129.00 190.00 OK
r-patched-linux-x86_64 0.1-22 21.31 36.75 58.06 NOTE
r-patched-solaris-x86 0.1-22 115.40 OK
r-release-linux-x86_64 0.1-22 20.98 36.98 57.96 NOTE
r-release-windows-ix86+x86_64 0.1-22 84.00 93.00 177.00 OK
r-release-osx-x86_64 0.1-22 WARN
r-oldrel-windows-ix86+x86_64 0.1-22 55.00 113.00 168.00 OK
r-oldrel-osx-x86_64 0.1-22 OK

Check Details

Version: 0.1-22
Check: compiled code
Result: NOTE
    File ‘DNAtools/libs/DNAtools.so’:
     Found no calls to: ‘R_registerRoutines’, ‘R_useDynamicSymbols’
    
    It is good practice to register native routines and to disable symbol
    search.
    
    See ‘Writing portable packages’ in the ‘Writing R Extensions’ manual.
Flavors: r-devel-linux-x86_64-debian-clang, r-devel-linux-x86_64-debian-gcc, r-devel-linux-x86_64-fedora-clang, r-devel-linux-x86_64-fedora-gcc, r-patched-linux-x86_64, r-release-linux-x86_64

Version: 0.1-22
Check: re-building of vignette outputs
Result: WARN
    Error in re-building vignettes:
     ...
    Error in texi2dvi(file = file, pdf = TRUE, clean = clean, quiet = quiet, :
     Running 'texi2dvi' on 'DNAtools.tex' failed.
    LaTeX errors:
    ! LaTeX Error: File `a4wide.sty' not found.
    
    Type X to quit or <RETURN> to proceed,
    or enter new name. (Default extension: sty)
    
    ! Emergency stop.
    <read *>
    
    l.4 \usepackage
     {hyperref}^^M
    ! ==> Fatal error occurred, no output PDF file produced!
    Calls: buildVignettes -> texi2pdf -> texi2dvi
    Execution halted
Flavor: r-release-osx-x86_64