CRAN Package Check Results for Package DNAtools

Last updated on 2017-02-27 23:03:22.

Flavor Version Tinstall Tcheck Ttotal Status Flags
r-devel-linux-x86_64-debian-clang 0.1-22 16.95 38.81 55.76 NOTE
r-devel-linux-x86_64-debian-gcc 0.1-22 18.29 38.55 56.84 NOTE
r-devel-linux-x86_64-fedora-clang 0.1-22 113.43 NOTE --no-stop-on-test-error
r-devel-linux-x86_64-fedora-gcc 0.1-22 103.51 NOTE --no-stop-on-test-error
r-devel-macos-x86_64-clang 0.1-22 75.01 NOTE --no-stop-on-test-error
r-devel-windows-ix86+x86_64 0.1-22 58.00 138.00 196.00 OK
r-patched-linux-x86_64 0.1-22 15.56 33.88 49.44 OK
r-patched-solaris-sparc 0.1-22 485.10 OK
r-patched-solaris-x86 0.1-22 98.50 OK
r-release-linux-x86_64 0.1-22 15.22 32.80 48.02 OK
r-release-osx-x86_64-mavericks 0.1-22 OK
r-release-windows-ix86+x86_64 0.1-22 84.00 100.00 184.00 OK
r-oldrel-windows-ix86+x86_64 0.1-22 43.00 112.00 155.00 OK

Check Details

Version: 0.1-22
Check: compiled code
Result: NOTE
    File ‘DNAtools/libs/DNAtools.so’:
     Found no calls to: ‘R_registerRoutines’, ‘R_useDynamicSymbols’
    
    It is good practice to register native routines and to disable symbol
    search.
    
    See ‘Writing portable packages’ in the ‘Writing R Extensions’ manual.
Flavors: r-devel-linux-x86_64-debian-clang, r-devel-linux-x86_64-debian-gcc

Version: 0.1-22
Flags: --no-stop-on-test-error
Check: compiled code
Result: NOTE
    File ‘DNAtools/libs/DNAtools.so’:
     Found no calls to: ‘R_registerRoutines’, ‘R_useDynamicSymbols’
    
    It is good practice to register native routines and to disable symbol
    search.
    
    See ‘Writing portable packages’ in the ‘Writing R Extensions’ manual.
Flavors: r-devel-linux-x86_64-fedora-clang, r-devel-linux-x86_64-fedora-gcc, r-devel-macos-x86_64-clang