CRAN Package Check Results for Package DNAtools

Last updated on 2016-06-25 11:49:04.

Flavor Version Tinstall Tcheck Ttotal Status Flags
r-devel-linux-x86_64-debian-gcc 0.1-21 13.53 1.82 15.35 ERROR
r-devel-linux-x86_64-fedora-clang 0.1-21 102.03 NOTE
r-devel-linux-x86_64-fedora-gcc 0.1-21 90.53 NOTE
r-devel-osx-x86_64-clang 0.1-21 71.90 NOTE
r-devel-windows-ix86+x86_64 0.1-21 78.00 97.00 175.00 NOTE
r-patched-linux-x86_64 0.1-21 18.55 32.28 50.82 NOTE
r-patched-solaris-sparc 0.1-21 530.10 NOTE
r-patched-solaris-x86 0.1-21 101.80 NOTE
r-release-linux-x86_64 0.1-21 17.41 32.00 49.41 NOTE
r-release-osx-x86_64-mavericks 0.1-21 NOTE
r-release-windows-ix86+x86_64 0.1-21 79.00 72.00 151.00 NOTE
r-oldrel-windows-ix86+x86_64 0.1-21 76.00 107.00 183.00 OK

Check Details

Version: 0.1-21
Check: whether package can be installed
Result: ERROR
    Installation failed.
Flavor: r-devel-linux-x86_64-debian-gcc

Version: 0.1-21
Check: S3 generic/method consistency
Result: NOTE
    Found the following apparent S3 methods exported but not registered:
     lines.dbOptim plot.dbOptim plot.dbcompare points.dbOptim
     print.dbOptim print.dbcompare
    See section ‘Registering S3 methods’ in the ‘Writing R Extensions’
    manual.
Flavors: r-devel-linux-x86_64-fedora-clang, r-devel-linux-x86_64-fedora-gcc, r-devel-osx-x86_64-clang, r-patched-linux-x86_64, r-patched-solaris-sparc, r-patched-solaris-x86, r-release-linux-x86_64

Version: 0.1-21
Check: R code for possible problems
Result: NOTE
    PNm.locus: no visible global function definition for ‘aggregate’
    dbCompare : isAmelogenin: no visible global function definition for
     ‘head’
    estimatePD : <anonymous>: no visible global function definition for
     ‘optimise’
    estimatePD: no visible global function definition for ‘optimise’
    lines.dbOptim: no visible global function definition for ‘points’
    locusrecur: no visible global function definition for ‘aggregate’
    noaTabs: no visible global function definition for ‘aggregate’
    plot.dbOptim: no visible global function definition for ‘plot’
    plot.dbcompare: no visible global function definition for ‘plot’
    plot.dbcompare: no visible global function definition for ‘axis’
    plot.dbcompare: no visible global function definition for ‘box’
    points.dbOptim: no visible global function definition for ‘points’
    Undefined global functions or variables:
     aggregate axis box head optimise plot points
    Consider adding
     importFrom("graphics", "axis", "box", "plot", "points")
     importFrom("stats", "aggregate", "optimise")
     importFrom("utils", "head")
    to your NAMESPACE file.
Flavors: r-devel-linux-x86_64-fedora-clang, r-devel-linux-x86_64-fedora-gcc, r-devel-osx-x86_64-clang, r-devel-windows-ix86+x86_64, r-patched-linux-x86_64, r-patched-solaris-sparc, r-patched-solaris-x86, r-release-linux-x86_64, r-release-osx-x86_64-mavericks, r-release-windows-ix86+x86_64

Version: 0.1-21
Check: installed package size
Result: NOTE
     installed size is 5.9Mb
     sub-directories of 1Mb or more:
     libs 5.4Mb
Flavors: r-patched-solaris-sparc, r-patched-solaris-x86