CRAN Package Check Results for Package DNAtools

Last updated on 2016-05-24 21:49:23.

Flavor Version Tinstall Tcheck Ttotal Status Flags
r-devel-linux-x86_64-debian-gcc 0.1-21 13.17 1.71 14.87 ERROR
r-devel-linux-x86_64-fedora-clang 0.1-21 97.52 NOTE
r-devel-linux-x86_64-fedora-gcc 0.1-21 91.24 NOTE
r-devel-osx-x86_64-clang 0.1-21 90.17 NOTE
r-devel-windows-ix86+x86_64 0.1-21 60.00 99.00 159.00 NOTE
r-patched-linux-x86_64 0.1-21 17.51 30.13 47.64 NOTE
r-patched-solaris-sparc 0.1-21 524.80 NOTE
r-patched-solaris-x86 0.1-21 100.70 NOTE
r-release-linux-x86_64 0.1-21 17.86 29.91 47.77 NOTE
r-release-osx-x86_64-mavericks 0.1-21 NOTE
r-release-windows-ix86+x86_64 0.1-21 60.00 99.00 159.00 NOTE
r-oldrel-windows-ix86+x86_64 0.1-21 79.00 83.00 162.00 OK

Check Details

Version: 0.1-21
Check: whether package can be installed
Result: ERROR
    Installation failed.
Flavor: r-devel-linux-x86_64-debian-gcc

Version: 0.1-21
Check: S3 generic/method consistency
Result: NOTE
    Found the following apparent S3 methods exported but not registered:
     lines.dbOptim plot.dbOptim plot.dbcompare points.dbOptim
     print.dbOptim print.dbcompare
    See section ‘Registering S3 methods’ in the ‘Writing R Extensions’
    manual.
Flavors: r-devel-linux-x86_64-fedora-clang, r-devel-linux-x86_64-fedora-gcc, r-devel-osx-x86_64-clang, r-patched-linux-x86_64, r-patched-solaris-sparc, r-patched-solaris-x86, r-release-linux-x86_64

Version: 0.1-21
Check: R code for possible problems
Result: NOTE
    PNm.locus: no visible global function definition for ‘aggregate’
    dbCompare : isAmelogenin: no visible global function definition for
     ‘head’
    estimatePD : <anonymous>: no visible global function definition for
     ‘optimise’
    estimatePD: no visible global function definition for ‘optimise’
    lines.dbOptim: no visible global function definition for ‘points’
    locusrecur: no visible global function definition for ‘aggregate’
    noaTabs: no visible global function definition for ‘aggregate’
    plot.dbOptim: no visible global function definition for ‘plot’
    plot.dbcompare: no visible global function definition for ‘plot’
    plot.dbcompare: no visible global function definition for ‘axis’
    plot.dbcompare: no visible global function definition for ‘box’
    points.dbOptim: no visible global function definition for ‘points’
    Undefined global functions or variables:
     aggregate axis box head optimise plot points
    Consider adding
     importFrom("graphics", "axis", "box", "plot", "points")
     importFrom("stats", "aggregate", "optimise")
     importFrom("utils", "head")
    to your NAMESPACE file.
Flavors: r-devel-linux-x86_64-fedora-clang, r-devel-linux-x86_64-fedora-gcc, r-devel-osx-x86_64-clang, r-devel-windows-ix86+x86_64, r-patched-linux-x86_64, r-patched-solaris-sparc, r-patched-solaris-x86, r-release-linux-x86_64, r-release-osx-x86_64-mavericks, r-release-windows-ix86+x86_64