CRAN Package Check Results for Package DNAtools

Last updated on 2016-09-27 16:47:38.

Flavor Version Tinstall Tcheck Ttotal Status Flags
r-devel-linux-x86_64-debian-clang 0.1-21.1 19.37 31.59 50.96 WARN
r-devel-linux-x86_64-debian-gcc 0.1-21.1 20.89 33.81 54.70 WARN
r-devel-linux-x86_64-fedora-clang 0.1-21.1 98.84 WARN
r-devel-linux-x86_64-fedora-gcc 0.1-21.1 92.90 WARN
r-devel-macos-x86_64-clang 0.1-21.1 70.59 WARN
r-devel-windows-ix86+x86_64 0.1-21.1 88.00 95.00 183.00 WARN
r-patched-linux-x86_64 0.1-21.1 17.28 30.33 47.61 OK
r-patched-solaris-sparc 0.1-21.1 513.30 OK
r-patched-solaris-x86 0.1-21.1 97.30 OK
r-release-linux-x86_64 0.1-21.1 18.31 31.96 50.27 OK
r-release-osx-x86_64-mavericks 0.1-21.1 OK
r-release-windows-ix86+x86_64 0.1-21.1 80.00 93.00 173.00 OK
r-oldrel-windows-ix86+x86_64 0.1-21.1 72.00 115.00 187.00 OK

Check Details

Version: 0.1-21.1
Check: files in ‘vignettes’
Result: WARN
    Files in the 'vignettes' directory newer than all files in 'inst/doc':
     ‘Makefile’
    Files in the 'vignettes' directory newer than same file in 'inst/doc':
     ‘DNAtools.Rnw’
Flavors: r-devel-linux-x86_64-debian-clang, r-devel-linux-x86_64-debian-gcc, r-devel-linux-x86_64-fedora-clang, r-devel-linux-x86_64-fedora-gcc, r-devel-macos-x86_64-clang, r-devel-windows-ix86+x86_64