CRAN Package Check Results for Package DNAtools

Last updated on 2015-05-25 02:47:21.

Flavor Version Tinstall Tcheck Ttotal Status Flags
r-devel-linux-x86_64-debian-clang 0.1-21 16.27 28.44 44.72 NOTE
r-devel-linux-x86_64-debian-gcc 0.1-21 18.76 27.48 46.24 NOTE
r-devel-linux-x86_64-fedora-clang 0.1-21 94.15 NOTE
r-devel-linux-x86_64-fedora-gcc 0.1-21 88.20 NOTE
r-devel-osx-x86_64-clang 0.1-21 75.50 NOTE
r-devel-windows-ix86+x86_64 0.1-21 55.00 65.00 120.00 OK
r-patched-linux-x86_64 0.1-21 18.40 27.69 46.08 NOTE
r-patched-solaris-sparc 0.1-21 537.50 NOTE
r-patched-solaris-x86 0.1-21 106.90 NOTE
r-release-linux-x86_64 0.1-21 18.61 27.80 46.41 NOTE
r-release-osx-x86_64-mavericks 0.1-21 OK
r-release-osx-x86_64-snowleopard 0.1-21 ERROR
r-release-windows-ix86+x86_64 0.1-21 59.00 67.00 126.00 OK
r-oldrel-windows-ix86+x86_64 0.1-21 49.00 72.00 121.00 OK

Check Details

Version: 0.1-21
Check: S3 generic/method consistency
Result: NOTE
    Found the following apparent S3 methods exported but not registered:
     lines.dbOptim plot.dbOptim plot.dbcompare points.dbOptim
     print.dbOptim print.dbcompare
    See section ‘Registering S3 methods’ in the ‘Writing R Extensions’
    manual.
Flavors: r-devel-linux-x86_64-debian-clang, r-devel-linux-x86_64-debian-gcc, r-devel-linux-x86_64-fedora-clang, r-devel-linux-x86_64-fedora-gcc, r-devel-osx-x86_64-clang, r-patched-linux-x86_64, r-patched-solaris-sparc, r-patched-solaris-x86, r-release-linux-x86_64

Version: 0.1-21
Check: whether package can be installed
Result: ERROR
    Installation failed.
Flavor: r-release-osx-x86_64-snowleopard