CRAN Package Check Results for Package DNAtools

Last updated on 2017-01-20 19:46:54.

Flavor Version Tinstall Tcheck Ttotal Status Flags
r-devel-linux-x86_64-debian-clang 0.1-21.1 10.67 2.23 12.90 ERROR
r-devel-linux-x86_64-debian-gcc 0.1-21.1 11.07 2.37 13.44 ERROR
r-devel-linux-x86_64-fedora-clang 0.1-21.1 41.76 ERROR --no-stop-on-test-error
r-devel-linux-x86_64-fedora-gcc 0.1-21.1 37.73 ERROR --no-stop-on-test-error
r-devel-macos-x86_64-clang 0.1-21.1 22.88 ERROR --no-stop-on-test-error
r-devel-windows-ix86+x86_64 0.1-21.1 22.00 5.00 27.00 ERROR
r-patched-linux-x86_64 0.1-21.1 9.62 2.42 12.04 ERROR
r-patched-solaris-sparc 0.1-21.1 108.50 ERROR
r-patched-solaris-x86 0.1-21.1 22.40 ERROR
r-release-linux-x86_64 0.1-21.1 9.57 2.11 11.67 ERROR
r-release-osx-x86_64-mavericks 0.1-21.1 OK
r-release-windows-ix86+x86_64 0.1-21.1 16.00 5.00 21.00 ERROR
r-oldrel-windows-ix86+x86_64 0.1-21.1 27.00 4.00 31.00 ERROR

Check Details

Version: 0.1-21.1
Check: whether package can be installed
Result: ERROR
    Installation failed.
Flavors: r-devel-linux-x86_64-debian-clang, r-devel-linux-x86_64-debian-gcc, r-devel-windows-ix86+x86_64, r-patched-linux-x86_64, r-patched-solaris-sparc, r-patched-solaris-x86, r-release-linux-x86_64, r-release-windows-ix86+x86_64, r-oldrel-windows-ix86+x86_64

Version: 0.1-21.1
Flags: --no-stop-on-test-error
Check: whether package can be installed
Result: ERROR
    Installation failed.
Flavors: r-devel-linux-x86_64-fedora-clang, r-devel-linux-x86_64-fedora-gcc, r-devel-macos-x86_64-clang