CRAN Package Check Results for Package DNAtools

Last updated on 2015-03-06 23:48:15.

Flavor Version Tinstall Tcheck Ttotal Status Flags
r-devel-linux-x86_64-debian-clang 0.1-21 15.13 29.19 44.32 NOTE
r-devel-linux-x86_64-debian-gcc 0.1-21 18.10 28.41 46.51 NOTE
r-devel-linux-x86_64-fedora-clang 0.1-21 93.98 NOTE
r-devel-linux-x86_64-fedora-gcc 0.1-21 87.70 NOTE
r-devel-osx-x86_64-clang 0.1-21 77.00 NOTE
r-devel-windows-ix86+x86_64 0.1-21 72.00 63.00 135.00 OK
r-patched-linux-x86_64 0.1-21 18.46 32.64 51.10 OK
r-patched-solaris-sparc 0.1-21 613.00 OK
r-patched-solaris-x86 0.1-21 117.20 OK
r-release-linux-ix86 0.1-21 22.28 53.13 75.41 OK
r-release-linux-x86_64 0.1-21 19.88 32.32 52.20 OK
r-release-osx-x86_64-mavericks 0.1-21 OK
r-release-osx-x86_64-snowleopard 0.1-21 ERROR
r-release-windows-ix86+x86_64 0.1-21 55.00 76.00 131.00 OK
r-oldrel-windows-ix86+x86_64 0.1-21 70.00 81.00 151.00 OK

Check Details

Version: 0.1-21
Check: S3 generic/method consistency
Result: NOTE
    Found the following apparent S3 methods exported but not registered:
     lines.dbOptim plot.dbOptim plot.dbcompare points.dbOptim
     print.dbOptim print.dbcompare
    See section ‘Registering S3 methods’ in the ‘Writing R Extensions’
    manual.
Flavors: r-devel-linux-x86_64-debian-clang, r-devel-linux-x86_64-debian-gcc, r-devel-linux-x86_64-fedora-clang, r-devel-linux-x86_64-fedora-gcc, r-devel-osx-x86_64-clang

Version: 0.1-21
Check: whether package can be installed
Result: ERROR
    Installation failed.
Flavor: r-release-osx-x86_64-snowleopard