CRAN Package Check Results for Package DNAtools

Last updated on 2017-06-22 13:46:41.

Flavor Version Tinstall Tcheck Ttotal Status Flags
r-devel-linux-x86_64-debian-clang 0.1-22 19.64 38.26 57.90 NOTE
r-devel-linux-x86_64-debian-gcc 0.1-22 21.34 39.74 61.08 NOTE
r-devel-linux-x86_64-fedora-clang 0.1-22 111.99 NOTE
r-devel-linux-x86_64-fedora-gcc 0.1-22 108.21 NOTE
r-devel-windows-ix86+x86_64 0.1-22 88.00 109.00 197.00 OK
r-patched-linux-x86_64 0.1-22 18.59 38.01 56.60 NOTE
r-patched-solaris-sparc 0.1-22 549.70 OK
r-patched-solaris-x86 0.1-22 114.90 OK
r-release-linux-x86_64 0.1-22 18.77 37.88 56.64 NOTE
r-release-windows-ix86+x86_64 0.1-22 90.00 120.00 210.00 OK
r-release-osx-x86_64 0.1-22 WARN
r-oldrel-windows-ix86+x86_64 0.1-22 83.00 89.00 172.00 OK
r-oldrel-osx-x86_64 0.1-22 OK

Check Details

Version: 0.1-22
Check: compiled code
Result: NOTE
    File ‘DNAtools/libs/DNAtools.so’:
     Found no calls to: ‘R_registerRoutines’, ‘R_useDynamicSymbols’
    
    It is good practice to register native routines and to disable symbol
    search.
    
    See ‘Writing portable packages’ in the ‘Writing R Extensions’ manual.
Flavors: r-devel-linux-x86_64-debian-clang, r-devel-linux-x86_64-debian-gcc, r-devel-linux-x86_64-fedora-clang, r-devel-linux-x86_64-fedora-gcc, r-patched-linux-x86_64, r-release-linux-x86_64

Version: 0.1-22
Check: re-building of vignette outputs
Result: WARN
    Error in re-building vignettes:
     ...
    Error in texi2dvi(file = file, pdf = TRUE, clean = clean, quiet = quiet, :
     Running 'texi2dvi' on 'DNAtools.tex' failed.
    LaTeX errors:
    ! LaTeX Error: File `a4wide.sty' not found.
    
    Type X to quit or <RETURN> to proceed,
    or enter new name. (Default extension: sty)
    
    ! Emergency stop.
    <read *>
    
    l.4 \usepackage
     {hyperref}^^M
    ! ==> Fatal error occurred, no output PDF file produced!
    Calls: buildVignettes -> texi2pdf -> texi2dvi
    Execution halted
Flavor: r-release-osx-x86_64