CRAN Package Check Results for Package DNMF

Last updated on 2021-11-27 23:51:22 CET.

Flavor Version Tinstall Tcheck Ttotal Status Flags
r-devel-linux-x86_64-debian-clang 1.3 NOTE
r-devel-linux-x86_64-debian-gcc 1.3 5.99 46.17 52.16 NOTE
r-devel-linux-x86_64-fedora-clang 1.3 90.16 NOTE
r-devel-linux-x86_64-fedora-gcc 1.3 79.50 NOTE
r-devel-windows-x86_64-new-UL 1.3 12.00 98.00 110.00 NOTE
r-devel-windows-x86_64-new-TK 1.3 NOTE
r-devel-windows-x86_64-old 1.3 7.00 85.00 92.00 NOTE
r-patched-linux-x86_64 1.3 7.10 57.45 64.55 NOTE
r-patched-solaris-x86 1.3 128.40 NOTE
r-release-linux-x86_64 1.3 NOTE
r-release-macos-arm64 1.3 NOTE
r-release-macos-x86_64 1.3 NOTE
r-release-windows-ix86+x86_64 1.3 16.00 57.00 73.00 NOTE
r-oldrel-macos-x86_64 1.3 NOTE
r-oldrel-windows-ix86+x86_64 1.3 11.00 83.00 94.00 NOTE

Check Details

Version: 1.3
Check: R code for possible problems
Result: NOTE
    DNMF: no visible global function definition for 'runif'
    NMFpval: no visible global function definition for 'p.adjust'
    ndNMF: no visible global function definition for 'runif'
    rnk: no visible global function definition for 'write.table'
    Undefined global functions or variables:
     p.adjust runif write.table
    Consider adding
     importFrom("stats", "p.adjust", "runif")
     importFrom("utils", "write.table")
    to your NAMESPACE file.
Flavors: r-devel-linux-x86_64-debian-clang, r-devel-linux-x86_64-debian-gcc, r-devel-linux-x86_64-fedora-clang, r-devel-linux-x86_64-fedora-gcc, r-devel-windows-x86_64-new-UL, r-devel-windows-x86_64-new-TK, r-devel-windows-x86_64-old, r-patched-linux-x86_64, r-patched-solaris-x86, r-release-linux-x86_64, r-release-macos-arm64, r-release-macos-x86_64, r-release-windows-ix86+x86_64, r-oldrel-macos-x86_64, r-oldrel-windows-ix86+x86_64

Version: 1.3
Check: LazyData
Result: NOTE
     'LazyData' is specified without a 'data' directory
Flavors: r-devel-linux-x86_64-debian-clang, r-devel-linux-x86_64-debian-gcc, r-devel-linux-x86_64-fedora-clang, r-devel-linux-x86_64-fedora-gcc, r-devel-windows-x86_64-new-UL, r-devel-windows-x86_64-new-TK, r-devel-windows-x86_64-old, r-patched-linux-x86_64, r-patched-solaris-x86, r-release-linux-x86_64, r-release-macos-arm64, r-release-macos-x86_64, r-release-windows-ix86+x86_64