CRAN Package Check Results for Package DOBAD

Last updated on 2014-07-31 22:47:11.

Flavor Version Tinstall Tcheck Ttotal Status Flags
r-devel-linux-x86_64-debian-clang 1.0.3 1.40 235.32 236.71 OK
r-devel-linux-x86_64-debian-gcc 1.0.3 1.37 227.10 228.46 OK
r-devel-linux-x86_64-fedora-clang 1.0.3 536.82 OK
r-devel-linux-x86_64-fedora-gcc 1.0.3 504.87 OK
r-devel-osx-x86_64-clang 1.0.3 390.22 OK
r-devel-windows-ix86+x86_64 1.0.3 4.00 368.00 372.00 OK
r-patched-linux-x86_64 1.0.3 1.48 227.83 229.30 OK
r-patched-solaris-sparc 1.0.3 279.20 OK --no-vignettes
r-patched-solaris-x86 1.0.3 504.60 NOTE
r-release-linux-ix86 1.0.3 1.84 289.89 291.74 OK
r-release-linux-x86_64 1.0.3 1.50 235.13 236.64 OK
r-release-osx-x86_64-mavericks 1.0.3 NOTE
r-release-osx-x86_64-snowleopard 1.0.3 OK
r-release-windows-ix86+x86_64 1.0.3 6.00 506.00 512.00 OK
r-oldrel-windows-ix86+x86_64 1.0.3 7.00 563.00 570.00 OK

Check Details

Version: 1.0.3
Check: re-building of vignette outputs
Result: NOTE
    Error in re-building vignettes:
     ...
    Loading required package: numDeriv
    make: Fatal error: Don't know how to make target `BD_EM.pdf'
    Current working directory /home/ripley/R/packages/tests32/DOBAD.Rcheck/vign_test/DOBAD/vignettes
    Error in buildVignettes(dir = "/home/ripley/R/packages/tests32/DOBAD.Rcheck/vign_test/DOBAD") :
     running 'make' failed
    Execution halted
Flavor: r-patched-solaris-x86

Version: 1.0.3
Check: re-building of vignette outputs
Result: NOTE
    Error in re-building vignettes:
     ...
    (/usr/local/texlive/2013basic/texmf-dist/tex/generic/babel/babel.def)))
    (/usr/local/texlive/2013basic/texmf-dist/tex/latex/graphics/graphicx.sty
    (/usr/local/texlive/2013basic/texmf-dist/tex/latex/graphics/keyval.sty)
    (/usr/local/texlive/2013basic/texmf-dist/tex/latex/graphics/graphics.sty
    (/usr/local/texlive/2013basic/texmf-dist/tex/latex/graphics/trig.sty)
    (/usr/local/texlive/2013basic/texmf-dist/tex/latex/latexconfig/graphics.cfg)
    (/usr/local/texlive/2013basic/texmf-dist/tex/latex/graphics/dvips.def)))
    
    ! LaTeX Error: File `versions.sty' not found.
    
    Type X to quit or <RETURN> to proceed,
    or enter new name. (Default extension: sty)
    
    Enter file name:
    ! Emergency stop.
    <read *>
    
    l.19 \usepackage
     {amsmath}^^M
    No pages of output.
    Transcript written on BD_EM.log.
    make: *** [BD_EM.dvi] Error 1
    Error in buildVignettes(dir = "/Builds/CRAN-QA-Simon/packages/mavericks-x86_64/results/3.1/DOBAD.Rcheck/vign_test/DOBAD") :
     running 'make' failed
    Execution halted
Flavor: r-release-osx-x86_64-mavericks