CRAN Package Check Results for Package DOBAD

Last updated on 2014-09-02 13:46:52.

Flavor Version Tinstall Tcheck Ttotal Status Flags
r-devel-linux-x86_64-debian-clang 1.0.3 1.42 229.89 231.31 NOTE
r-devel-linux-x86_64-debian-gcc 1.0.3 1.35 236.20 237.55 NOTE
r-devel-linux-x86_64-fedora-clang 1.0.3 523.75 NOTE
r-devel-linux-x86_64-fedora-gcc 1.0.3 501.03 NOTE
r-devel-osx-x86_64-clang 1.0.3 384.87 NOTE
r-devel-windows-ix86+x86_64 1.0.3 4.00 358.00 362.00 NOTE
r-patched-linux-x86_64 1.0.3 1.39 229.81 231.20 NOTE
r-patched-solaris-sparc 1.0.3 295.70 NOTE --no-vignettes
r-patched-solaris-x86 1.0.3 497.00 NOTE
r-release-linux-ix86 1.0.3 1.85 291.78 293.63 OK
r-release-linux-x86_64 1.0.3 1.40 237.84 239.24 OK
r-release-osx-x86_64-mavericks 1.0.3 NOTE
r-release-osx-x86_64-snowleopard 1.0.3 OK
r-release-windows-ix86+x86_64 1.0.3 4.00 368.00 372.00 OK
r-oldrel-windows-ix86+x86_64 1.0.3 6.00 410.00 416.00 OK

Check Details

Version: 1.0.3
Check: R code for possible problems
Result: NOTE
    BDPOloglikeGradSqr.CTMC_PO_1: no visible global function definition for
     ‘grad’
    BDPOloglikeGradSqr.CTMC_PO_many: no visible global function definition
     for ‘grad’
    graph.CTMC: no visible global function definition for ‘trellis.device’
    graph.CTMC.PO: no visible global function definition for
     ‘trellis.device’
Flavors: r-devel-linux-x86_64-debian-clang, r-devel-linux-x86_64-debian-gcc, r-devel-linux-x86_64-fedora-clang, r-devel-linux-x86_64-fedora-gcc, r-devel-osx-x86_64-clang, r-devel-windows-ix86+x86_64

Version: 1.0.3
Check: files in ‘vignettes’
Result: NOTE
    The following files look like leftovers/mistakes:
     ‘Rplots.pdf’
    Please remove them from your package.
Flavors: r-devel-linux-x86_64-debian-clang, r-devel-linux-x86_64-debian-gcc, r-devel-linux-x86_64-fedora-clang, r-devel-linux-x86_64-fedora-gcc, r-devel-osx-x86_64-clang, r-devel-windows-ix86+x86_64, r-patched-linux-x86_64, r-patched-solaris-x86

Version: 1.0.3
Flags: --no-vignettes
Check: files in ‘vignettes’
Result: NOTE
    The following files look like leftovers/mistakes:
     ‘Rplots.pdf’
    Please remove them from your package.
Flavor: r-patched-solaris-sparc

Version: 1.0.3
Check: re-building of vignette outputs
Result: NOTE
    Error in re-building vignettes:
     ...
    Loading required package: numDeriv
    make: Fatal error: Don't know how to make target `BD_EM.pdf'
    Current working directory /home/ripley/R/packages/tests32/DOBAD.Rcheck/vign_test/DOBAD/vignettes
    Error in buildVignettes(dir = "/home/ripley/R/packages/tests32/DOBAD.Rcheck/vign_test/DOBAD") :
     running 'make' failed
    Execution halted
Flavor: r-patched-solaris-x86

Version: 1.0.3
Check: re-building of vignette outputs
Result: NOTE
    Error in re-building vignettes:
     ...
    (/usr/local/texlive/2013basic/texmf-dist/tex/generic/babel/babel.def)))
    (/usr/local/texlive/2013basic/texmf-dist/tex/latex/graphics/graphicx.sty
    (/usr/local/texlive/2013basic/texmf-dist/tex/latex/graphics/keyval.sty)
    (/usr/local/texlive/2013basic/texmf-dist/tex/latex/graphics/graphics.sty
    (/usr/local/texlive/2013basic/texmf-dist/tex/latex/graphics/trig.sty)
    (/usr/local/texlive/2013basic/texmf-dist/tex/latex/latexconfig/graphics.cfg)
    (/usr/local/texlive/2013basic/texmf-dist/tex/latex/graphics/dvips.def)))
    
    ! LaTeX Error: File `versions.sty' not found.
    
    Type X to quit or <RETURN> to proceed,
    or enter new name. (Default extension: sty)
    
    Enter file name:
    ! Emergency stop.
    <read *>
    
    l.19 \usepackage
     {amsmath}^^M
    No pages of output.
    Transcript written on BD_EM.log.
    make: *** [BD_EM.dvi] Error 1
    Error in buildVignettes(dir = "/Builds/CRAN-QA-Simon/packages/mavericks-x86_64/results/3.1/DOBAD.Rcheck/vign_test/DOBAD") :
     running 'make' failed
    Execution halted
Flavor: r-release-osx-x86_64-mavericks