CRAN Package Check Results for Package DOBAD

Last updated on 2014-04-23 12:48:17.

Flavor Version Tinstall Tcheck Ttotal Status Flags
r-devel-linux-x86_64-debian-clang 1.0.3 1.48 238.90 240.38 OK
r-devel-linux-x86_64-debian-gcc 1.0.3 1.62 251.15 252.76 OK
r-devel-linux-x86_64-fedora-clang 1.0.3 518.87 OK
r-devel-linux-x86_64-fedora-gcc 1.0.3 496.10 OK
r-devel-osx-x86_64-clang 1.0.3 383.69 OK
r-devel-osx-x86_64-gcc 1.0.3 OK
r-devel-windows-ix86+x86_64 1.0.3 4.00 349.00 353.00 OK
r-patched-linux-x86_64 1.0.3 1.52 254.69 256.21 OK
r-patched-solaris-sparc 1.0.3 302.10 OK --no-vignettes
r-patched-solaris-x86 1.0.3 498.60 NOTE
r-release-linux-ix86 1.0.3 2.00 369.00 371.00 OK
r-release-linux-x86_64 1.0.3 1.44 236.82 238.26 OK
r-release-osx-x86_64-mavericks 1.0.3 WARN
r-release-osx-x86_64-snowleopard 1.0.3 OK
r-release-windows-ix86+x86_64 1.0.3 4.00 359.00 363.00 OK
r-oldrel-windows-ix86+x86_64 1.0.3 4.00 440.00 444.00 OK

Check Details

Version: 1.0.3
Check: re-building of vignette outputs
Result: NOTE
    Error in re-building vignettes:
     ...
    Loading required package: numDeriv
    make: Fatal error: Don't know how to make target `BD_EM.pdf'
    Current working directory /home/ripley/R/packages/tests32/DOBAD.Rcheck/vign_test/DOBAD/vignettes
    Error in buildVignettes(dir = "/home/ripley/R/packages/tests32/DOBAD.Rcheck/vign_test/DOBAD") :
     running 'make' failed
    Execution halted
Flavor: r-patched-solaris-x86

Version: 1.0.3
Check: re-building of vignette outputs
Result: NOTE
    Error in re-building vignettes:
     ...
    (/usr/local/texlive/2013basic/texmf-dist/tex/generic/babel/babel.def)))
    (/usr/local/texlive/2013basic/texmf-dist/tex/latex/graphics/graphicx.sty
    (/usr/local/texlive/2013basic/texmf-dist/tex/latex/graphics/keyval.sty)
    (/usr/local/texlive/2013basic/texmf-dist/tex/latex/graphics/graphics.sty
    (/usr/local/texlive/2013basic/texmf-dist/tex/latex/graphics/trig.sty)
    (/usr/local/texlive/2013basic/texmf-dist/tex/latex/latexconfig/graphics.cfg)
    (/usr/local/texlive/2013basic/texmf-dist/tex/latex/graphics/dvips.def)))
    
    ! LaTeX Error: File `versions.sty' not found.
    
    Type X to quit or <RETURN> to proceed,
    or enter new name. (Default extension: sty)
    
    Enter file name:
    ! Emergency stop.
    <read *>
    
    l.19 \usepackage
     {amsmath}^^M
    No pages of output.
    Transcript written on BD_EM.log.
    make: *** [BD_EM.dvi] Error 1
    Error in buildVignettes(dir = "/Builds/CRAN-QA-Simon/packages/mavericks-x86_64/results/3.1/DOBAD.Rcheck/vign_test/DOBAD") :
     running 'make' failed
    Execution halted
Flavor: r-release-osx-x86_64-mavericks

Version: 1.0.3
Check: PDF version of manual
Result: WARNING
    LaTeX errors when creating PDF version.
    This typically indicates Rd problems.
    LaTeX errors found:
    ! LaTeX Error: File `upquote.sty' not found.
    
    Type X to quit or <RETURN> to proceed,
    or enter new name. (Default extension: sty)
    
    fd88010/Rd2.tex:8: ==> Fatal error occurred, no output PDF file produced!
Flavor: r-release-osx-x86_64-mavericks