CRAN Package Check Results for Package DOBAD

Last updated on 2015-04-01 21:47:36.

Flavor Version Tinstall Tcheck Ttotal Status Flags
r-devel-linux-x86_64-debian-clang 1.0.4 1.49 231.43 232.92 NOTE
r-devel-linux-x86_64-debian-gcc 1.0.4 2.25 224.24 226.49 NOTE
r-devel-linux-x86_64-fedora-clang 1.0.4 492.30 NOTE
r-devel-linux-x86_64-fedora-gcc 1.0.4 471.98 NOTE
r-devel-osx-x86_64-clang 1.0.4 423.56 NOTE
r-prerel-windows-ix86+x86_64 1.0.4 6.00 362.00 368.00 NOTE
r-prerel-linux-x86_64 1.0.4 1.40 225.72 227.12 NOTE
r-prerel-solaris-sparc 1.0.4 300.90 NOTE --no-vignettes
r-prerel-solaris-x86 1.0.4 473.50 NOTE
r-release-linux-x86_64 1.0.4 2.42 264.82 267.24 OK
r-release-osx-x86_64-mavericks 1.0.4 OK
r-release-osx-x86_64-snowleopard 1.0.4 OK
r-release-windows-ix86+x86_64 1.0.4 6.00 372.00 378.00 OK
r-oldrel-windows-ix86+x86_64 1.0.4 7.00 440.00 447.00 OK

Check Details

Version: 1.0.4
Check: DESCRIPTION meta-information
Result: NOTE
    Malformed Description field: should contain one or more complete sentences.
Flavors: r-devel-linux-x86_64-debian-clang, r-devel-linux-x86_64-debian-gcc, r-devel-linux-x86_64-fedora-clang, r-devel-linux-x86_64-fedora-gcc, r-devel-osx-x86_64-clang, r-prerel-windows-ix86+x86_64, r-prerel-linux-x86_64, r-prerel-solaris-x86

Version: 1.0.4
Flags: --no-vignettes
Check: DESCRIPTION meta-information
Result: NOTE
    Malformed Description field: should contain one or more complete sentences.
Flavor: r-prerel-solaris-sparc

Version: 1.0.4
Check: re-building of vignette outputs
Result: NOTE
    Error in re-building vignettes:
     ...
    Loading required package: numDeriv
    make: Fatal error: Don't know how to make target `BD_EM.pdf'
    Current working directory /home/ripley/R/packages/tests32/DOBAD.Rcheck/vign_test/DOBAD/vignettes
    Error in buildVignettes(dir = "/home/ripley/R/packages/tests32/DOBAD.Rcheck/vign_test/DOBAD") :
     running 'make' failed
    Execution halted
Flavor: r-prerel-solaris-x86