CRAN Package Check Results for Package DOBAD

Last updated on 2017-10-18 08:48:08.

Flavor Version Tinstall Tcheck Ttotal Status Flags
r-devel-linux-x86_64-debian-clang 1.0.5 1.43 92.92 94.35 OK
r-devel-linux-x86_64-debian-gcc 1.0.5 1.46 98.39 99.86 OK
r-devel-linux-x86_64-fedora-clang 1.0.5 186.70 OK
r-devel-linux-x86_64-fedora-gcc 1.0.5 189.79 OK
r-devel-windows-ix86+x86_64 1.0.5 8.00 76.00 84.00 OK --no-vignettes
r-patched-linux-x86_64 1.0.5 1.54 92.90 94.44 OK
r-patched-solaris-x86 1.0.5 195.50 OK
r-release-linux-x86_64 1.0.5 1.54 88.13 89.67 OK
r-release-windows-ix86+x86_64 1.0.5 7.00 47.00 54.00 OK --no-vignettes
r-release-osx-x86_64 1.0.5 NOTE
r-oldrel-windows-ix86+x86_64 1.0.5 10.00 59.00 69.00 OK --no-vignettes
r-oldrel-osx-x86_64 1.0.5 OK

Check Details

Version: 1.0.5
Check: re-building of vignette outputs
Result: NOTE
    Error in re-building vignettes:
     ...
    Loading required package: numDeriv
    Error in texi2dvi(file = file, pdf = TRUE, clean = clean, quiet = quiet, :
     Running 'texi2dvi' on 'BD_EM.tex' failed.
    LaTeX errors:
    ! LaTeX Error: File `appendix.sty' not found.
    
    Type X to quit or <RETURN> to proceed,
    or enter new name. (Default extension: sty)
    
    ! Emergency stop.
    <read *>
    
    l.21 ^^M
    
    ! ==> Fatal error occurred, no output PDF file produced!
    Calls: buildVignettes -> texi2pdf -> texi2dvi
    Execution halted
Flavor: r-release-osx-x86_64