CRAN Package Check Results for Package DOBAD

Last updated on 2015-05-25 16:47:09.

Flavor Version Tinstall Tcheck Ttotal Status Flags
r-devel-linux-x86_64-debian-clang 1.0.4 1.42 226.71 228.12 NOTE
r-devel-linux-x86_64-debian-gcc 1.0.4 1.39 224.08 225.47 NOTE
r-devel-linux-x86_64-fedora-clang 1.0.4 491.64 NOTE
r-devel-linux-x86_64-fedora-gcc 1.0.4 478.63 NOTE
r-devel-osx-x86_64-clang 1.0.4 388.11 NOTE
r-devel-windows-ix86+x86_64 1.0.4 6.00 395.00 401.00 NOTE
r-patched-linux-x86_64 1.0.4 1.59 243.15 244.74 NOTE
r-patched-solaris-sparc 1.0.4 298.00 NOTE --no-vignettes
r-patched-solaris-x86 1.0.4 469.70 NOTE
r-release-linux-x86_64 1.0.4 1.40 239.30 240.70 NOTE
r-release-osx-x86_64-mavericks 1.0.4 NOTE
r-release-osx-x86_64-snowleopard 1.0.4 NOTE
r-release-windows-ix86+x86_64 1.0.4 5.00 375.00 380.00 NOTE
r-oldrel-windows-ix86+x86_64 1.0.4 6.00 456.00 462.00 OK

Check Details

Version: 1.0.4
Check: DESCRIPTION meta-information
Result: NOTE
    Malformed Description field: should contain one or more complete sentences.
Flavors: r-devel-linux-x86_64-debian-clang, r-devel-linux-x86_64-debian-gcc, r-devel-linux-x86_64-fedora-clang, r-devel-linux-x86_64-fedora-gcc, r-devel-osx-x86_64-clang, r-devel-windows-ix86+x86_64, r-patched-linux-x86_64, r-patched-solaris-x86, r-release-linux-x86_64, r-release-osx-x86_64-mavericks, r-release-osx-x86_64-snowleopard, r-release-windows-ix86+x86_64

Version: 1.0.4
Flags: --no-vignettes
Check: DESCRIPTION meta-information
Result: NOTE
    Malformed Description field: should contain one or more complete sentences.
Flavor: r-patched-solaris-sparc

Version: 1.0.4
Check: re-building of vignette outputs
Result: NOTE
    Error in re-building vignettes:
     ...
    Loading required package: numDeriv
    make: Fatal error: Don't know how to make target `BD_EM.pdf'
    Current working directory /home/ripley/R/packages/tests32/DOBAD.Rcheck/vign_test/DOBAD/vignettes
    Error in buildVignettes(dir = "/home/ripley/R/packages/tests32/DOBAD.Rcheck/vign_test/DOBAD") :
     running 'make' failed
    Execution halted
Flavor: r-patched-solaris-x86