CRAN Package Check Results for Package DOBAD

Last updated on 2015-01-29 07:48:44.

Flavor Version Tinstall Tcheck Ttotal Status Flags
r-devel-linux-x86_64-debian-clang 1.0.4 1.51 236.75 238.26 OK
r-devel-linux-x86_64-debian-gcc 1.0.4 1.54 241.39 242.93 OK
r-devel-linux-x86_64-fedora-clang 1.0.4 492.35 OK
r-devel-linux-x86_64-fedora-gcc 1.0.4 499.14 OK
r-devel-osx-x86_64-clang 1.0.4 436.90 OK
r-devel-windows-ix86+x86_64 1.0.4 11.00 360.00 371.00 OK
r-patched-linux-x86_64 1.0.4 1.57 240.68 242.25 OK
r-patched-solaris-sparc 1.0.4 312.10 OK --no-vignettes
r-patched-solaris-x86 1.0.4 494.70 NOTE
r-release-linux-ix86 1.0.4 1.97 344.56 346.54 OK
r-release-linux-x86_64 1.0.4 1.54 276.68 278.22 OK
r-release-osx-x86_64-mavericks 1.0.4 OK
r-release-osx-x86_64-snowleopard 1.0.4 OK
r-release-windows-ix86+x86_64 1.0.4 6.00 367.00 373.00 OK
r-oldrel-windows-ix86+x86_64 1.0.4 6.00 591.00 597.00 OK

Check Details

Version: 1.0.4
Check: re-building of vignette outputs
Result: NOTE
    Error in re-building vignettes:
     ...
    Loading required package: numDeriv
    make: Fatal error: Don't know how to make target `BD_EM.pdf'
    Current working directory /home/ripley/R/packages/tests32/DOBAD.Rcheck/vign_test/DOBAD/vignettes
    Error in buildVignettes(dir = "/home/ripley/R/packages/tests32/DOBAD.Rcheck/vign_test/DOBAD") :
     running 'make' failed
    Execution halted
Flavor: r-patched-solaris-x86