CRAN Package Check Results for Package DOBAD

Last updated on 2014-12-22 21:47:13.

Flavor Version Tinstall Tcheck Ttotal Status Flags
r-devel-linux-x86_64-debian-clang 1.0.4 1.57 232.08 233.64 OK
r-devel-linux-x86_64-debian-gcc 1.0.4 1.49 244.10 245.59 OK
r-devel-linux-x86_64-fedora-clang 1.0.4 496.87 OK
r-devel-linux-x86_64-fedora-gcc 1.0.4 499.34 OK
r-devel-osx-x86_64-clang 1.0.4 396.80 OK
r-devel-windows-ix86+x86_64 1.0.4 5.00 370.00 375.00 OK
r-patched-linux-x86_64 1.0.4 1.70 263.24 264.93 OK
r-patched-solaris-sparc 1.0.4 312.00 OK --no-vignettes
r-patched-solaris-x86 1.0.4 490.30 NOTE
r-release-linux-ix86 1.0.4 1.96 339.84 341.80 OK
r-release-linux-x86_64 1.0.4 1.57 239.56 241.13 OK
r-release-osx-x86_64-mavericks 1.0.4 NOTE
r-release-osx-x86_64-snowleopard 1.0.4 OK
r-release-windows-ix86+x86_64 1.0.4 7.00 383.00 390.00 OK
r-oldrel-windows-ix86+x86_64 1.0.4 6.00 431.00 437.00 OK

Check Details

Version: 1.0.4
Check: re-building of vignette outputs
Result: NOTE
    Error in re-building vignettes:
     ...
    Loading required package: numDeriv
    make: Fatal error: Don't know how to make target `BD_EM.pdf'
    Current working directory /home/ripley/R/packages/tests32/DOBAD.Rcheck/vign_test/DOBAD/vignettes
    Error in buildVignettes(dir = "/home/ripley/R/packages/tests32/DOBAD.Rcheck/vign_test/DOBAD") :
     running 'make' failed
    Execution halted
Flavor: r-patched-solaris-x86

Version: 1.0.4
Check: re-building of vignette outputs
Result: NOTE
    Error in re-building vignettes:
     ...
    *** `comment' excluded. ***
    ) (/usr/local/texlive/2013basic/texmf-dist/tex/latex/amsmath/amsmath.sty
    For additional information on amsmath, use the `?' option.
    (/usr/local/texlive/2013basic/texmf-dist/tex/latex/amsmath/amstext.sty
    (/usr/local/texlive/2013basic/texmf-dist/tex/latex/amsmath/amsgen.sty))
    (/usr/local/texlive/2013basic/texmf-dist/tex/latex/amsmath/amsbsy.sty)
    (/usr/local/texlive/2013basic/texmf-dist/tex/latex/amsmath/amsopn.sty))
    
    ! LaTeX Error: File `appendix.sty' not found.
    
    Type X to quit or <RETURN> to proceed,
    or enter new name. (Default extension: sty)
    
    Enter file name:
    ! Emergency stop.
    <read *>
    
    l.21 ^^M
    
    No pages of output.
    Transcript written on BD_EM.log.
    make: *** [BD_EM.dvi] Error 1
    Error in buildVignettes(dir = "/Builds/CRAN-QA-Simon/packages/mavericks-x86_64/results/3.1/DOBAD.Rcheck/vign_test/DOBAD") :
     running 'make' failed
    Execution halted
Flavor: r-release-osx-x86_64-mavericks