CRAN Package Check Results for Package DOBAD

Last updated on 2017-04-27 11:53:28.

Flavor Version Tinstall Tcheck Ttotal Status Flags
r-devel-linux-x86_64-debian-clang 1.0.5 1.54 91.74 93.29 OK
r-devel-linux-x86_64-debian-gcc 1.0.5 1.63 89.10 90.73 OK
r-devel-linux-x86_64-fedora-clang 1.0.5 180.27 OK --no-stop-on-test-error
r-devel-linux-x86_64-fedora-gcc 1.0.5 175.26 OK --no-stop-on-test-error
r-devel-windows-ix86+x86_64 1.0.5 5.00 60.00 65.00 OK --no-vignettes
r-patched-linux-x86_64 1.0.5 1.46 88.64 90.10 OK
r-patched-solaris-sparc 1.0.5 290.60 OK --no-vignettes
r-patched-solaris-x86 1.0.5 196.90 OK
r-release-linux-x86_64 1.0.5 1.44 88.70 90.15 OK
r-release-windows-ix86+x86_64 1.0.5 5.00 43.00 48.00 OK --no-vignettes
r-release-osx-x86_64 1.0.5 NOTE
r-oldrel-windows-ix86+x86_64 1.0.5 8.00 51.00 59.00 OK --no-vignettes
r-oldrel-osx-x86_64 1.0.5 OK

Check Details

Version: 1.0.5
Check: re-building of vignette outputs
Result: NOTE
    Error in re-building vignettes:
     ...
    Loading required package: numDeriv
    Error in texi2dvi(file = file, pdf = TRUE, clean = clean, quiet = quiet, :
     Running 'texi2dvi' on 'BD_EM.tex' failed.
    LaTeX errors:
    ! LaTeX Error: File `appendix.sty' not found.
    
    Type X to quit or <RETURN> to proceed,
    or enter new name. (Default extension: sty)
    
    ! Emergency stop.
    <read *>
    
    l.21 ^^M
    
    ! ==> Fatal error occurred, no output PDF file produced!
    Calls: buildVignettes -> texi2pdf -> texi2dvi
    Execution halted
Flavor: r-release-osx-x86_64