CRAN Package Check Results for Package DPP

Last updated on 2020-08-10 04:47:26 CEST.

Flavor Version Tinstall Tcheck Ttotal Status Flags
r-devel-linux-x86_64-debian-clang 0.1.2 54.15 53.59 107.74 OK
r-devel-linux-x86_64-debian-gcc 0.1.2 46.05 40.81 86.86 OK
r-devel-linux-x86_64-fedora-clang 0.1.2 150.71 NOTE
r-devel-linux-x86_64-fedora-gcc 0.1.2 139.17 OK
r-devel-windows-ix86+x86_64 0.1.2 140.00 130.00 270.00 OK
r-patched-linux-x86_64 0.1.2 46.80 52.21 99.01 OK
r-patched-solaris-x86 0.1.2 144.40 OK
r-release-linux-x86_64 0.1.2 46.01 52.43 98.44 OK
r-release-macos-x86_64 0.1.2 NOTE
r-release-windows-ix86+x86_64 0.1.2 134.00 102.00 236.00 OK
r-oldrel-macos-x86_64 0.1.2 NOTE
r-oldrel-windows-ix86+x86_64 0.1.2 105.00 94.00 199.00 OK

Check Details

Version: 0.1.2
Check: installed package size
Result: NOTE
     installed size is 6.8Mb
     sub-directories of 1Mb or more:
     libs 6.2Mb
Flavors: r-devel-linux-x86_64-fedora-clang, r-release-macos-x86_64, r-oldrel-macos-x86_64