CRAN Package Check Results for Package DPP

Last updated on 2020-01-25 17:47:29 CET.

Flavor Version Tinstall Tcheck Ttotal Status Flags
r-devel-linux-x86_64-debian-clang 0.1.2 47.80 52.61 100.41 OK
r-devel-linux-x86_64-debian-gcc 0.1.2 38.56 40.99 79.55 OK
r-devel-linux-x86_64-fedora-clang 0.1.2 138.65 NOTE
r-devel-linux-x86_64-fedora-gcc 0.1.2 139.25 OK
r-devel-windows-ix86+x86_64 0.1.2 136.00 122.00 258.00 OK
r-devel-windows-ix86+x86_64-gcc8 0.1.2 132.00 92.00 224.00 OK
r-patched-linux-x86_64 0.1.2 40.72 46.02 86.74 OK
r-patched-solaris-x86 0.1.2 133.70 OK
r-release-linux-x86_64 0.1.2 41.47 45.98 87.45 OK
r-release-windows-ix86+x86_64 0.1.2 138.00 111.00 249.00 OK
r-release-osx-x86_64 0.1.2 NOTE
r-oldrel-windows-ix86+x86_64 0.1.2 81.00 75.00 156.00 OK
r-oldrel-osx-x86_64 0.1.2 NOTE

Check Details

Version: 0.1.2
Check: installed package size
Result: NOTE
     installed size is 6.0Mb
     sub-directories of 1Mb or more:
     libs 5.5Mb
Flavors: r-devel-linux-x86_64-fedora-clang, r-release-osx-x86_64, r-oldrel-osx-x86_64