CRAN Package Check Results for Package DPpack

Last updated on 2022-08-15 05:49:19 CEST.

Flavor Version Tinstall Tcheck Ttotal Status Flags
r-devel-linux-x86_64-debian-clang 0.0.1 28.69 54.88 83.57 NOTE
r-devel-linux-x86_64-debian-gcc 0.0.1 24.11 41.62 65.73 NOTE
r-devel-linux-x86_64-fedora-clang 0.0.1 112.76 NOTE
r-devel-linux-x86_64-fedora-gcc 0.0.1 123.85 NOTE
r-devel-windows-x86_64 0.0.1 44.00 81.00 125.00 OK
r-patched-linux-x86_64 0.0.1 33.01 50.00 83.01 OK
r-release-linux-x86_64 0.0.1 23.93 49.04 72.97 OK
r-release-macos-arm64 0.0.1 31.00 NOTE
r-release-macos-x86_64 0.0.1 44.00 NOTE
r-release-windows-x86_64 0.0.1 48.00 77.00 125.00 OK
r-oldrel-macos-arm64 0.0.1 30.00 NOTE
r-oldrel-macos-x86_64 0.0.1 46.00 NOTE
r-oldrel-windows-ix86+x86_64 0.0.1 49.00 71.00 120.00 OK

Check Details

Version: 0.0.1
Check: HTML version of manual
Result: NOTE
    Found the following HTML validation problems:
    LinearRegressionDP.html:86:6: Warning: missing </span> before <p>
    LinearRegressionDP.html:86:113: Warning: inserting implicit <span>
    LinearRegressionDP.html:86:6: Warning: trimming empty <span>
Flavors: r-devel-linux-x86_64-debian-clang, r-devel-linux-x86_64-debian-gcc, r-devel-linux-x86_64-fedora-gcc

Version: 0.0.1
Check: dependencies in R code
Result: NOTE
    Namespaces in Imports field not imported from:
     ‘R6’ ‘dplyr’ ‘ggplot2’ ‘nloptr’
     All declared Imports should be used.
Flavors: r-devel-linux-x86_64-fedora-clang, r-devel-linux-x86_64-fedora-gcc, r-release-macos-arm64, r-release-macos-x86_64, r-oldrel-macos-arm64, r-oldrel-macos-x86_64