CRAN Package Check Results for Package DPpackage

Last updated on 2017-12-16 07:47:16 CET.

Flavor Version Tinstall Tcheck Ttotal Status Flags
r-devel-linux-x86_64-debian-clang 1.1-7.1 93.20 226.27 319.47 OK
r-devel-linux-x86_64-debian-gcc 1.1-7.1 83.31 178.91 262.22 OK
r-devel-linux-x86_64-fedora-clang 1.1-7.1 377.79 OK
r-devel-linux-x86_64-fedora-gcc 1.1-7.1 370.44 OK
r-devel-windows-ix86+x86_64 1.1-7.1 393.00 324.00 717.00 NOTE
r-patched-linux-x86_64 1.1-7.1 96.02 237.01 333.03 OK
r-patched-solaris-x86 1.1-7.1 603.50 OK
r-release-linux-x86_64 1.1-7.1 94.34 240.02 334.36 OK
r-release-windows-ix86+x86_64 1.1-7.1 240.00 260.00 500.00 OK
r-release-osx-x86_64 1.1-7.1 OK
r-oldrel-windows-ix86+x86_64 1.1-7.1 330.00 270.00 600.00 OK
r-oldrel-osx-x86_64 1.1-7.1 OK

Check Details

Version: 1.1-7.1
Check: installed package size
Result: NOTE
     installed size is 7.8Mb
     sub-directories of 1Mb or more:
     libs 6.6Mb
Flavor: r-devel-windows-ix86+x86_64