CRAN Package Check Results for Package DPpackage

Last updated on 2014-07-23 05:49:03.

Flavor Version Tinstall Tcheck Ttotal Status Flags
r-devel-linux-x86_64-debian-clang 1.1-6 93.24 127.62 220.86 NOTE
r-devel-linux-x86_64-debian-gcc 1.1-6 93.94 125.41 219.35 NOTE
r-devel-linux-x86_64-fedora-clang 1.1-6 382.09 NOTE
r-devel-linux-x86_64-fedora-gcc 1.1-6 366.26 NOTE
r-devel-osx-x86_64-clang 1.1-6 312.10 NOTE
r-devel-windows-ix86+x86_64 1.1-6 208.00 177.00 385.00 NOTE
r-patched-linux-x86_64 1.1-6 94.40 125.38 219.77 NOTE
r-patched-solaris-sparc 1.1-6 2384.20 NOTE
r-patched-solaris-x86 1.1-6 580.90 NOTE
r-release-linux-ix86 1.1-6 125.56 152.06 277.62 NOTE
r-release-linux-x86_64 1.1-6 93.46 129.39 222.85 NOTE
r-release-osx-x86_64-mavericks 1.1-6 NOTE
r-release-windows-ix86+x86_64 1.1-6 216.00 180.00 396.00 NOTE
r-oldrel-windows-ix86+x86_64 1.1-6 214.00 178.00 392.00 NOTE

Check Details

Version: 1.1-6
Check: installed package size
Result: NOTE
     installed size is 7.0Mb
     sub-directories of 1Mb or more:
     libs 5.8Mb
Flavors: r-devel-linux-x86_64-debian-clang, r-devel-linux-x86_64-debian-gcc, r-patched-linux-x86_64, r-release-linux-ix86, r-release-linux-x86_64

Version: 1.1-6
Check: top-level files
Result: NOTE
    File
     LICENSE
    is not mentioned in the DESCRIPTION file.
Flavors: r-devel-linux-x86_64-debian-clang, r-devel-linux-x86_64-debian-gcc, r-devel-linux-x86_64-fedora-clang, r-devel-linux-x86_64-fedora-gcc, r-devel-osx-x86_64-clang, r-devel-windows-ix86+x86_64, r-patched-linux-x86_64, r-patched-solaris-sparc, r-patched-solaris-x86, r-release-linux-ix86, r-release-linux-x86_64, r-release-osx-x86_64-mavericks, r-release-windows-ix86+x86_64, r-oldrel-windows-ix86+x86_64

Version: 1.1-6
Check: dependencies in R code
Result: NOTE
    'library' or 'require' calls to packages already attached by Depends:
     ‘MASS’ ‘nlme’ ‘survival’
     Please remove these calls from your code.
    See the information on DESCRIPTION files in the chapter ‘Creating R
    packages’ of the ‘Writing R Extensions’ manual.
Flavors: r-devel-linux-x86_64-debian-clang, r-devel-linux-x86_64-debian-gcc, r-devel-linux-x86_64-fedora-clang, r-devel-linux-x86_64-fedora-gcc, r-devel-osx-x86_64-clang, r-devel-windows-ix86+x86_64, r-patched-linux-x86_64, r-patched-solaris-sparc, r-patched-solaris-x86, r-release-linux-ix86, r-release-linux-x86_64, r-release-osx-x86_64-mavericks, r-release-windows-ix86+x86_64, r-oldrel-windows-ix86+x86_64

Version: 1.1-6
Check: compiled code
Result: NOTE
    File ‘/home/hornik/tmp/R.check/r-devel-clang/Work/build/Packages/DPpackage/libs/DPpackage.so’:
     Found ‘_gfortran_st_write’, possibly from ‘write’ (Fortran), ‘print’
     (Fortran)
     Objects: ‘DPdensityreg.o’, ‘LDBDPdensity.o’, ‘LDDPdensity.o’,
     ‘LDDPsurvival.o’, ‘LDPDdoublyintsba.o’, ‘LDTFPdensity.o’,
     ‘LDTFPglmmpois.o’, ‘LDTFPsurvival.o’, ‘PSgamgam.o’,
     ‘PSgamgauss.o’, ‘PSgamlogit.o’, ‘PSgampois.o’, ‘PSgamprob.o’
    
    Compiled code should not call entry points which might terminate R nor
    write to stdout/stderr instead of to the console.
    
    See ‘Writing portable packages’ in the ‘Writing R Extensions’ manual.
Flavor: r-devel-linux-x86_64-debian-clang

Version: 1.1-6
Check: compiled code
Result: NOTE
    File ‘/home/hornik/tmp/R.check/r-devel-gcc/Work/build/Packages/DPpackage/libs/DPpackage.so’:
     Found ‘_gfortran_st_write’, possibly from ‘write’ (Fortran), ‘print’
     (Fortran)
     Objects: ‘DPdensityreg.o’, ‘LDBDPdensity.o’, ‘LDDPdensity.o’,
     ‘LDDPsurvival.o’, ‘LDPDdoublyintsba.o’, ‘LDTFPdensity.o’,
     ‘LDTFPglmmpois.o’, ‘LDTFPsurvival.o’, ‘PSgamgam.o’,
     ‘PSgamgauss.o’, ‘PSgamlogit.o’, ‘PSgampois.o’, ‘PSgamprob.o’
    
    Compiled code should not call entry points which might terminate R nor
    write to stdout/stderr instead of to the console.
    
    See ‘Writing portable packages’ in the ‘Writing R Extensions’ manual.
Flavor: r-devel-linux-x86_64-debian-gcc

Version: 1.1-6
Check: compiled code
Result: NOTE
    File ‘/data/gannet/ripley/R/packages/tests-clang/DPpackage.Rcheck/DPpackage/libs/DPpackage.so’:
     Found ‘_gfortran_st_write’, possibly from ‘write’ (Fortran), ‘print’
     (Fortran)
     Objects: ‘DPdensityreg.o’, ‘LDBDPdensity.o’, ‘LDDPdensity.o’,
     ‘LDDPsurvival.o’, ‘LDPDdoublyintsba.o’, ‘LDTFPdensity.o’,
     ‘LDTFPglmmpois.o’, ‘LDTFPsurvival.o’, ‘PSgamgam.o’,
     ‘PSgamgauss.o’, ‘PSgamlogit.o’, ‘PSgampois.o’, ‘PSgamprob.o’
    
    Compiled code should not call entry points which might terminate R nor
    write to stdout/stderr instead of to the console.
    
    See ‘Writing portable packages’ in the ‘Writing R Extensions’ manual.
Flavor: r-devel-linux-x86_64-fedora-clang

Version: 1.1-6
Check: compiled code
Result: NOTE
    File ‘/data/gannet/ripley/R/packages/tests-devel/DPpackage.Rcheck/DPpackage/libs/DPpackage.so’:
     Found ‘_gfortran_st_write’, possibly from ‘write’ (Fortran), ‘print’
     (Fortran)
     Objects: ‘DPdensityreg.o’, ‘LDBDPdensity.o’, ‘LDDPdensity.o’,
     ‘LDDPsurvival.o’, ‘LDPDdoublyintsba.o’, ‘LDTFPdensity.o’,
     ‘LDTFPglmmpois.o’, ‘LDTFPsurvival.o’, ‘PSgamgam.o’,
     ‘PSgamgauss.o’, ‘PSgamlogit.o’, ‘PSgampois.o’, ‘PSgamprob.o’
    
    Compiled code should not call entry points which might terminate R nor
    write to stdout/stderr instead of to the console.
    
    See ‘Writing portable packages’ in the ‘Writing R Extensions’ manual.
Flavor: r-devel-linux-x86_64-fedora-gcc

Version: 1.1-6
Check: compiled code
Result: NOTE
    File ‘/Users/ripley/R/packages/tests-devel/DPpackage.Rcheck/DPpackage/libs/DPpackage.so’:
     Found ‘__gfortran_st_write’, possibly from ‘write’ (Fortran), ‘print’
     (Fortran)
     Objects: ‘DPdensityreg.o’, ‘LDBDPdensity.o’, ‘LDDPdensity.o’,
     ‘LDDPsurvival.o’, ‘LDPDdoublyintsba.o’, ‘LDTFPdensity.o’,
     ‘LDTFPglmmpois.o’, ‘LDTFPsurvival.o’, ‘PSgamgam.o’,
     ‘PSgamgauss.o’, ‘PSgamlogit.o’, ‘PSgampois.o’, ‘PSgamprob.o’
    
    Compiled code should not call entry points which might terminate R nor
    write to stdout/stderr instead of to the console.
    
    See ‘Writing portable packages’ in the ‘Writing R Extensions’ manual.
Flavor: r-devel-osx-x86_64-clang

Version: 1.1-6
Check: compiled code
Result: NOTE
    File 'd:/Rcompile/CRANpkg/lib/3.2/DPpackage/libs/i386/DPpackage.dll':
     Found '_gfortran_st_write', possibly from 'write' (Fortran), 'print'
     (Fortran)
     Objects: 'DPdensityreg.o', 'LDBDPdensity.o', 'LDDPdensity.o',
     'LDDPsurvival.o', 'LDPDdoublyintsba.o', 'LDTFPdensity.o',
     'LDTFPglmmpois.o', 'LDTFPsurvival.o', 'PSgamgam.o',
     'PSgamgauss.o', 'PSgamlogit.o', 'PSgampois.o', 'PSgamprob.o'
    File 'd:/Rcompile/CRANpkg/lib/3.2/DPpackage/libs/x64/DPpackage.dll':
     Found '_gfortran_st_write', possibly from 'write' (Fortran), 'print'
     (Fortran)
     Objects: 'DPdensityreg.o', 'LDBDPdensity.o', 'LDDPdensity.o',
     'LDDPsurvival.o', 'LDPDdoublyintsba.o', 'LDTFPdensity.o',
     'LDTFPglmmpois.o', 'LDTFPsurvival.o', 'PSgamgam.o',
     'PSgamgauss.o', 'PSgamlogit.o', 'PSgampois.o', 'PSgamprob.o'
    
    Compiled code should not call entry points which might terminate R nor
    write to stdout/stderr instead of to the console.
    
    See 'Writing portable packages' in the 'Writing R Extensions' manual.
    * checking examples ...
Flavor: r-devel-windows-ix86+x86_64

Version: 1.1-6
Check: compiled code
Result: NOTE
    File ‘/home/hornik/tmp/R.check/r-patched-gcc/Work/build/Packages/DPpackage/libs/DPpackage.so’:
     Found ‘_gfortran_st_write’, possibly from ‘write’ (Fortran), ‘print’
     (Fortran)
     Objects: ‘DPdensityreg.o’, ‘LDBDPdensity.o’, ‘LDDPdensity.o’,
     ‘LDDPsurvival.o’, ‘LDPDdoublyintsba.o’, ‘LDTFPdensity.o’,
     ‘LDTFPglmmpois.o’, ‘LDTFPsurvival.o’, ‘PSgamgam.o’,
     ‘PSgamgauss.o’, ‘PSgamlogit.o’, ‘PSgampois.o’, ‘PSgamprob.o’
    
    Compiled code should not call entry points which might terminate R nor
    write to stdout/stderr instead of to the console.
    
    See ‘Writing portable packages’ in the ‘Writing R Extensions’ manual.
Flavor: r-patched-linux-x86_64

Version: 1.1-6
Check: compiled code
Result: NOTE
    File ‘/home/ripley/R/Lib32/DPpackage/libs/DPpackage.so’:
     Found ‘__f90_esuw’, possibly from ‘write’ (Fortran)
     Objects: ‘DPdensityreg.o’, ‘LDBDPdensity.o’, ‘LDDPdensity.o’,
     ‘LDDPsurvival.o’, ‘LDPDdoublyintsba.o’, ‘LDTFPdensity.o’,
     ‘LDTFPglmmpois.o’, ‘LDTFPsurvival.o’, ‘PSgamgam.o’,
     ‘PSgamgauss.o’, ‘PSgamlogit.o’, ‘PSgampois.o’, ‘PSgamprob.o’
    
    Compiled code should not call entry points which might terminate R nor
    write to stdout/stderr instead of to the console.
    
    See ‘Writing portable packages’ in the ‘Writing R Extensions’ manual.
Flavors: r-patched-solaris-sparc, r-patched-solaris-x86

Version: 1.1-6
Check: compiled code
Result: NOTE
    File ‘/home/hornik/tmp/R.check/r-release-gcc/Work/build/Packages/DPpackage/libs/DPpackage.so’:
     Found ‘_gfortran_st_write’, possibly from ‘write’ (Fortran), ‘print’
     (Fortran)
     Objects: ‘DPdensityreg.o’, ‘LDBDPdensity.o’, ‘LDDPdensity.o’,
     ‘LDDPsurvival.o’, ‘LDPDdoublyintsba.o’, ‘LDTFPdensity.o’,
     ‘LDTFPglmmpois.o’, ‘LDTFPsurvival.o’, ‘PSgamgam.o’,
     ‘PSgamgauss.o’, ‘PSgamlogit.o’, ‘PSgampois.o’, ‘PSgamprob.o’
    
    Compiled code should not call entry points which might terminate R nor
    write to stdout/stderr instead of to the console.
    
    See ‘Writing portable packages’ in the ‘Writing R Extensions’ manual.
Flavors: r-release-linux-ix86, r-release-linux-x86_64

Version: 1.1-6
Check: compiled code
Result: NOTE
    File ‘/Builds/CRAN-QA-Simon/packages/mavericks-x86_64/results/3.1/DPpackage.Rcheck/DPpackage/libs/DPpackage.so’:
     Found ‘__gfortran_st_write’, possibly from ‘write’ (Fortran), ‘print’
     (Fortran)
     Objects: ‘DPdensityreg.o’, ‘LDBDPdensity.o’, ‘LDDPdensity.o’,
     ‘LDDPsurvival.o’, ‘LDPDdoublyintsba.o’, ‘LDTFPdensity.o’,
     ‘LDTFPglmmpois.o’, ‘LDTFPsurvival.o’, ‘PSgamgam.o’,
     ‘PSgamgauss.o’, ‘PSgamlogit.o’, ‘PSgampois.o’, ‘PSgamprob.o’
    
    Compiled code should not call entry points which might terminate R nor
    write to stdout/stderr instead of to the console.
    
    See ‘Writing portable packages’ in the ‘Writing R Extensions’ manual.
Flavor: r-release-osx-x86_64-mavericks

Version: 1.1-6
Check: compiled code
Result: NOTE
    File 'd:/Rcompile/CRANpkg/lib/3.1/DPpackage/libs/i386/DPpackage.dll':
     Found '_gfortran_st_write', possibly from 'write' (Fortran), 'print'
     (Fortran)
     Objects: 'DPdensityreg.o', 'LDBDPdensity.o', 'LDDPdensity.o',
     'LDDPsurvival.o', 'LDPDdoublyintsba.o', 'LDTFPdensity.o',
     'LDTFPglmmpois.o', 'LDTFPsurvival.o', 'PSgamgam.o',
     'PSgamgauss.o', 'PSgamlogit.o', 'PSgampois.o', 'PSgamprob.o'
    File 'd:/Rcompile/CRANpkg/lib/3.1/DPpackage/libs/x64/DPpackage.dll':
     Found '_gfortran_st_write', possibly from 'write' (Fortran), 'print'
     (Fortran)
     Objects: 'DPdensityreg.o', 'LDBDPdensity.o', 'LDDPdensity.o',
     'LDDPsurvival.o', 'LDPDdoublyintsba.o', 'LDTFPdensity.o',
     'LDTFPglmmpois.o', 'LDTFPsurvival.o', 'PSgamgam.o',
     'PSgamgauss.o', 'PSgamlogit.o', 'PSgampois.o', 'PSgamprob.o'
    
    Compiled code should not call entry points which might terminate R nor
    write to stdout/stderr instead of to the console.
    
    See 'Writing portable packages' in the 'Writing R Extensions' manual.
    * checking examples ...
Flavor: r-release-windows-ix86+x86_64

Version: 1.1-6
Check: compiled code
Result: NOTE
    File 'd:/Rcompile/CRANpkg/lib/3.0/DPpackage/libs/i386/DPpackage.dll':
     Found '_gfortran_st_write', possibly from 'write' (Fortran), 'print'
     (Fortran)
     Objects: 'DPdensityreg.o', 'LDBDPdensity.o', 'LDDPdensity.o',
     'LDDPsurvival.o', 'LDPDdoublyintsba.o', 'LDTFPdensity.o',
     'LDTFPglmmpois.o', 'LDTFPsurvival.o', 'PSgamgam.o',
     'PSgamgauss.o', 'PSgamlogit.o', 'PSgampois.o', 'PSgamprob.o'
    File 'd:/Rcompile/CRANpkg/lib/3.0/DPpackage/libs/x64/DPpackage.dll':
     Found '_gfortran_st_write', possibly from 'write' (Fortran), 'print'
     (Fortran)
     Objects: 'DPdensityreg.o', 'LDBDPdensity.o', 'LDDPdensity.o',
     'LDDPsurvival.o', 'LDPDdoublyintsba.o', 'LDTFPdensity.o',
     'LDTFPglmmpois.o', 'LDTFPsurvival.o', 'PSgamgam.o',
     'PSgamgauss.o', 'PSgamlogit.o', 'PSgampois.o', 'PSgamprob.o'
    
    Compiled code should not call entry points which might terminate R nor
    write to stdout/stderr instead of to the console.
    
    See 'Writing portable packages' in the 'Writing R Extensions' manual.
    * checking examples ...
Flavor: r-oldrel-windows-ix86+x86_64