CRAN Package Check Results for Package DPpackage

Last updated on 2015-04-25 22:46:48.

Flavor Version Tinstall Tcheck Ttotal Status Flags
r-devel-linux-x86_64-debian-clang 1.1-6 92.85 122.50 215.35 NOTE
r-devel-linux-x86_64-debian-gcc 1.1-6 92.20 114.56 206.76 NOTE
r-devel-linux-x86_64-fedora-clang 1.1-6 349.28 NOTE
r-devel-linux-x86_64-fedora-gcc 1.1-6 346.07 NOTE
r-devel-osx-x86_64-clang 1.1-6 308.74 NOTE
r-devel-windows-ix86+x86_64 1.1-6 223.00 158.00 381.00 NOTE
r-patched-linux-x86_64 1.1-6 92.74 117.47 210.20 NOTE
r-patched-solaris-sparc 1.1-6 2187.90 NOTE
r-patched-solaris-x86 1.1-6 553.00 NOTE
r-release-linux-x86_64 1.1-6 92.19 116.06 208.25 NOTE
r-release-osx-x86_64-mavericks 1.1-6 NOTE
r-release-osx-x86_64-snowleopard 1.1-6 NOTE
r-release-windows-ix86+x86_64 1.1-6 219.00 154.00 373.00 NOTE
r-oldrel-windows-ix86+x86_64 1.1-6 190.00 158.00 348.00 NOTE

Check Details

Version: 1.1-6
Check: top-level files
Result: NOTE
    File
     LICENSE
    is not mentioned in the DESCRIPTION file.
Flavors: r-devel-windows-ix86+x86_64, r-release-windows-ix86+x86_64, r-oldrel-windows-ix86+x86_64

Version: 1.1-6
Check: dependencies in R code
Result: NOTE
    'library' or 'require' calls to packages already attached by Depends:
     'MASS' 'nlme' 'survival'
     Please remove these calls from your code.
Flavors: r-devel-windows-ix86+x86_64, r-release-windows-ix86+x86_64, r-oldrel-windows-ix86+x86_64

Version: 1.1-6
Check: compiled code
Result: NOTE
    File 'DPpackage/libs/i386/DPpackage.dll':
     Found '_gfortran_st_write', possibly from 'write' (Fortran), 'print'
     (Fortran)
     Objects: 'DPdensityreg.o', 'LDBDPdensity.o', 'LDDPdensity.o',
     'LDDPsurvival.o', 'LDPDdoublyintsba.o', 'LDTFPdensity.o',
     'LDTFPglmmpois.o', 'LDTFPsurvival.o', 'PSgamgam.o',
     'PSgamgauss.o', 'PSgamlogit.o', 'PSgampois.o', 'PSgamprob.o'
    File 'DPpackage/libs/x64/DPpackage.dll':
     Found '_gfortran_st_write', possibly from 'write' (Fortran), 'print'
     (Fortran)
     Objects: 'DPdensityreg.o', 'LDBDPdensity.o', 'LDDPdensity.o',
     'LDDPsurvival.o', 'LDPDdoublyintsba.o', 'LDTFPdensity.o',
     'LDTFPglmmpois.o', 'LDTFPsurvival.o', 'PSgamgam.o',
     'PSgamgauss.o', 'PSgamlogit.o', 'PSgampois.o', 'PSgamprob.o'
    
    Compiled code should not call entry points which might terminate R nor
    write to stdout/stderr instead of to the console, nor the system RNG.
    
    See 'Writing portable packages' in the 'Writing R Extensions' manual.
Flavors: r-devel-windows-ix86+x86_64, r-release-windows-ix86+x86_64, r-oldrel-windows-ix86+x86_64