Last updated on 2025-01-18 04:48:23 CET.
Flavor | Version | Tinstall | Tcheck | Ttotal | Status | Flags |
---|---|---|---|---|---|---|
r-devel-linux-x86_64-debian-clang | 0.1.5 | 57.29 | 440.78 | 498.07 | OK | |
r-devel-linux-x86_64-debian-gcc | 0.1.5 | 44.29 | 325.37 | 369.66 | OK | |
r-devel-linux-x86_64-fedora-clang | 0.1.5 | 860.46 | OK | |||
r-devel-linux-x86_64-fedora-gcc | 0.1.5 | 854.19 | OK | |||
r-devel-windows-x86_64 | 0.1.5 | 58.00 | 373.00 | 431.00 | OK | |
r-patched-linux-x86_64 | 0.1.5 | 53.87 | 403.55 | 457.42 | OK | |
r-release-linux-x86_64 | 0.1.5 | 50.94 | 404.44 | 455.38 | OK | |
r-release-macos-arm64 | 0.1.5 | 182.00 | NOTE | |||
r-release-macos-x86_64 | 0.1.5 | 326.00 | NOTE | |||
r-release-windows-x86_64 | 0.1.5 | 55.00 | 370.00 | 425.00 | OK | |
r-oldrel-macos-arm64 | 0.1.5 | 18.00 | ERROR | |||
r-oldrel-macos-x86_64 | 0.1.5 | 11.00 | ERROR | |||
r-oldrel-windows-x86_64 | 0.1.5 | 68.00 | 500.00 | 568.00 | OK |
Version: 0.1.5
Check: installed package size
Result: NOTE
installed size is 5.6Mb
sub-directories of 1Mb or more:
data 5.4Mb
Flavors: r-release-macos-arm64, r-release-macos-x86_64
Version: 0.1.5
Check: package dependencies
Result: ERROR
Package required but not available: ‘GSVA’
See section ‘The DESCRIPTION file’ in the ‘Writing R Extensions’
manual.
Flavors: r-oldrel-macos-arm64, r-oldrel-macos-x86_64