CRAN Package Check Results for Package DSAIDE

Last updated on 2019-07-16 07:50:43 CEST.

Flavor Version Tinstall Tcheck Ttotal Status Flags
r-devel-linux-x86_64-debian-clang 0.8.2 7.82 97.40 105.22 OK
r-devel-linux-x86_64-debian-gcc 0.8.2 6.77 74.10 80.87 OK
r-devel-linux-x86_64-fedora-clang 0.8.2 127.58 NOTE
r-devel-linux-x86_64-fedora-gcc 0.8.2 122.14 OK
r-devel-windows-ix86+x86_64 0.8.2 24.00 180.00 204.00 NOTE
r-patched-linux-x86_64 0.8.2 7.51 95.29 102.80 OK
r-patched-solaris-x86 0.8.2 167.10 NOTE
r-release-linux-x86_64 0.8.2 7.27 94.31 101.58 OK
r-release-windows-ix86+x86_64 0.8.2 16.00 114.00 130.00 NOTE
r-release-osx-x86_64 0.8.2 NOTE
r-oldrel-windows-ix86+x86_64 0.8.2 24.00 144.00 168.00 NOTE
r-oldrel-osx-x86_64 0.8.2 NOTE

Check Details

Version: 0.8.2
Check: installed package size
Result: NOTE
     installed size is 5.4Mb
     sub-directories of 1Mb or more:
     appinformation 3.6Mb
Flavors: r-devel-linux-x86_64-fedora-clang, r-devel-windows-ix86+x86_64, r-patched-solaris-x86, r-release-windows-ix86+x86_64, r-release-osx-x86_64, r-oldrel-windows-ix86+x86_64, r-oldrel-osx-x86_64