CRAN Package Check Results for Package DSAIDE

Last updated on 2020-08-07 03:47:13 CEST.

Flavor Version Tinstall Tcheck Ttotal Status Flags
r-devel-linux-x86_64-debian-clang 0.8.3 9.48 112.55 122.03 OK
r-devel-linux-x86_64-debian-gcc 0.8.3 8.16 80.19 88.35 OK
r-devel-linux-x86_64-fedora-clang 0.8.3 146.10 OK
r-devel-linux-x86_64-fedora-gcc 0.8.3 135.31 OK
r-devel-windows-ix86+x86_64 0.8.3 29.00 171.00 200.00 OK
r-patched-linux-x86_64 0.8.3 8.35 105.28 113.63 OK
r-patched-solaris-x86 0.8.3 185.50 NOTE
r-release-linux-x86_64 0.8.3 8.59 106.97 115.56 OK
r-release-macos-x86_64 0.8.3 OK
r-release-windows-ix86+x86_64 0.8.3 29.00 118.00 147.00 OK
r-oldrel-macos-x86_64 0.8.3 OK
r-oldrel-windows-ix86+x86_64 0.8.3 17.00 123.00 140.00 OK

Check Details

Version: 0.8.3
Check: installed package size
Result: NOTE
     installed size is 5.5Mb
     sub-directories of 1Mb or more:
     appinformation 4.2Mb
Flavor: r-patched-solaris-x86