CRAN Package Check Results for Package DSL

Last updated on 2014-04-24 17:49:42.

Flavor Version Tinstall Tcheck Ttotal Status Flags
r-devel-linux-x86_64-debian-clang 0.1-5 0.89 15.32 16.21 NOTE
r-devel-linux-x86_64-debian-gcc 0.1-5 0.86 15.18 16.04 NOTE
r-devel-linux-x86_64-fedora-clang 0.1-5 27.32 NOTE --no-vignettes
r-devel-linux-x86_64-fedora-gcc 0.1-5 26.47 NOTE --no-vignettes
r-devel-osx-x86_64-clang 0.1-5 27.73 NOTE --no-vignettes
r-devel-osx-x86_64-gcc 0.1-5 NOTE
r-devel-windows-ix86+x86_64 0.1-5 4.00 29.00 33.00 NOTE
r-patched-linux-x86_64 0.1-5 0.86 15.63 16.49 NOTE
r-patched-solaris-sparc 0.1-5 144.60 NOTE --no-vignettes
r-patched-solaris-x86 0.1-5 36.60 NOTE --no-vignettes
r-release-linux-ix86 0.1-5 2.00 49.00 51.00 NOTE
r-release-linux-x86_64 0.1-5 0.90 15.12 16.02 NOTE
r-release-osx-x86_64-mavericks 0.1-5 WARN
r-release-osx-x86_64-snowleopard 0.1-5 NOTE
r-release-windows-ix86+x86_64 0.1-5 10.00 37.00 47.00 NOTE
r-oldrel-windows-ix86+x86_64 0.1-5 5.00 30.00 35.00 NOTE

Check Details

Version: 0.1-5
Check: dependencies in R code
Result: NOTE
    There are ::: calls to the package's namespace in its code. A package
     almost never needs to use ::: for its own objects:
     ‘.collector2’ ‘.make_chunk_signature’ ‘DSL_serialize_object’
     ‘DSL_split_line’
    See the information on DESCRIPTION files in the chapter ‘Creating R
    packages’ of the ‘Writing R Extensions’ manual.
Flavors: r-devel-linux-x86_64-debian-clang, r-devel-linux-x86_64-debian-gcc, r-devel-windows-ix86+x86_64, r-patched-linux-x86_64, r-release-linux-ix86, r-release-linux-x86_64, r-release-osx-x86_64-mavericks, r-release-osx-x86_64-snowleopard, r-release-windows-ix86+x86_64, r-oldrel-windows-ix86+x86_64

Version: 0.1-5
Flags: --no-vignettes
Check: dependencies in R code
Result: NOTE
    There are ::: calls to the package's namespace in its code. A package
     almost never needs to use ::: for its own objects:
     ‘.collector2’ ‘.make_chunk_signature’ ‘DSL_serialize_object’
     ‘DSL_split_line’
    See the information on DESCRIPTION files in the chapter ‘Creating R
    packages’ of the ‘Writing R Extensions’ manual.
Flavors: r-devel-linux-x86_64-fedora-clang, r-devel-linux-x86_64-fedora-gcc, r-devel-osx-x86_64-clang, r-patched-solaris-sparc, r-patched-solaris-x86

Version: 0.1-5
Check: package dependencies
Result: NOTE
    Package suggested but not available for checking: ‘hive’
Flavor: r-devel-osx-x86_64-gcc

Version: 0.1-5
Check: dependencies in R code
Result: NOTE
    There are ::: calls to the package's namespace in its code. A package
     almost never needs to use ::: for its own objects:
     ‘.collector2’ ‘.make_chunk_signature’ ‘DSL_serialize_object’
     ‘DSL_split_line’
    Unavailable namespace imported from by a ':::' call: ‘hive’
     See the note in ?`:::` about the use of this operator.
    See the information on DESCRIPTION files in the chapter ‘Creating R
    packages’ of the ‘Writing R Extensions’ manual.
Flavor: r-devel-osx-x86_64-gcc

Version: 0.1-5
Check: PDF version of manual
Result: WARNING
    LaTeX errors when creating PDF version.
    This typically indicates Rd problems.
    LaTeX errors found:
    ! LaTeX Error: File `upquote.sty' not found.
    
    Type X to quit or <RETURN> to proceed,
    or enter new name. (Default extension: sty)
    
    3b70b02/Rd2.tex:8: ==> Fatal error occurred, no output PDF file produced!
Flavor: r-release-osx-x86_64-mavericks