CRAN Package Check Results for Package DSL

Last updated on 2018-04-21 16:46:34 CEST.

Flavor Version Tinstall Tcheck Ttotal Status Flags
r-devel-linux-x86_64-debian-clang 0.1-6 2.10 27.93 30.03 NOTE
r-devel-linux-x86_64-debian-gcc 0.1-6 1.71 22.28 23.99 NOTE
r-devel-linux-x86_64-fedora-clang 0.1-6 36.92 NOTE
r-devel-linux-x86_64-fedora-gcc 0.1-6 35.14 NOTE
r-devel-windows-ix86+x86_64 0.1-6 8.00 63.00 71.00 OK
r-devel-osx-x86_64 0.1-6 OK
r-patched-linux-x86_64 0.1-6 1.98 27.23 29.21 NOTE
r-patched-solaris-x86 0.1-6 46.70 OK --no-build-vignettes
r-release-linux-x86_64 0.1-6 1.33 28.04 29.37 NOTE
r-release-windows-ix86+x86_64 0.1-6 8.00 59.00 67.00 OK
r-release-osx-x86_64 0.1-6 OK
r-oldrel-windows-ix86+x86_64 0.1-6 9.00 44.00 53.00 OK

Check Details

Version: 0.1-6
Check: compiled code
Result: NOTE
    File ‘DSL/libs/DSL.so’:
     Found no calls to: ‘R_registerRoutines’, ‘R_useDynamicSymbols’
    
    It is good practice to register native routines and to disable symbol
    search.
    
    See ‘Writing portable packages’ in the ‘Writing R Extensions’ manual.
Flavors: r-devel-linux-x86_64-debian-clang, r-devel-linux-x86_64-debian-gcc, r-devel-linux-x86_64-fedora-clang, r-devel-linux-x86_64-fedora-gcc, r-patched-linux-x86_64, r-release-linux-x86_64