CRAN Package Check Results for Package DSL

Last updated on 2014-11-01 05:48:50.

Flavor Version Tinstall Tcheck Ttotal Status Flags
r-devel-linux-x86_64-debian-clang 0.1-5 0.88 15.09 15.97 NOTE
r-devel-linux-x86_64-debian-gcc 0.1-5 0.90 15.64 16.55 NOTE
r-devel-linux-x86_64-fedora-clang 0.1-5 26.38 NOTE --no-vignettes
r-devel-linux-x86_64-fedora-gcc 0.1-5 24.44 NOTE --no-vignettes
r-devel-osx-x86_64-clang 0.1-5 26.75 NOTE --no-vignettes
r-devel-windows-ix86+x86_64 0.1-5 4.00 27.00 31.00 NOTE
r-patched-linux-x86_64 0.1-5 0.91 14.98 15.89 NOTE
r-patched-solaris-sparc 0.1-5 141.90 NOTE --no-vignettes
r-patched-solaris-x86 0.1-5 34.40 NOTE --no-vignettes
r-release-linux-ix86 0.1-5 1.34 37.04 38.38 NOTE
r-release-linux-x86_64 0.1-5 0.88 15.73 16.60 NOTE
r-release-osx-x86_64-mavericks 0.1-5 NOTE
r-release-osx-x86_64-snowleopard 0.1-5 NOTE
r-release-windows-ix86+x86_64 0.1-5 4.00 38.00 42.00 NOTE
r-oldrel-windows-ix86+x86_64 0.1-5 6.00 38.00 44.00 NOTE

Check Details

Version: 0.1-5
Check: dependencies in R code
Result: NOTE
    There are ::: calls to the package's namespace in its code. A package
     almost never needs to use ::: for its own objects:
     ‘.collector2’ ‘.make_chunk_signature’ ‘DSL_serialize_object’
     ‘DSL_split_line’
    See the information on DESCRIPTION files in the chapter ‘Creating R
    packages’ of the ‘Writing R Extensions’ manual.
Flavors: r-devel-linux-x86_64-debian-clang, r-devel-linux-x86_64-debian-gcc, r-devel-windows-ix86+x86_64, r-patched-linux-x86_64, r-release-linux-ix86, r-release-linux-x86_64, r-release-osx-x86_64-mavericks, r-release-osx-x86_64-snowleopard, r-release-windows-ix86+x86_64, r-oldrel-windows-ix86+x86_64

Version: 0.1-5
Flags: --no-vignettes
Check: dependencies in R code
Result: NOTE
    There are ::: calls to the package's namespace in its code. A package
     almost never needs to use ::: for its own objects:
     ‘.collector2’ ‘.make_chunk_signature’ ‘DSL_serialize_object’
     ‘DSL_split_line’
    See the information on DESCRIPTION files in the chapter ‘Creating R
    packages’ of the ‘Writing R Extensions’ manual.
Flavors: r-devel-linux-x86_64-fedora-clang, r-devel-linux-x86_64-fedora-gcc, r-devel-osx-x86_64-clang, r-patched-solaris-sparc, r-patched-solaris-x86