CRAN Package Check Results for Package DSL

Last updated on 2015-05-24 22:46:59.

Flavor Version Tinstall Tcheck Ttotal Status Flags
r-devel-linux-x86_64-debian-clang 0.1-5 0.86 14.03 14.89 NOTE
r-devel-linux-x86_64-debian-gcc 0.1-5 0.89 14.08 14.97 NOTE
r-devel-linux-x86_64-fedora-clang 0.1-5 30.08 NOTE
r-devel-linux-x86_64-fedora-gcc 0.1-5 27.26 NOTE
r-devel-osx-x86_64-clang 0.1-5 38.42 NOTE
r-devel-windows-ix86+x86_64 0.1-5 5.00 27.00 32.00 NOTE
r-patched-linux-x86_64 0.1-5 0.93 14.14 15.06 NOTE
r-patched-solaris-sparc 0.1-5 146.90 NOTE --no-vignettes
r-patched-solaris-x86 0.1-5 31.60 NOTE --no-build-vignettes
r-release-linux-x86_64 0.1-5 0.85 14.19 15.04 NOTE
r-release-osx-x86_64-mavericks 0.1-5 NOTE
r-release-osx-x86_64-snowleopard 0.1-5 NOTE
r-release-windows-ix86+x86_64 0.1-5 5.00 27.00 32.00 NOTE
r-oldrel-windows-ix86+x86_64 0.1-5 5.00 33.00 38.00 NOTE

Check Details

Version: 0.1-5
Check: dependencies in R code
Result: NOTE
    There are ::: calls to the package's namespace in its code. A package
     almost never needs to use ::: for its own objects:
     ‘.collector2’ ‘.make_chunk_signature’ ‘DSL_serialize_object’
     ‘DSL_split_line’
Flavors: r-devel-linux-x86_64-debian-clang, r-devel-linux-x86_64-debian-gcc, r-devel-linux-x86_64-fedora-clang, r-devel-linux-x86_64-fedora-gcc, r-devel-osx-x86_64-clang, r-devel-windows-ix86+x86_64, r-patched-linux-x86_64, r-release-linux-x86_64, r-release-osx-x86_64-mavericks, r-release-windows-ix86+x86_64, r-oldrel-windows-ix86+x86_64

Version: 0.1-5
Flags: --no-vignettes
Check: dependencies in R code
Result: NOTE
    There are ::: calls to the package's namespace in its code. A package
     almost never needs to use ::: for its own objects:
     ‘.collector2’ ‘.make_chunk_signature’ ‘DSL_serialize_object’
     ‘DSL_split_line’
Flavor: r-patched-solaris-sparc

Version: 0.1-5
Flags: --no-build-vignettes
Check: dependencies in R code
Result: NOTE
    There are ::: calls to the package's namespace in its code. A package
     almost never needs to use ::: for its own objects:
     ‘.collector2’ ‘.make_chunk_signature’ ‘DSL_serialize_object’
     ‘DSL_split_line’
Flavor: r-patched-solaris-x86

Version: 0.1-5
Check: re-building of vignette outputs
Result: NOTE
    Error in re-building vignettes:
     ...
    Loading required package: DSL
    Error in texi2dvi(file = file, pdf = TRUE, clean = clean, quiet = quiet, :
     Running 'texi2dvi' on 'DSL.tex' failed.
    LaTeX errors:
    ! Undefined control sequence.
    l.18 ...<ce><fc><fc><bc><e3>8X^^W<c6>X<bb><dd>^^F<fd><9a><a6><e1>E<ac><0b>:^^O8<e7><e3><e9><de>><a1>^^_\^^G
     <8e><ee>^^?<dc>q^^F<c7>1<c8>3^^L^^C<cc><c1>O<a9>3<fb>...
    The control sequence at the end of the top line
    of your error message was never \def'ed. If you have
    ! Undefined control sequence.
    l.23 <fa><e8><de>e)<e9><8d><c6>_[<f7><86>^^]<97><e4><9d>^^@0<ad><bd><d7>}7<f2><fe><8c>p<b6>e\<d3>
     4<d3><e9><b4>i<9a>H<c0>^^A8<92><f9><f9>y<d3>4www<9f>>}<fa><f9>矟<d1>^^D.-<e7>...
    The control sequence at the end of the top line
    of your error message was never \def'ed. If you have
    ! Undefined control sequence.
    \GenericError ...
     #4 \errhelp \@err@ ...
    l.25 ...^^X^^R^^@<c6>&<9b>ͦ<d3><e9>l<d6>L<a7><e3><a6>Yo6<9f><ee><ec><<e7>|<ab>Ri
    Calls: buildVignettes -> texi2pdf -> texi2dvi
    Execution halted
Flavor: r-release-osx-x86_64-mavericks

Version: 0.1-5
Check: package dependencies
Result: NOTE
    Package suggested but not available for checking: ‘hive’
Flavor: r-release-osx-x86_64-snowleopard

Version: 0.1-5
Check: dependencies in R code
Result: NOTE
    There are ::: calls to the package's namespace in its code. A package
     almost never needs to use ::: for its own objects:
     ‘.collector2’ ‘.make_chunk_signature’ ‘DSL_serialize_object’
     ‘DSL_split_line’
    Unavailable namespace imported from by a ':::' call: ‘hive’
     See the note in ?`:::` about the use of this operator.
Flavor: r-release-osx-x86_64-snowleopard