CRAN Package Check Results for Package DSL

Last updated on 2014-07-28 03:49:01.

Flavor Version Tinstall Tcheck Ttotal Status Flags
r-devel-linux-x86_64-debian-clang 0.1-5 0.88 14.49 15.37 NOTE
r-devel-linux-x86_64-debian-gcc 0.1-5 2.82 14.52 17.34 NOTE
r-devel-linux-x86_64-fedora-clang 0.1-5 27.82 NOTE --no-vignettes
r-devel-linux-x86_64-fedora-gcc 0.1-5 25.92 NOTE --no-vignettes
r-devel-osx-x86_64-clang 0.1-5 26.96 NOTE --no-vignettes
r-devel-windows-ix86+x86_64 0.1-5 5.00 30.00 35.00 NOTE
r-patched-linux-x86_64 0.1-5 0.86 14.70 15.57 NOTE
r-patched-solaris-sparc 0.1-5 144.60 NOTE --no-vignettes
r-patched-solaris-x86 0.1-5 38.30 NOTE --no-vignettes
r-release-linux-ix86 0.1-5 1.31 22.92 24.22 NOTE
r-release-linux-x86_64 0.1-5 0.84 14.99 15.83 NOTE
r-release-osx-x86_64-mavericks 0.1-5 NOTE
r-release-osx-x86_64-snowleopard 0.1-5 NOTE
r-release-windows-ix86+x86_64 0.1-5 7.00 30.00 37.00 NOTE
r-oldrel-windows-ix86+x86_64 0.1-5 5.00 30.00 35.00 NOTE

Check Details

Version: 0.1-5
Check: dependencies in R code
Result: NOTE
    There are ::: calls to the package's namespace in its code. A package
     almost never needs to use ::: for its own objects:
     .collector2 .make_chunk_signature DSL_serialize_object
     DSL_split_line
    See the information on DESCRIPTION files in the chapter Creating R
    packages of the Writing R Extensions manual.
Flavors: r-devel-linux-x86_64-debian-clang, r-devel-linux-x86_64-debian-gcc, r-devel-windows-ix86+x86_64, r-patched-linux-x86_64, r-release-linux-ix86, r-release-linux-x86_64, r-release-osx-x86_64-mavericks, r-release-osx-x86_64-snowleopard, r-release-windows-ix86+x86_64, r-oldrel-windows-ix86+x86_64

Version: 0.1-5
Flags: --no-vignettes
Check: dependencies in R code
Result: NOTE
    There are ::: calls to the package's namespace in its code. A package
     almost never needs to use ::: for its own objects:
     .collector2 .make_chunk_signature DSL_serialize_object
     DSL_split_line
    See the information on DESCRIPTION files in the chapter Creating R
    packages of the Writing R Extensions manual.
Flavors: r-devel-linux-x86_64-fedora-clang, r-devel-linux-x86_64-fedora-gcc, r-devel-osx-x86_64-clang, r-patched-solaris-sparc, r-patched-solaris-x86