CRAN Package Check Results for Package DSL

Last updated on 2016-09-26 13:47:47.

Flavor Version Tinstall Tcheck Ttotal Status Flags
r-devel-linux-x86_64-debian-clang 0.1-6 0.95 16.33 17.28 OK
r-devel-linux-x86_64-debian-gcc 0.1-6 0.89 16.71 17.59 OK
r-devel-linux-x86_64-fedora-clang 0.1-6 28.76 OK
r-devel-linux-x86_64-fedora-gcc 0.1-6 27.24 OK
r-devel-macos-x86_64-clang 0.1-6 26.09 OK
r-devel-windows-ix86+x86_64 0.1-6 7.00 39.00 46.00 OK
r-patched-linux-x86_64 0.1-6 0.84 15.54 16.38 OK
r-patched-solaris-sparc 0.1-6 129.20 OK --no-vignettes
r-patched-solaris-x86 0.1-6 32.90 OK --no-build-vignettes
r-release-linux-x86_64 0.1-6 0.89 16.50 17.39 OK
r-release-osx-x86_64-mavericks 0.1-6 NOTE
r-release-windows-ix86+x86_64 0.1-6 4.00 40.00 44.00 OK
r-oldrel-windows-ix86+x86_64 0.1-6 5.00 44.00 49.00 OK

Check Details

Version: 0.1-6
Check: re-building of vignette outputs
Result: NOTE
    Error in re-building vignettes:
     ...
    Warning in grepl("(Rerun to get|biblatex.*\\(re\\)run)", readLines(log, :
     input string 341 is invalid in this locale
    Warning in grepl("(Rerun to get|biblatex.*\\(re\\)run)", readLines(log, :
     input string 342 is invalid in this locale
    Warning in grepl("(Rerun to get|biblatex.*\\(re\\)run)", readLines(log, :
     input string 352 is invalid in this locale
    Error in texi2dvi(file = file, pdf = TRUE, clean = clean, quiet = quiet, :
     Running 'texi2dvi' on 'DSL.tex' failed.
    LaTeX errors:
    ! Undefined control sequence.
    l.18 ...<ce><fc><fc><bc><e3>8X^^W<c6>X<bb><dd>^^F<fd><9a><a6><e1>E<ac><0b>:^^O8<e7><e3><e9><de>><a1>^^_\^^G
     <8e><ee>^^?<dc>q^^F<c7>1<c8>3^^L^^C<cc><c1>O<a9>3<fb>...
    The control sequence at the end of the top line
    of your error message was never \def'ed. If you have
    ! Undefined control sequence.
    l.23 <fa><e8><de>e)<e9><8d><c6>_[<f7><86>^^]<97><e4><9d>^^@0<ad><bd><d7>}7<f2><fe><8c>p<b6>e\<d3>
     4<d3><e9><b4>i<9a>H<c0>^^A8<92><f9><f9>y<d3>4www<9f>>}<fa><f9>矟<d1>^^D.-<e7>...
    The control sequence at the end of the top line
    of your error message was never \def'ed. If you have
    ! Undefined control sequence.
    \GenericError ...
     #4 \errhelp \@err@ ...
    l.25 ...^^X^^R^^@<c6>&<9b>ͦ<d3><e9>l<d6>L<a7><e3><a6>Yo6<9f><ee><ec><<e7>|<ab>Ri
    Calls: buildVignettes -> texi2pdf -> texi2dvi
    Execution halted
Flavor: r-release-osx-x86_64-mavericks