CRAN Package Check Results for Package DSL

Last updated on 2018-06-21 21:49:50 CEST.

Flavor Version Tinstall Tcheck Ttotal Status Flags
r-devel-linux-x86_64-debian-clang 0.1-6 2.40 28.14 30.54 NOTE
r-devel-linux-x86_64-debian-gcc 0.1-6 1.53 23.25 24.78 NOTE
r-devel-linux-x86_64-fedora-clang 0.1-6 38.35 NOTE
r-devel-linux-x86_64-fedora-gcc 0.1-6 36.45 NOTE
r-devel-windows-ix86+x86_64 0.1-6 11.00 65.00 76.00 OK
r-patched-linux-x86_64 0.1-6 2.31 27.95 30.26 NOTE
r-patched-solaris-x86 0.1-6 46.10 OK --no-build-vignettes
r-release-linux-x86_64 0.1-6 2.41 27.79 30.20 NOTE
r-release-windows-ix86+x86_64 0.1-6 6.00 71.00 77.00 OK
r-release-osx-x86_64 0.1-6 OK
r-oldrel-windows-ix86+x86_64 0.1-6 12.00 65.00 77.00 OK
r-oldrel-osx-x86_64 0.1-6 OK

Check Details

Version: 0.1-6
Check: compiled code
Result: NOTE
    File ‘DSL/libs/DSL.so’:
     Found no calls to: ‘R_registerRoutines’, ‘R_useDynamicSymbols’
    
    It is good practice to register native routines and to disable symbol
    search.
    
    See ‘Writing portable packages’ in the ‘Writing R Extensions’ manual.
Flavors: r-devel-linux-x86_64-debian-clang, r-devel-linux-x86_64-debian-gcc, r-devel-linux-x86_64-fedora-clang, r-devel-linux-x86_64-fedora-gcc, r-patched-linux-x86_64, r-release-linux-x86_64