CRAN Package Check Results for Package DSjobtracker

Last updated on 2021-04-11 02:46:42 CEST.

Flavor Version Tinstall Tcheck Ttotal Status Flags
r-devel-linux-x86_64-debian-clang 0.1.1 2.06 31.31 33.37 OK
r-devel-linux-x86_64-debian-gcc 0.1.1 1.56 24.09 25.65 OK
r-devel-linux-x86_64-fedora-clang 0.1.1 52.80 NOTE
r-devel-linux-x86_64-fedora-gcc 0.1.1 36.79 NOTE
r-devel-windows-ix86+x86_64 0.1.1 5.00 36.00 41.00 OK
r-devel-windows-x86_64-gcc10-UCRT 0.1.1 NOTE
r-patched-linux-x86_64 0.1.1 1.92 30.11 32.03 OK
r-patched-solaris-x86 0.1.1 60.00 WARN
r-release-linux-x86_64 0.1.1 1.70 30.52 32.22 OK
r-release-macos-x86_64 0.1.1 WARN
r-release-windows-ix86+x86_64 0.1.1 5.00 48.00 53.00 OK
r-oldrel-macos-x86_64 0.1.1 WARN
r-oldrel-windows-ix86+x86_64 0.1.1 11.00 47.00 58.00 OK

Check Details

Version: 0.1.1
Check: data for non-ASCII characters
Result: NOTE
     Note: found 149 marked UTF-8 strings
Flavors: r-devel-linux-x86_64-fedora-clang, r-devel-linux-x86_64-fedora-gcc, r-devel-windows-x86_64-gcc10-UCRT, r-patched-solaris-x86, r-release-macos-x86_64, r-oldrel-macos-x86_64

Version: 0.1.1
Check: re-building of vignette outputs
Result: WARN
    Error(s) in re-building vignettes:
     ...
    --- re-building ‘DSjobtracker.Rmd’ using rmarkdown
    Warning in engine$weave(file, quiet = quiet, encoding = enc) :
     Pandoc (>= 1.12.3) and/or pandoc-citeproc not available. Falling back to R Markdown v1.
    
    Attaching package: 'magrittr'
    
    The following object is masked from 'package:tidyr':
    
     extract
    
    
    Attaching package: 'dplyr'
    
    The following objects are masked from 'package:stats':
    
     filter, lag
    
    The following objects are masked from 'package:base':
    
     intersect, setdiff, setequal, union
    
    Loading required package: viridisLite
    Selecting by Total
    Quitting from lines 136-155 (DSjobtracker.Rmd)
    Error: processing vignette 'DSjobtracker.Rmd' failed with diagnostics:
    there is no package called 'webshot'
    --- failed re-building ‘DSjobtracker.Rmd’
    
    SUMMARY: processing the following file failed:
     ‘DSjobtracker.Rmd’
    
    Error: Vignette re-building failed.
    Execution halted
Flavor: r-patched-solaris-x86

Version: 0.1.1
Check: re-building of vignette outputs
Result: WARN
    Error(s) in re-building vignettes:
    --- re-building ‘DSjobtracker.Rmd’ using rmarkdown
    Warning in engine$weave(file, quiet = quiet, encoding = enc) :
     Pandoc (>= 1.12.3) and/or pandoc-citeproc not available. Falling back to R Markdown v1.
    
    Attaching package: 'magrittr'
    
    The following object is masked from 'package:tidyr':
    
     extract
    
    
    Attaching package: 'dplyr'
    
    The following objects are masked from 'package:stats':
    
     filter, lag
    
    The following objects are masked from 'package:base':
    
     intersect, setdiff, setequal, union
    
    Loading required package: viridisLite
    `summarise()` ungrouping output (override with `.groups` argument)
    Selecting by Total
    `summarise()` ungrouping output (override with `.groups` argument)
    PhantomJS not found. You can install it with webshot::install_phantomjs(). If it is installed, please make sure the phantomjs executable can be found via the PATH variable.
    Warning in normalizePath(f2) :
     path[1]="webshot14cc2fa555ba.png": No such file or directory
    Warning in file(con, "rb") :
     cannot open file 'webshot14cc2fa555ba.png': No such file or directory
    Quitting from lines 136-155 (DSjobtracker.Rmd)
    Error: processing vignette 'DSjobtracker.Rmd' failed with diagnostics:
    cannot open the connection
    --- failed re-building ‘DSjobtracker.Rmd’
    
    SUMMARY: processing the following file failed:
     ‘DSjobtracker.Rmd’
    
    Error: Vignette re-building failed.
    Execution halted
Flavor: r-release-macos-x86_64

Version: 0.1.1
Check: re-building of vignette outputs
Result: WARN
    Error(s) in re-building vignettes:
    --- re-building ‘DSjobtracker.Rmd’ using rmarkdown
    Warning in engine$weave(file, quiet = quiet, encoding = enc) :
     Pandoc (>= 1.12.3) and/or pandoc-citeproc not available. Falling back to R Markdown v1.
    
    Attaching package: 'magrittr'
    
    The following object is masked from 'package:tidyr':
    
     extract
    
    
    Attaching package: 'dplyr'
    
    The following objects are masked from 'package:stats':
    
     filter, lag
    
    The following objects are masked from 'package:base':
    
     intersect, setdiff, setequal, union
    
    Loading required package: viridisLite
    `summarise()` ungrouping output (override with `.groups` argument)
    Selecting by Total
    `summarise()` ungrouping output (override with `.groups` argument)
    PhantomJS not found. You can install it with webshot::install_phantomjs(). If it is installed, please make sure the phantomjs executable can be found via the PATH variable.
    Warning in normalizePath(f2) :
     path[1]="webshot10a4755b711.png": No such file or directory
    Warning in file(con, "rb") :
     cannot open file 'webshot10a4755b711.png': No such file or directory
    Quitting from lines 136-155 (DSjobtracker.Rmd)
    Error: processing vignette 'DSjobtracker.Rmd' failed with diagnostics:
    cannot open the connection
    --- failed re-building ‘DSjobtracker.Rmd’
    
    SUMMARY: processing the following file failed:
     ‘DSjobtracker.Rmd’
    
    Error: Vignette re-building failed.
    Execution halted
Flavor: r-oldrel-macos-x86_64