CRAN Package Check Results for Package DSpat

Last updated on 2015-05-29 17:47:13.

Flavor Version Tinstall Tcheck Ttotal Status Flags
r-devel-linux-x86_64-debian-clang 0.1.6 4.04 49.75 53.80 OK
r-devel-linux-x86_64-debian-gcc 0.1.6 3.78 49.92 53.70 OK
r-devel-linux-x86_64-fedora-clang 0.1.6 116.40 OK
r-devel-linux-x86_64-fedora-gcc 0.1.6 104.60 OK
r-devel-osx-x86_64-clang 0.1.6 95.57 OK
r-devel-windows-ix86+x86_64 0.1.6 12.00 77.00 89.00 OK
r-patched-linux-x86_64 0.1.6 3.71 50.24 53.95 OK
r-patched-solaris-sparc 0.1.6 661.00 OK
r-patched-solaris-x86 0.1.6 154.40 OK
r-release-linux-x86_64 0.1.6 3.87 49.31 53.18 OK
r-release-osx-x86_64-mavericks 0.1.6 OK
r-release-osx-x86_64-snowleopard 0.1.6 ERROR
r-release-windows-ix86+x86_64 0.1.6 11.00 72.00 83.00 OK
r-oldrel-windows-ix86+x86_64 0.1.6 14.00 88.00 102.00 OK

Check Details

Version: 0.1.6
Check: package dependencies
Result: ERROR
    Package required but not available: ‘rgeos’
    
    See section ‘The DESCRIPTION file’ in the ‘Writing R Extensions’
    manual.
Flavor: r-release-osx-x86_64-snowleopard