CRAN Package Check Results for Package DSpat

Last updated on 2014-04-23 07:54:58.

Flavor Version Tinstall Tcheck Ttotal Status Flags
r-devel-linux-x86_64-debian-clang 0.1.5 5.02 56.33 61.34 NOTE
r-devel-linux-x86_64-debian-gcc 0.1.5 5.43 54.47 59.90 NOTE
r-devel-linux-x86_64-fedora-clang 0.1.5 144.64 NOTE
r-devel-linux-x86_64-fedora-gcc 0.1.5 133.33 NOTE
r-devel-osx-x86_64-clang 0.1.5 115.18 NOTE
r-devel-osx-x86_64-gcc 0.1.5 ERROR
r-devel-windows-ix86+x86_64 0.1.5 13.00 79.00 92.00 NOTE
r-patched-linux-x86_64 0.1.5 5.75 55.64 61.38 NOTE
r-patched-solaris-sparc 0.1.5 715.50 NOTE
r-patched-solaris-x86 0.1.5 177.80 NOTE
r-release-linux-ix86 0.1.5 8.00 92.00 100.00 NOTE
r-release-linux-x86_64 0.1.5 5.00 55.37 60.38 NOTE
r-release-osx-x86_64-mavericks 0.1.5 ERROR
r-release-windows-ix86+x86_64 0.1.5 12.00 83.00 95.00 NOTE
r-oldrel-windows-ix86+x86_64 0.1.5 13.00 77.00 90.00 NOTE

Check Details

Version: 0.1.5
Check: dependencies in R code
Result: NOTE
    Packages in Depends field not imported from:
     ‘RandomFields’ ‘mgcv’ ‘spatstat’
     These packages need to be imported from (in the NAMESPACE file)
     for when this namespace is loaded but not attached.
    See the information on DESCRIPTION files in the chapter ‘Creating R
    packages’ of the ‘Writing R Extensions’ manual.
Flavors: r-devel-linux-x86_64-debian-clang, r-devel-linux-x86_64-debian-gcc, r-devel-linux-x86_64-fedora-clang, r-devel-linux-x86_64-fedora-gcc, r-devel-osx-x86_64-clang, r-devel-windows-ix86+x86_64, r-patched-linux-x86_64, r-patched-solaris-sparc, r-patched-solaris-x86, r-release-linux-ix86, r-release-linux-x86_64, r-release-windows-ix86+x86_64, r-oldrel-windows-ix86+x86_64

Version: 0.1.5
Check: Rd line widths
Result: NOTE
    Rd file 'simDSpat.Rd':
     \examples lines wider than 100 characters:
     plot(mu.B$lambda, col=gray(1-c(1:100)/120), main='Estimated Intensity',breaks=(0:100)*2.5/100,zlim=c(0,2.5))
    
    These lines will be truncated in the PDF manual.
Flavors: r-devel-linux-x86_64-fedora-clang, r-devel-linux-x86_64-fedora-gcc

Version: 0.1.5
Check: package dependencies
Result: ERROR
    Packages required but not available: ‘RandomFields’ ‘rgeos’
    
    See the information on DESCRIPTION files in the chapter ‘Creating R
    packages’ of the ‘Writing R Extensions’ manual.
Flavor: r-devel-osx-x86_64-gcc

Version: 0.1.5
Check: package dependencies
Result: ERROR
    Package required but not available: ‘rgeos’
    
    See the information on DESCRIPTION files in the chapter ‘Creating R
    packages’ of the ‘Writing R Extensions’ manual.
Flavor: r-release-osx-x86_64-mavericks