CRAN Package Check Results for Package DSpat

Last updated on 2014-12-18 03:50:26.

Flavor Version Tinstall Tcheck Ttotal Status Flags
r-devel-linux-x86_64-debian-clang 0.1.6 6.47 77.60 84.07 OK
r-devel-linux-x86_64-debian-gcc 0.1.6 6.31 75.22 81.53 OK
r-devel-linux-x86_64-fedora-clang 0.1.6 201.09 OK
r-devel-linux-x86_64-fedora-gcc 0.1.6 175.93 OK
r-devel-osx-x86_64-clang 0.1.6 159.37 OK
r-devel-windows-ix86+x86_64 0.1.6 34.00 113.00 147.00 OK
r-patched-linux-x86_64 0.1.6 6.78 80.58 87.37 OK
r-patched-solaris-sparc 0.1.6 1014.00 OK
r-patched-solaris-x86 0.1.6 213.80 OK
r-release-linux-ix86 0.1.6 7.75 118.76 126.50 OK
r-release-linux-x86_64 0.1.6 6.80 80.66 87.46 OK
r-release-osx-x86_64-mavericks 0.1.6 ERROR
r-release-osx-x86_64-snowleopard 0.1.6 OK
r-release-windows-ix86+x86_64 0.1.6 27.00 121.00 148.00 OK
r-oldrel-windows-ix86+x86_64 0.1.6 27.00 115.00 142.00 OK

Check Details

Version: 0.1.6
Check: package dependencies
Result: ERROR
    Package required but not available: ‘rgeos’
    
    See the information on DESCRIPTION files in the chapter ‘Creating R
    packages’ of the ‘Writing R Extensions’ manual.
Flavor: r-release-osx-x86_64-mavericks