CRAN Package Check Results for Package DSpat

Last updated on 2015-01-28 17:55:15.

Flavor Version Tinstall Tcheck Ttotal Status Flags
r-devel-linux-x86_64-debian-clang 0.1.6 4.79 55.28 60.07 OK
r-devel-linux-x86_64-debian-gcc 0.1.6 4.50 54.07 58.58 OK
r-devel-linux-x86_64-fedora-clang 0.1.6 154.18 OK
r-devel-linux-x86_64-fedora-gcc 0.1.6 151.14 OK
r-devel-osx-x86_64-clang 0.1.6 138.15 OK
r-devel-windows-ix86+x86_64 0.1.6 12.00 80.00 92.00 OK
r-patched-linux-x86_64 0.1.6 5.10 62.36 67.45 OK
r-patched-solaris-sparc 0.1.6 1106.50 OK
r-patched-solaris-x86 0.1.6 204.90 OK
r-release-linux-ix86 0.1.6 5.55 90.11 95.66 OK
r-release-linux-x86_64 0.1.6 5.26 62.99 68.25 OK
r-release-osx-x86_64-mavericks 0.1.6 ERROR
r-release-osx-x86_64-snowleopard 0.1.6 OK
r-release-windows-ix86+x86_64 0.1.6 15.00 101.00 116.00 OK
r-oldrel-windows-ix86+x86_64 0.1.6 15.00 90.00 105.00 OK

Check Details

Version: 0.1.6
Check: package dependencies
Result: ERROR
    Package required but not available: ‘rgeos’
    
    See the information on DESCRIPTION files in the chapter ‘Creating R
    packages’ of the ‘Writing R Extensions’ manual.
Flavor: r-release-osx-x86_64-mavericks