CRAN Package Check Results for Package DSpat

Last updated on 2015-08-04 08:47:44.

Flavor Version Tinstall Tcheck Ttotal Status Flags
r-devel-linux-x86_64-debian-clang 0.1.6 4.19 51.32 55.51 NOTE
r-devel-linux-x86_64-debian-gcc 0.1.6 3.98 49.89 53.87 NOTE
r-devel-linux-x86_64-fedora-clang 0.1.6 114.40 NOTE
r-devel-linux-x86_64-fedora-gcc 0.1.6 105.33 NOTE
r-devel-osx-x86_64-clang 0.1.6 92.17 OK
r-devel-windows-ix86+x86_64 0.1.6 15.00 84.00 99.00 NOTE
r-patched-linux-x86_64 0.1.6 3.91 53.66 57.56 OK
r-patched-solaris-sparc 0.1.6 691.70 OK
r-patched-solaris-x86 0.1.6 160.00 OK
r-release-linux-x86_64 0.1.6 4.04 50.56 54.60 OK
r-release-osx-x86_64-mavericks 0.1.6 OK
r-release-windows-ix86+x86_64 0.1.6 16.00 80.00 96.00 OK
r-oldrel-windows-ix86+x86_64 0.1.6 17.00 106.00 123.00 OK

Check Details

Version: 0.1.6
Check: R code for possible problems
Result: NOTE
    AIC.dspat: no visible global function definition for ‘coef’
    LTDataFrame: no visible global function definition for ‘as.formula’
    coef.dspat: no visible global function definition for ‘coef’
    integrate.intensity: no visible global function definition for ‘coef’
    integrate.intensity: no visible global function definition for
     ‘predict’
    integrate.intensity: no visible global function definition for
     ‘model.matrix’
    integrate.intensity: no visible global function definition for ‘vcov’
    integrate.intensity: no visible global function definition for ‘fitted’
    lgcp.correction: no visible global function definition for ‘predict’
    lgcp.correction: no visible global function definition for
     ‘model.matrix’
    lgcp.correction: no visible global function definition for ‘fitted’
    lgcp.correction: no visible global function definition for ‘var’
    lines_to_strips : line_to_strip: no visible global function definition
     for ‘as’
    owin.gpc.poly: no visible global function definition for ‘as’
    sample.points : sample.points.from.line: no visible global function
     definition for ‘runif’
    sample.points: no visible global function definition for ‘model.matrix’
    simCovariates: no visible global function definition for ‘quantile’
    simPts: no visible global function definition for ‘model.matrix’
    transect.intensity: no visible global function definition for ‘predict’
    transect.intensity: no visible global function definition for ‘hist’
    Undefined global functions or variables:
     as as.formula coef fitted hist model.matrix predict quantile runif
     var vcov
    Consider adding
     importFrom("graphics", "hist")
     importFrom("methods", "as")
     importFrom("stats", "as.formula", "coef", "fitted", "model.matrix",
     "predict", "quantile", "runif", "var", "vcov")
    to your NAMESPACE.
Flavors: r-devel-linux-x86_64-debian-clang, r-devel-linux-x86_64-debian-gcc, r-devel-linux-x86_64-fedora-clang, r-devel-linux-x86_64-fedora-gcc, r-devel-windows-ix86+x86_64