CRAN Package Check Results for Package DSpat

Last updated on 2015-03-26 19:47:37.

Flavor Version Tinstall Tcheck Ttotal Status Flags
r-devel-linux-x86_64-debian-clang 0.1.6 4.61 52.33 56.94 OK
r-devel-linux-x86_64-debian-gcc 0.1.6 3.72 48.37 52.09 OK
r-devel-linux-x86_64-fedora-clang 0.1.6 115.06 OK
r-devel-linux-x86_64-fedora-gcc 0.1.6 108.04 OK
r-devel-osx-x86_64-clang 0.1.6 105.02 OK
r-prerel-windows-ix86+x86_64 0.1.6 10.00 77.00 87.00 OK
r-prerel-linux-x86_64 0.1.6 3.94 48.21 52.14 OK
r-prerel-solaris-sparc 0.1.6 692.60 OK
r-prerel-solaris-x86 0.1.6 149.90 OK
r-release-linux-x86_64 0.1.6 5.38 62.85 68.22 OK
r-release-osx-x86_64-mavericks 0.1.6 ERROR
r-release-osx-x86_64-snowleopard 0.1.6 OK
r-release-windows-ix86+x86_64 0.1.6 12.00 93.00 105.00 OK
r-oldrel-windows-ix86+x86_64 0.1.6 16.00 94.00 110.00 OK

Check Details

Version: 0.1.6
Check: package dependencies
Result: ERROR
    Package required but not available: ‘rgeos’
    
    See section ‘The DESCRIPTION file’ in the ‘Writing R Extensions’
    manual.
Flavor: r-release-osx-x86_64-mavericks