CRAN Package Check Results for Package DSpat

Last updated on 2015-02-28 19:51:04.

Flavor Version Tinstall Tcheck Ttotal Status Flags
r-devel-linux-x86_64-debian-clang 0.1.6 4.32 50.28 54.60 OK
r-devel-linux-x86_64-debian-gcc 0.1.6 3.66 48.50 52.16 OK
r-devel-linux-x86_64-fedora-clang 0.1.6 110.51 OK
r-devel-linux-x86_64-fedora-gcc 0.1.6 102.66 OK
r-devel-osx-x86_64-clang 0.1.6 100.88 OK
r-devel-windows-ix86+x86_64 0.1.6 16.00 80.00 96.00 OK
r-patched-linux-x86_64 0.1.6 5.52 64.58 70.11 OK
r-patched-solaris-sparc 0.1.6 1106.50 OK
r-patched-solaris-x86 0.1.6 208.60 OK
r-release-linux-ix86 0.1.6 5.68 88.78 94.46 OK
r-release-linux-x86_64 0.1.6 6.07 62.38 68.45 OK
r-release-osx-x86_64-mavericks 0.1.6 ERROR
r-release-osx-x86_64-snowleopard 0.1.6 OK
r-release-windows-ix86+x86_64 0.1.6 14.00 101.00 115.00 OK
r-oldrel-windows-ix86+x86_64 0.1.6 13.00 89.00 102.00 OK

Check Details

Version: 0.1.6
Check: package dependencies
Result: ERROR
    Package required but not available: ‘rgeos’
    
    See section ‘The DESCRIPTION file’ in the ‘Writing R Extensions’
    manual.
Flavor: r-release-osx-x86_64-mavericks