CRAN Package Check Results for Package DSpat

Last updated on 2014-08-28 08:48:51.

Flavor Version Tinstall Tcheck Ttotal Status Flags
r-devel-linux-x86_64-debian-clang 0.1.5 4.83 50.59 55.42 NOTE
r-devel-linux-x86_64-debian-gcc 0.1.5 4.89 48.62 53.51 NOTE
r-devel-linux-x86_64-fedora-clang 0.1.5 136.43 NOTE
r-devel-linux-x86_64-fedora-gcc 0.1.5 128.94 NOTE
r-devel-osx-x86_64-clang 0.1.5 104.57 NOTE
r-devel-windows-ix86+x86_64 0.1.5 13.00 74.00 87.00 NOTE
r-patched-linux-x86_64 0.1.5 4.91 52.95 57.86 NOTE
r-patched-solaris-sparc 0.1.5 719.60 NOTE
r-patched-solaris-x86 0.1.5 183.10 NOTE
r-release-linux-ix86 0.1.5 5.78 65.22 71.00 NOTE
r-release-linux-x86_64 0.1.5 5.03 53.86 58.90 NOTE
r-release-osx-x86_64-mavericks 0.1.5 ERROR
r-release-windows-ix86+x86_64 0.1.5 16.00 83.00 99.00 NOTE
r-oldrel-windows-ix86+x86_64 0.1.5 14.00 76.00 90.00 NOTE

Check Details

Version: 0.1.5
Check: dependencies in R code
Result: NOTE
    Packages in Depends field not imported from:
     ‘RandomFields’ ‘mgcv’ ‘spatstat’
     These packages need to be imported from (in the NAMESPACE file)
     for when this namespace is loaded but not attached.
    See the information on DESCRIPTION files in the chapter ‘Creating R
    packages’ of the ‘Writing R Extensions’ manual.
Flavors: r-devel-linux-x86_64-debian-clang, r-devel-linux-x86_64-debian-gcc, r-devel-linux-x86_64-fedora-clang, r-devel-linux-x86_64-fedora-gcc, r-devel-osx-x86_64-clang, r-devel-windows-ix86+x86_64, r-patched-linux-x86_64, r-patched-solaris-sparc, r-patched-solaris-x86, r-release-linux-ix86, r-release-linux-x86_64, r-release-windows-ix86+x86_64, r-oldrel-windows-ix86+x86_64

Version: 0.1.5
Check: R code for possible problems
Result: NOTE
    Ops.psp: no visible global function definition for ‘endpoints.psp’
    create.covariate.images: no visible global function definition for ‘im’
    create.lines: no visible global function definition for ‘rlinegrid’
    dspat: no visible global function definition for ‘ppm’
    im.clipped: no visible global function definition for ‘as.im’
    integrate.intensity: no visible global function definition for
     ‘as.mask’
    integrate.intensity: no visible global function definition for ‘im’
    integrate.intensity: no visible global function definition for
     ‘eval.im’
    integrate.intensity: no visible global function definition for ‘as.ppp’
    integrate.intensity: no visible global function definition for
     ‘bounding.box’
    integrate.intensity: no visible global function definition for
     ‘is.data’
    integrate.intensity: no visible global function definition for ‘Kinhom’
    integrate.intensity: no visible global function definition for
     ‘lgcp.estK’
    lgcp.correction: no visible global function definition for ‘is.data’
    lgcp.correction: no visible global function definition for ‘rotate’
    lgcp.correction: no visible global function definition for ‘ppp’
    lgcp.correction: no visible global function definition for ‘owin’
    lgcp.correction: no visible global function definition for ‘as.mask’
    lgcp.correction : new.pts: no visible global function definition for
     ‘eval.im’
    lgcp.correction : new.pts: no visible global function definition for
     ‘rpoispp’
    lgcp.correction : get.cov: no visible global function definition for
     ‘nearest.raster.point’
    lgcp.correction: no visible global function definition for ‘GaussRF’
    lines_to_strips: no visible global function definition for ‘psp’
    quadscheme.lt: no visible global function definition for ‘lengths.psp’
    quadscheme.lt: no visible global function definition for ‘rotate’
    quadscheme.lt: no visible global function definition for ‘ppp’
    quadscheme.lt: no visible global function definition for ‘owin’
    quadscheme.lt: no visible global function definition for ‘gridcenters’
    quadscheme.lt: no visible global function definition for ‘inside.owin’
    quadscheme.lt: no visible global function definition for ‘superimpose’
    quadscheme.lt: no visible binding for global variable ‘superimpose’
    sample.points : sample.points.from.line: no visible global function
     definition for ‘inside.owin’
    sample.points : sample.points.from.line: no visible global function
     definition for ‘owin’
    simCovariates: no visible global function definition for ‘GaussRF’
    simDSpat: no visible global function definition for ‘owin’
    simPts: no visible global function definition for ‘im’
    simPts: no visible global function definition for ‘GaussRF’
    simPts: no visible global function definition for ‘eval.im’
    simPts: no visible global function definition for ‘rpoispp’
    transect.intensity: no visible global function definition for
     ‘inside.owin’
    transect.intensity: no visible global function definition for ‘owin’
    vcov.dspat: no visible global function definition for ‘vcov.ppm’
Flavors: r-devel-linux-x86_64-debian-clang, r-devel-linux-x86_64-debian-gcc, r-devel-linux-x86_64-fedora-clang, r-devel-linux-x86_64-fedora-gcc, r-devel-osx-x86_64-clang, r-devel-windows-ix86+x86_64

Version: 0.1.5
Check: Rd line widths
Result: NOTE
    Rd file 'simDSpat.Rd':
     \examples lines wider than 100 characters:
     plot(mu.B$lambda, col=gray(1-c(1:100)/120), main='Estimated Intensity',breaks=(0:100)*2.5/100,zlim=c(0,2.5))
    
    These lines will be truncated in the PDF manual.
Flavors: r-devel-linux-x86_64-fedora-clang, r-devel-linux-x86_64-fedora-gcc

Version: 0.1.5
Check: package dependencies
Result: ERROR
    Package required but not available: ‘rgeos’
    
    See the information on DESCRIPTION files in the chapter ‘Creating R
    packages’ of the ‘Writing R Extensions’ manual.
Flavor: r-release-osx-x86_64-mavericks