CRAN Package Check Results for Package DSpat

Last updated on 2015-07-07 21:46:31.

Flavor Version Tinstall Tcheck Ttotal Status Flags
r-devel-linux-x86_64-debian-clang 0.1.6 3.92 52.58 56.50 NOTE
r-devel-linux-x86_64-debian-gcc 0.1.6 3.87 49.78 53.65 NOTE
r-devel-linux-x86_64-fedora-clang 0.1.6 111.30 NOTE
r-devel-linux-x86_64-fedora-gcc 0.1.6 105.49 NOTE
r-devel-osx-x86_64-clang 0.1.6 98.74 OK
r-devel-windows-ix86+x86_64 0.1.6 15.00 86.00 101.00 NOTE
r-patched-linux-x86_64 0.1.6 3.78 50.64 54.41 OK
r-patched-solaris-sparc 0.1.6 661.00 OK
r-patched-solaris-x86 0.1.6 160.50 OK
r-release-linux-x86_64 0.1.6 3.78 52.16 55.94 OK
r-release-osx-x86_64-mavericks 0.1.6 OK
r-release-windows-ix86+x86_64 0.1.6 13.00 72.00 85.00 OK
r-oldrel-windows-ix86+x86_64 0.1.6 16.00 98.00 114.00 OK

Check Details

Version: 0.1.6
Check: R code for possible problems
Result: NOTE
    AIC.dspat: no visible global function definition for ‘coef’
    LTDataFrame: no visible global function definition for ‘as.formula’
    coef.dspat: no visible global function definition for ‘coef’
    integrate.intensity: no visible global function definition for ‘coef’
    integrate.intensity: no visible global function definition for
     ‘predict’
    integrate.intensity: no visible global function definition for
     ‘model.matrix’
    integrate.intensity: no visible global function definition for ‘vcov’
    integrate.intensity: no visible global function definition for ‘fitted’
    lgcp.correction: no visible global function definition for ‘predict’
    lgcp.correction: no visible global function definition for
     ‘model.matrix’
    lgcp.correction: no visible global function definition for ‘fitted’
    lgcp.correction: no visible global function definition for ‘var’
    lines_to_strips : line_to_strip: no visible global function definition
     for ‘as’
    owin.gpc.poly: no visible global function definition for ‘as’
    sample.points : sample.points.from.line: no visible global function
     definition for ‘runif’
    sample.points: no visible global function definition for ‘model.matrix’
    simCovariates: no visible global function definition for ‘quantile’
    simPts: no visible global function definition for ‘model.matrix’
    transect.intensity: no visible global function definition for ‘predict’
    transect.intensity: no visible global function definition for ‘hist’
    Undefined global functions or variables:
     as as.formula coef fitted hist model.matrix predict quantile runif
     var vcov
Flavors: r-devel-linux-x86_64-debian-clang, r-devel-linux-x86_64-debian-gcc, r-devel-linux-x86_64-fedora-clang, r-devel-linux-x86_64-fedora-gcc, r-devel-windows-ix86+x86_64