CRAN Package Check Results for Package DTComPair

Last updated on 2016-12-03 23:47:36.

Flavor Version Tinstall Tcheck Ttotal Status Flags
r-devel-linux-x86_64-debian-clang 1.0.3 0.76 17.82 18.58 NOTE
r-devel-linux-x86_64-debian-gcc 1.0.3 0.82 18.39 19.22 NOTE
r-devel-linux-x86_64-fedora-clang 1.0.3 30.60 NOTE
r-devel-linux-x86_64-fedora-gcc 1.0.3 30.37 NOTE
r-devel-macos-x86_64-clang 1.0.3 27.30 NOTE
r-devel-windows-ix86+x86_64 1.0.3 4.00 46.00 50.00 NOTE
r-patched-linux-x86_64 1.0.3 0.68 15.43 16.11 NOTE
r-patched-solaris-sparc 1.0.3 166.50 NOTE
r-patched-solaris-x86 1.0.3 34.00 NOTE
r-release-linux-x86_64 1.0.3 0.69 14.83 15.51 NOTE
r-release-osx-x86_64-mavericks 1.0.3 NOTE
r-release-windows-ix86+x86_64 1.0.3 5.00 32.00 37.00 NOTE
r-oldrel-windows-ix86+x86_64 1.0.3 5.00 46.00 51.00 OK

Check Details

Version: 1.0.3
Check: R code for possible problems
Result: NOTE
    DLR: no visible global function definition for ‘formula’
    DLR: no visible global function definition for ‘terms’
    DLR: no visible global function definition for ‘model.matrix’
    DLR: no visible global function definition for ‘as.formula’
    DLR: no visible binding for global variable ‘binomial’
    DLR: no visible global function definition for ‘coef’
    DLR: no visible global function definition for ‘pnorm’
    DLR: no visible global function definition for ‘qnorm’
    acc.1test: no visible global function definition for ‘qnorm’
    pv.gs: no visible global function definition for ‘pchisq’
    pv.rpv: no visible global function definition for ‘qnorm’
    pv.rpv: no visible global function definition for ‘pnorm’
    pv.wgs: no visible global function definition for ‘pchisq’
    sesp.diff.ci: no visible global function definition for ‘qnorm’
    sesp.mcnemar: no visible global function definition for ‘pchisq’
    Undefined global functions or variables:
     as.formula binomial coef formula model.matrix pchisq pnorm qnorm
     terms
    Consider adding
     importFrom("stats", "as.formula", "binomial", "coef", "formula",
     "model.matrix", "pchisq", "pnorm", "qnorm", "terms")
    to your NAMESPACE file.
Flavors: r-devel-linux-x86_64-debian-clang, r-devel-linux-x86_64-debian-gcc, r-devel-linux-x86_64-fedora-clang, r-devel-linux-x86_64-fedora-gcc, r-devel-macos-x86_64-clang, r-devel-windows-ix86+x86_64, r-patched-linux-x86_64, r-patched-solaris-sparc, r-patched-solaris-x86, r-release-linux-x86_64, r-release-osx-x86_64-mavericks, r-release-windows-ix86+x86_64