CRAN Package Check Results for Package DTComPair

Last updated on 2017-09-25 16:46:54.

Flavor Version Tinstall Tcheck Ttotal Status Flags
r-devel-linux-x86_64-debian-clang 1.0.3 0.72 17.37 18.09 NOTE
r-devel-linux-x86_64-debian-gcc 1.0.3 0.80 17.03 17.83 NOTE
r-devel-linux-x86_64-fedora-clang 1.0.3 35.43 NOTE
r-devel-linux-x86_64-fedora-gcc 1.0.3 30.07 NOTE
r-devel-windows-ix86+x86_64 1.0.3 3.00 35.00 38.00 NOTE
r-patched-linux-x86_64 1.0.3 0.83 17.04 17.87 NOTE
r-patched-solaris-x86 1.0.3 41.10 NOTE
r-release-linux-x86_64 1.0.3 0.75 17.23 17.98 NOTE
r-release-windows-ix86+x86_64 1.0.3 3.00 60.00 63.00 NOTE
r-release-osx-x86_64 1.0.3 NOTE
r-oldrel-windows-ix86+x86_64 1.0.3 4.00 35.00 39.00 NOTE
r-oldrel-osx-x86_64 1.0.3 NOTE

Check Details

Version: 1.0.3
Check: R code for possible problems
Result: NOTE
    DLR: no visible global function definition for ‘formula’
    DLR: no visible global function definition for ‘terms’
    DLR: no visible global function definition for ‘model.matrix’
    DLR: no visible global function definition for ‘as.formula’
    DLR: no visible binding for global variable ‘binomial’
    DLR: no visible global function definition for ‘coef’
    DLR: no visible global function definition for ‘pnorm’
    DLR: no visible global function definition for ‘qnorm’
    acc.1test: no visible global function definition for ‘qnorm’
    pv.gs: no visible global function definition for ‘pchisq’
    pv.rpv: no visible global function definition for ‘qnorm’
    pv.rpv: no visible global function definition for ‘pnorm’
    pv.wgs: no visible global function definition for ‘pchisq’
    sesp.diff.ci: no visible global function definition for ‘qnorm’
    sesp.mcnemar: no visible global function definition for ‘pchisq’
    Undefined global functions or variables:
     as.formula binomial coef formula model.matrix pchisq pnorm qnorm
     terms
    Consider adding
     importFrom("stats", "as.formula", "binomial", "coef", "formula",
     "model.matrix", "pchisq", "pnorm", "qnorm", "terms")
    to your NAMESPACE file.
Flavors: r-devel-linux-x86_64-debian-clang, r-devel-linux-x86_64-debian-gcc, r-devel-linux-x86_64-fedora-clang, r-devel-linux-x86_64-fedora-gcc, r-devel-windows-ix86+x86_64, r-patched-linux-x86_64, r-patched-solaris-x86, r-release-linux-x86_64, r-release-windows-ix86+x86_64, r-release-osx-x86_64, r-oldrel-windows-ix86+x86_64, r-oldrel-osx-x86_64