CRAN Package Check Results for Package DTComPair

Last updated on 2017-03-29 20:49:21.

Flavor Version Tinstall Tcheck Ttotal Status Flags
r-devel-linux-x86_64-debian-clang 1.0.3 0.82 17.03 17.85 NOTE
r-devel-linux-x86_64-debian-gcc 1.0.3 0.87 16.80 17.67 NOTE
r-devel-linux-x86_64-fedora-clang 1.0.3 29.44 NOTE --no-stop-on-test-error
r-devel-linux-x86_64-fedora-gcc 1.0.3 30.84 NOTE --no-stop-on-test-error
r-devel-macos-x86_64-clang 1.0.3 26.61 NOTE --no-stop-on-test-error
r-devel-windows-ix86+x86_64 1.0.3 2.00 34.00 36.00 NOTE
r-patched-linux-x86_64 1.0.3 0.74 16.77 17.51 NOTE
r-patched-solaris-sparc 1.0.3 186.60 NOTE
r-patched-solaris-x86 1.0.3 41.70 NOTE
r-release-linux-x86_64 1.0.3 0.70 14.78 15.48 NOTE
r-release-osx-x86_64-mavericks 1.0.3 NOTE
r-release-windows-ix86+x86_64 1.0.3 5.00 76.00 81.00 NOTE
r-oldrel-windows-ix86+x86_64 1.0.3 9.00 41.00 50.00 OK

Check Details

Version: 1.0.3
Check: R code for possible problems
Result: NOTE
    DLR: no visible global function definition for ‘formula’
    DLR: no visible global function definition for ‘terms’
    DLR: no visible global function definition for ‘model.matrix’
    DLR: no visible global function definition for ‘as.formula’
    DLR: no visible binding for global variable ‘binomial’
    DLR: no visible global function definition for ‘coef’
    DLR: no visible global function definition for ‘pnorm’
    DLR: no visible global function definition for ‘qnorm’
    acc.1test: no visible global function definition for ‘qnorm’
    pv.gs: no visible global function definition for ‘pchisq’
    pv.rpv: no visible global function definition for ‘qnorm’
    pv.rpv: no visible global function definition for ‘pnorm’
    pv.wgs: no visible global function definition for ‘pchisq’
    sesp.diff.ci: no visible global function definition for ‘qnorm’
    sesp.mcnemar: no visible global function definition for ‘pchisq’
    Undefined global functions or variables:
     as.formula binomial coef formula model.matrix pchisq pnorm qnorm
     terms
    Consider adding
     importFrom("stats", "as.formula", "binomial", "coef", "formula",
     "model.matrix", "pchisq", "pnorm", "qnorm", "terms")
    to your NAMESPACE file.
Flavors: r-devel-linux-x86_64-debian-clang, r-devel-linux-x86_64-debian-gcc, r-devel-windows-ix86+x86_64, r-patched-linux-x86_64, r-patched-solaris-sparc, r-patched-solaris-x86, r-release-linux-x86_64, r-release-osx-x86_64-mavericks, r-release-windows-ix86+x86_64

Version: 1.0.3
Flags: --no-stop-on-test-error
Check: R code for possible problems
Result: NOTE
    DLR: no visible global function definition for ‘formula’
    DLR: no visible global function definition for ‘terms’
    DLR: no visible global function definition for ‘model.matrix’
    DLR: no visible global function definition for ‘as.formula’
    DLR: no visible binding for global variable ‘binomial’
    DLR: no visible global function definition for ‘coef’
    DLR: no visible global function definition for ‘pnorm’
    DLR: no visible global function definition for ‘qnorm’
    acc.1test: no visible global function definition for ‘qnorm’
    pv.gs: no visible global function definition for ‘pchisq’
    pv.rpv: no visible global function definition for ‘qnorm’
    pv.rpv: no visible global function definition for ‘pnorm’
    pv.wgs: no visible global function definition for ‘pchisq’
    sesp.diff.ci: no visible global function definition for ‘qnorm’
    sesp.mcnemar: no visible global function definition for ‘pchisq’
    Undefined global functions or variables:
     as.formula binomial coef formula model.matrix pchisq pnorm qnorm
     terms
    Consider adding
     importFrom("stats", "as.formula", "binomial", "coef", "formula",
     "model.matrix", "pchisq", "pnorm", "qnorm", "terms")
    to your NAMESPACE file.
Flavors: r-devel-linux-x86_64-fedora-clang, r-devel-linux-x86_64-fedora-gcc, r-devel-macos-x86_64-clang