CRAN Package Check Results for Package DTComPair

Last updated on 2015-06-30 10:48:13.

Flavor Version Tinstall Tcheck Ttotal Status Flags
r-devel-linux-x86_64-debian-clang 1.0.3 0.74 13.72 14.46 NOTE
r-devel-linux-x86_64-debian-gcc 1.0.3 0.70 13.59 14.29 NOTE
r-devel-linux-x86_64-fedora-clang 1.0.3 27.39 OK
r-devel-linux-x86_64-fedora-gcc 1.0.3 25.40 OK
r-devel-osx-x86_64-clang 1.0.3 28.86 OK
r-devel-windows-ix86+x86_64 1.0.3 7.00 27.00 34.00 NOTE
r-patched-linux-x86_64 1.0.3 0.71 14.31 15.02 OK
r-patched-solaris-sparc 1.0.3 174.70 OK
r-patched-solaris-x86 1.0.3 39.50 OK
r-release-linux-x86_64 1.0.3 0.71 13.99 14.70 OK
r-release-osx-x86_64-mavericks 1.0.3 OK
r-release-windows-ix86+x86_64 1.0.3 4.00 24.00 28.00 OK
r-oldrel-windows-ix86+x86_64 1.0.3 5.00 26.00 31.00 OK

Check Details

Version: 1.0.3
Check: R code for possible problems
Result: NOTE
    DLR: no visible global function definition for ‘formula’
    DLR: no visible global function definition for ‘terms’
    DLR: no visible global function definition for ‘model.matrix’
    DLR: no visible global function definition for ‘as.formula’
    DLR: no visible binding for global variable ‘binomial’
    DLR: no visible global function definition for ‘coef’
    DLR: no visible global function definition for ‘pnorm’
    DLR: no visible global function definition for ‘qnorm’
    acc.1test: no visible global function definition for ‘qnorm’
    pv.gs: no visible global function definition for ‘pchisq’
    pv.rpv: no visible global function definition for ‘qnorm’
    pv.rpv: no visible global function definition for ‘pnorm’
    pv.wgs: no visible global function definition for ‘pchisq’
    sesp.diff.ci: no visible global function definition for ‘qnorm’
    sesp.mcnemar: no visible global function definition for ‘pchisq’
Flavors: r-devel-linux-x86_64-debian-clang, r-devel-linux-x86_64-debian-gcc, r-devel-windows-ix86+x86_64