CRAN Package Check Results for Package DTComPair

Last updated on 2017-02-23 05:48:55.

Flavor Version Tinstall Tcheck Ttotal Status Flags
r-devel-linux-x86_64-debian-clang 1.0.3 0.80 17.67 18.47 NOTE
r-devel-linux-x86_64-debian-gcc 1.0.3 0.79 16.99 17.78 NOTE
r-devel-linux-x86_64-fedora-clang 1.0.3 30.02 NOTE --no-stop-on-test-error
r-devel-linux-x86_64-fedora-gcc 1.0.3 29.39 NOTE --no-stop-on-test-error
r-devel-macos-x86_64-clang 1.0.3 27.21 NOTE --no-stop-on-test-error
r-devel-windows-ix86+x86_64 1.0.3 6.00 75.00 81.00 NOTE
r-patched-linux-x86_64 1.0.3 0.70 16.15 16.85 NOTE
r-patched-solaris-sparc 1.0.3 169.40 NOTE
r-patched-solaris-x86 1.0.3 33.70 NOTE
r-release-linux-x86_64 1.0.3 0.72 15.35 16.07 NOTE
r-release-osx-x86_64-mavericks 1.0.3 NOTE
r-release-windows-ix86+x86_64 1.0.3 4.00 74.00 78.00 NOTE
r-oldrel-windows-ix86+x86_64 1.0.3 5.00 46.00 51.00 OK

Check Details

Version: 1.0.3
Check: R code for possible problems
Result: NOTE
    DLR: no visible global function definition for ‘formula’
    DLR: no visible global function definition for ‘terms’
    DLR: no visible global function definition for ‘model.matrix’
    DLR: no visible global function definition for ‘as.formula’
    DLR: no visible binding for global variable ‘binomial’
    DLR: no visible global function definition for ‘coef’
    DLR: no visible global function definition for ‘pnorm’
    DLR: no visible global function definition for ‘qnorm’
    acc.1test: no visible global function definition for ‘qnorm’
    pv.gs: no visible global function definition for ‘pchisq’
    pv.rpv: no visible global function definition for ‘qnorm’
    pv.rpv: no visible global function definition for ‘pnorm’
    pv.wgs: no visible global function definition for ‘pchisq’
    sesp.diff.ci: no visible global function definition for ‘qnorm’
    sesp.mcnemar: no visible global function definition for ‘pchisq’
    Undefined global functions or variables:
     as.formula binomial coef formula model.matrix pchisq pnorm qnorm
     terms
    Consider adding
     importFrom("stats", "as.formula", "binomial", "coef", "formula",
     "model.matrix", "pchisq", "pnorm", "qnorm", "terms")
    to your NAMESPACE file.
Flavors: r-devel-linux-x86_64-debian-clang, r-devel-linux-x86_64-debian-gcc, r-devel-windows-ix86+x86_64, r-patched-linux-x86_64, r-patched-solaris-sparc, r-patched-solaris-x86, r-release-linux-x86_64, r-release-osx-x86_64-mavericks, r-release-windows-ix86+x86_64

Version: 1.0.3
Flags: --no-stop-on-test-error
Check: R code for possible problems
Result: NOTE
    DLR: no visible global function definition for ‘formula’
    DLR: no visible global function definition for ‘terms’
    DLR: no visible global function definition for ‘model.matrix’
    DLR: no visible global function definition for ‘as.formula’
    DLR: no visible binding for global variable ‘binomial’
    DLR: no visible global function definition for ‘coef’
    DLR: no visible global function definition for ‘pnorm’
    DLR: no visible global function definition for ‘qnorm’
    acc.1test: no visible global function definition for ‘qnorm’
    pv.gs: no visible global function definition for ‘pchisq’
    pv.rpv: no visible global function definition for ‘qnorm’
    pv.rpv: no visible global function definition for ‘pnorm’
    pv.wgs: no visible global function definition for ‘pchisq’
    sesp.diff.ci: no visible global function definition for ‘qnorm’
    sesp.mcnemar: no visible global function definition for ‘pchisq’
    Undefined global functions or variables:
     as.formula binomial coef formula model.matrix pchisq pnorm qnorm
     terms
    Consider adding
     importFrom("stats", "as.formula", "binomial", "coef", "formula",
     "model.matrix", "pchisq", "pnorm", "qnorm", "terms")
    to your NAMESPACE file.
Flavors: r-devel-linux-x86_64-fedora-clang, r-devel-linux-x86_64-fedora-gcc, r-devel-macos-x86_64-clang