CRAN Package Check Results for Package DTComPair

Last updated on 2015-08-02 19:47:21.

Flavor Version Tinstall Tcheck Ttotal Status Flags
r-devel-linux-x86_64-debian-clang 1.0.3 0.91 14.51 15.42 NOTE
r-devel-linux-x86_64-debian-gcc 1.0.3 0.71 13.87 14.58 NOTE
r-devel-linux-x86_64-fedora-clang 1.0.3 27.57 NOTE
r-devel-linux-x86_64-fedora-gcc 1.0.3 26.71 NOTE
r-devel-osx-x86_64-clang 1.0.3 27.60 OK
r-devel-windows-ix86+x86_64 1.0.3 3.00 26.00 29.00 NOTE
r-patched-linux-x86_64 1.0.3 0.71 14.34 15.06 OK
r-patched-solaris-sparc 1.0.3 188.00 OK
r-patched-solaris-x86 1.0.3 39.90 OK
r-release-linux-x86_64 1.0.3 0.75 14.81 15.56 OK
r-release-osx-x86_64-mavericks 1.0.3 OK
r-release-windows-ix86+x86_64 1.0.3 5.00 43.00 48.00 OK
r-oldrel-windows-ix86+x86_64 1.0.3 6.00 26.00 32.00 OK

Check Details

Version: 1.0.3
Check: R code for possible problems
Result: NOTE
    DLR: no visible global function definition for ‘formula’
    DLR: no visible global function definition for ‘terms’
    DLR: no visible global function definition for ‘model.matrix’
    DLR: no visible global function definition for ‘as.formula’
    DLR: no visible binding for global variable ‘binomial’
    DLR: no visible global function definition for ‘coef’
    DLR: no visible global function definition for ‘pnorm’
    DLR: no visible global function definition for ‘qnorm’
    acc.1test: no visible global function definition for ‘qnorm’
    pv.gs: no visible global function definition for ‘pchisq’
    pv.rpv: no visible global function definition for ‘qnorm’
    pv.rpv: no visible global function definition for ‘pnorm’
    pv.wgs: no visible global function definition for ‘pchisq’
    sesp.diff.ci: no visible global function definition for ‘qnorm’
    sesp.mcnemar: no visible global function definition for ‘pchisq’
    Undefined global functions or variables:
     as.formula binomial coef formula model.matrix pchisq pnorm qnorm
     terms
    Consider adding
     importFrom("stats", "as.formula", "binomial", "coef", "formula",
     "model.matrix", "pchisq", "pnorm", "qnorm", "terms")
    to your NAMESPACE.
Flavors: r-devel-linux-x86_64-debian-clang, r-devel-linux-x86_64-debian-gcc, r-devel-linux-x86_64-fedora-clang, r-devel-linux-x86_64-fedora-gcc, r-devel-windows-ix86+x86_64