CRAN Package Check Results for Package DTComPair

Last updated on 2015-09-01 12:48:09.

Flavor Version Tinstall Tcheck Ttotal Status Flags
r-devel-linux-x86_64-debian-clang 1.0.3 0.66 13.36 14.02 NOTE
r-devel-linux-x86_64-debian-gcc 1.0.3 0.66 13.52 14.18 NOTE
r-devel-linux-x86_64-fedora-clang 1.0.3 26.69 NOTE
r-devel-linux-x86_64-fedora-gcc 1.0.3 24.94 NOTE
r-devel-osx-x86_64-clang 1.0.3 27.09 OK
r-devel-windows-ix86+x86_64 1.0.3 7.00 37.00 44.00 NOTE
r-patched-linux-x86_64 1.0.3 0.76 13.86 14.63 OK
r-patched-solaris-sparc 1.0.3 188.00 OK
r-patched-solaris-x86 1.0.3 40.70 OK
r-release-linux-x86_64 1.0.3 0.73 14.94 15.67 OK
r-release-osx-x86_64-mavericks 1.0.3 OK
r-release-windows-ix86+x86_64 1.0.3 4.00 26.00 30.00 OK
r-oldrel-windows-ix86+x86_64 1.0.3 5.00 31.00 36.00 OK

Check Details

Version: 1.0.3
Check: R code for possible problems
Result: NOTE
    DLR: no visible global function definition for ‘formula’
    DLR: no visible global function definition for ‘terms’
    DLR: no visible global function definition for ‘model.matrix’
    DLR: no visible global function definition for ‘as.formula’
    DLR: no visible binding for global variable ‘binomial’
    DLR: no visible global function definition for ‘coef’
    DLR: no visible global function definition for ‘pnorm’
    DLR: no visible global function definition for ‘qnorm’
    acc.1test: no visible global function definition for ‘qnorm’
    pv.gs: no visible global function definition for ‘pchisq’
    pv.rpv: no visible global function definition for ‘qnorm’
    pv.rpv: no visible global function definition for ‘pnorm’
    pv.wgs: no visible global function definition for ‘pchisq’
    sesp.diff.ci: no visible global function definition for ‘qnorm’
    sesp.mcnemar: no visible global function definition for ‘pchisq’
    Undefined global functions or variables:
     as.formula binomial coef formula model.matrix pchisq pnorm qnorm
     terms
    Consider adding
     importFrom("stats", "as.formula", "binomial", "coef", "formula",
     "model.matrix", "pchisq", "pnorm", "qnorm", "terms")
    to your NAMESPACE.
Flavors: r-devel-linux-x86_64-debian-clang, r-devel-linux-x86_64-debian-gcc, r-devel-linux-x86_64-fedora-clang, r-devel-linux-x86_64-fedora-gcc, r-devel-windows-ix86+x86_64