CRAN Package Check Results for Package DTComPair

Last updated on 2018-04-22 00:46:35 CEST.

Flavor Version Tinstall Tcheck Ttotal Status Flags
r-devel-linux-x86_64-debian-clang 1.0.3 2.13 24.71 26.84 NOTE
r-devel-linux-x86_64-debian-gcc 1.0.3 1.71 19.63 21.34 NOTE
r-devel-linux-x86_64-fedora-clang 1.0.3 33.57 NOTE
r-devel-linux-x86_64-fedora-gcc 1.0.3 31.39 NOTE
r-devel-windows-ix86+x86_64 1.0.3 6.00 53.00 59.00 NOTE
r-devel-osx-x86_64 1.0.3 NOTE
r-patched-linux-x86_64 1.0.3 1.93 24.48 26.41 NOTE
r-patched-solaris-x86 1.0.3 48.90 NOTE
r-release-linux-x86_64 1.0.3 0.99 25.66 26.65 NOTE
r-release-windows-ix86+x86_64 1.0.3 4.00 52.00 56.00 NOTE
r-release-osx-x86_64 1.0.3 NOTE
r-oldrel-windows-ix86+x86_64 1.0.3 6.00 36.00 42.00 NOTE

Check Details

Version: 1.0.3
Check: R code for possible problems
Result: NOTE
    DLR: no visible global function definition for ‘formula’
    DLR: no visible global function definition for ‘terms’
    DLR: no visible global function definition for ‘model.matrix’
    DLR: no visible global function definition for ‘as.formula’
    DLR: no visible binding for global variable ‘binomial’
    DLR: no visible global function definition for ‘coef’
    DLR: no visible global function definition for ‘pnorm’
    DLR: no visible global function definition for ‘qnorm’
    acc.1test: no visible global function definition for ‘qnorm’
    pv.gs: no visible global function definition for ‘pchisq’
    pv.rpv: no visible global function definition for ‘qnorm’
    pv.rpv: no visible global function definition for ‘pnorm’
    pv.wgs: no visible global function definition for ‘pchisq’
    sesp.diff.ci: no visible global function definition for ‘qnorm’
    sesp.mcnemar: no visible global function definition for ‘pchisq’
    Undefined global functions or variables:
     as.formula binomial coef formula model.matrix pchisq pnorm qnorm
     terms
    Consider adding
     importFrom("stats", "as.formula", "binomial", "coef", "formula",
     "model.matrix", "pchisq", "pnorm", "qnorm", "terms")
    to your NAMESPACE file.
Flavors: r-devel-linux-x86_64-debian-clang, r-devel-linux-x86_64-debian-gcc, r-devel-linux-x86_64-fedora-clang, r-devel-linux-x86_64-fedora-gcc, r-devel-windows-ix86+x86_64, r-devel-osx-x86_64, r-patched-linux-x86_64, r-patched-solaris-x86, r-release-linux-x86_64, r-release-windows-ix86+x86_64, r-release-osx-x86_64, r-oldrel-windows-ix86+x86_64