CRAN Package Check Results for Package DTDA

Last updated on 2016-05-24 11:48:52.

Flavor Version Tinstall Tcheck Ttotal Status Flags
r-devel-linux-x86_64-debian-gcc 2.1-1 0.63 26.01 26.64 NOTE
r-devel-linux-x86_64-fedora-clang 2.1-1 46.69 NOTE
r-devel-linux-x86_64-fedora-gcc 2.1-1 43.19 NOTE
r-devel-osx-x86_64-clang 2.1-1 54.62 NOTE
r-devel-windows-ix86+x86_64 2.1-1 3.00 51.00 54.00 NOTE
r-patched-linux-x86_64 2.1-1 0.66 25.68 26.33 NOTE
r-patched-solaris-sparc 2.1-1 296.50 NOTE
r-patched-solaris-x86 2.1-1 54.20 NOTE
r-release-linux-x86_64 2.1-1 0.68 25.75 26.44 NOTE
r-release-osx-x86_64-mavericks 2.1-1 NOTE
r-release-windows-ix86+x86_64 2.1-1 3.00 51.00 54.00 NOTE
r-oldrel-windows-ix86+x86_64 2.1-1 3.00 37.00 40.00 OK

Check Details

Version: 2.1-1
Check: R code for possible problems
Result: NOTE
    efron.petrosian: no visible global function definition for ‘dev.new’
    efron.petrosian: no visible global function definition for ‘par’
    efron.petrosian: no visible global function definition for ‘plot’
    efron.petrosian: no visible global function definition for ‘segments’
    lynden: no visible global function definition for ‘dev.new’
    lynden: no visible global function definition for ‘par’
    lynden: no visible global function definition for ‘plot’
    lynden: no visible global function definition for ‘segments’
    shen: no visible global function definition for ‘image’
    shen: no visible global function definition for ‘runif’
    shen: no visible global function definition for ‘filled.contour’
    shen: no visible binding for global variable ‘rainbow’
    shen: no visible binding for global variable ‘topo.colors’
    shen: no visible global function definition for ‘topo.colors’
    shen: no visible global function definition for ‘persp’
    shen: no visible global function definition for ‘dev.new’
    shen: no visible global function definition for ‘par’
    shen: no visible global function definition for ‘plot’
    shen: no visible global function definition for ‘segments’
    Undefined global functions or variables:
     dev.new filled.contour image par persp plot rainbow runif segments
     topo.colors
    Consider adding
     importFrom("grDevices", "dev.new", "rainbow", "topo.colors")
     importFrom("graphics", "filled.contour", "image", "par", "persp",
     "plot", "segments")
     importFrom("stats", "runif")
    to your NAMESPACE file.
Flavors: r-devel-linux-x86_64-debian-gcc, r-devel-linux-x86_64-fedora-clang, r-devel-linux-x86_64-fedora-gcc, r-devel-osx-x86_64-clang, r-devel-windows-ix86+x86_64, r-patched-linux-x86_64, r-patched-solaris-sparc, r-patched-solaris-x86, r-release-linux-x86_64, r-release-osx-x86_64-mavericks, r-release-windows-ix86+x86_64