CRAN Package Check Results for Package DTDA

Last updated on 2017-07-26 12:48:21.

Flavor Version Tinstall Tcheck Ttotal Status Flags
r-devel-linux-x86_64-debian-clang 2.1-1 0.80 34.96 35.76 NOTE
r-devel-linux-x86_64-debian-gcc 2.1-1 0.65 34.33 34.98 NOTE
r-devel-linux-x86_64-fedora-clang 2.1-1 55.47 NOTE
r-devel-linux-x86_64-fedora-gcc 2.1-1 54.88 NOTE
r-devel-windows-ix86+x86_64 2.1-1 4.00 65.00 69.00 NOTE
r-patched-linux-x86_64 2.1-1 0.66 34.85 35.51 NOTE
r-patched-solaris-x86 2.1-1 61.20 NOTE
r-release-linux-x86_64 2.1-1 0.74 34.84 35.57 NOTE
r-release-windows-ix86+x86_64 2.1-1 3.00 49.00 52.00 NOTE
r-release-osx-x86_64 2.1-1 NOTE
r-oldrel-windows-ix86+x86_64 2.1-1 2.00 52.00 54.00 NOTE
r-oldrel-osx-x86_64 2.1-1 NOTE

Check Details

Version: 2.1-1
Check: R code for possible problems
Result: NOTE
    efron.petrosian: no visible global function definition for ‘dev.new’
    efron.petrosian: no visible global function definition for ‘par’
    efron.petrosian: no visible global function definition for ‘plot’
    efron.petrosian: no visible global function definition for ‘segments’
    lynden: no visible global function definition for ‘dev.new’
    lynden: no visible global function definition for ‘par’
    lynden: no visible global function definition for ‘plot’
    lynden: no visible global function definition for ‘segments’
    shen: no visible global function definition for ‘image’
    shen: no visible global function definition for ‘runif’
    shen: no visible global function definition for ‘filled.contour’
    shen: no visible binding for global variable ‘rainbow’
    shen: no visible binding for global variable ‘topo.colors’
    shen: no visible global function definition for ‘topo.colors’
    shen: no visible global function definition for ‘persp’
    shen: no visible global function definition for ‘dev.new’
    shen: no visible global function definition for ‘par’
    shen: no visible global function definition for ‘plot’
    shen: no visible global function definition for ‘segments’
    Undefined global functions or variables:
     dev.new filled.contour image par persp plot rainbow runif segments
     topo.colors
    Consider adding
     importFrom("grDevices", "dev.new", "rainbow", "topo.colors")
     importFrom("graphics", "filled.contour", "image", "par", "persp",
     "plot", "segments")
     importFrom("stats", "runif")
    to your NAMESPACE file.
Flavors: r-devel-linux-x86_64-debian-clang, r-devel-linux-x86_64-debian-gcc, r-devel-linux-x86_64-fedora-clang, r-devel-linux-x86_64-fedora-gcc, r-devel-windows-ix86+x86_64, r-patched-linux-x86_64, r-patched-solaris-x86, r-release-linux-x86_64, r-release-windows-ix86+x86_64, r-release-osx-x86_64, r-oldrel-windows-ix86+x86_64, r-oldrel-osx-x86_64