CRAN Package Check Results for Package DTDA

Last updated on 2015-08-02 06:47:52.

Flavor Version Tinstall Tcheck Ttotal Status Flags
r-devel-linux-x86_64-debian-clang 2.1-1 0.61 26.01 26.62 NOTE
r-devel-linux-x86_64-debian-gcc 2.1-1 0.59 25.19 25.78 NOTE
r-devel-linux-x86_64-fedora-clang 2.1-1 48.34 NOTE
r-devel-linux-x86_64-fedora-gcc 2.1-1 44.05 NOTE
r-devel-osx-x86_64-clang 2.1-1 43.52 OK
r-devel-windows-ix86+x86_64 2.1-1 3.00 37.00 40.00 NOTE
r-patched-linux-x86_64 2.1-1 0.66 27.11 27.77 OK
r-patched-solaris-sparc 2.1-1 308.20 OK
r-patched-solaris-x86 2.1-1 57.80 OK
r-release-linux-x86_64 2.1-1 0.65 26.84 27.49 OK
r-release-osx-x86_64-mavericks 2.1-1 OK
r-release-windows-ix86+x86_64 2.1-1 2.00 40.00 42.00 OK
r-oldrel-windows-ix86+x86_64 2.1-1 4.00 52.00 56.00 OK

Check Details

Version: 2.1-1
Check: R code for possible problems
Result: NOTE
    efron.petrosian: no visible global function definition for ‘dev.new’
    efron.petrosian: no visible global function definition for ‘par’
    efron.petrosian: no visible global function definition for ‘plot’
    efron.petrosian: no visible global function definition for ‘segments’
    lynden: no visible global function definition for ‘dev.new’
    lynden: no visible global function definition for ‘par’
    lynden: no visible global function definition for ‘plot’
    lynden: no visible global function definition for ‘segments’
    shen: no visible global function definition for ‘image’
    shen: no visible global function definition for ‘runif’
    shen: no visible global function definition for ‘filled.contour’
    shen: no visible binding for global variable ‘rainbow’
    shen: no visible binding for global variable ‘topo.colors’
    shen: no visible global function definition for ‘topo.colors’
    shen: no visible global function definition for ‘persp’
    shen: no visible global function definition for ‘dev.new’
    shen: no visible global function definition for ‘par’
    shen: no visible global function definition for ‘plot’
    shen: no visible global function definition for ‘segments’
    Undefined global functions or variables:
     dev.new filled.contour image par persp plot rainbow runif segments
     topo.colors
    Consider adding
     importFrom("grDevices", "dev.new", "rainbow", "topo.colors")
     importFrom("graphics", "filled.contour", "image", "par", "persp",
     "plot", "segments")
     importFrom("stats", "runif")
    to your NAMESPACE.
Flavors: r-devel-linux-x86_64-debian-clang, r-devel-linux-x86_64-debian-gcc, r-devel-linux-x86_64-fedora-clang, r-devel-linux-x86_64-fedora-gcc, r-devel-windows-ix86+x86_64