CRAN Package Check Results for Package DTMCPack

Last updated on 2017-05-24 05:49:57.

Flavor Version Tinstall Tcheck Ttotal Status Flags
r-devel-linux-x86_64-debian-clang 0.1-2 0.68 10.76 11.45 NOTE
r-devel-linux-x86_64-debian-gcc 0.1-2 0.64 10.81 11.45 NOTE
r-devel-linux-x86_64-fedora-clang 0.1-2 19.33 NOTE --no-stop-on-test-error
r-devel-linux-x86_64-fedora-gcc 0.1-2 18.91 NOTE --no-stop-on-test-error
r-devel-windows-ix86+x86_64 0.1-2 4.00 31.00 35.00 NOTE
r-patched-linux-x86_64 0.1-2 0.61 10.61 11.22 NOTE
r-patched-solaris-sparc 0.1-2 113.70 NOTE
r-patched-solaris-x86 0.1-2 26.70 NOTE
r-release-linux-x86_64 0.1-2 0.64 10.81 11.45 NOTE
r-release-windows-ix86+x86_64 0.1-2 2.00 23.00 25.00 NOTE
r-release-osx-x86_64 0.1-2 NOTE
r-oldrel-windows-ix86+x86_64 0.1-2 2.00 24.00 26.00 NOTE
r-oldrel-osx-x86_64 0.1-2 NOTE

Check Details

Version: 0.1-2
Check: R code for possible problems
Result: NOTE
    DTMC: no visible global function definition for ‘runif’
    DTMC: no visible global function definition for ‘plot’
    Undefined global functions or variables:
     plot runif
    Consider adding
     importFrom("graphics", "plot")
     importFrom("stats", "runif")
    to your NAMESPACE file.
Flavors: r-devel-linux-x86_64-debian-clang, r-devel-linux-x86_64-debian-gcc, r-devel-windows-ix86+x86_64, r-patched-linux-x86_64, r-patched-solaris-sparc, r-patched-solaris-x86, r-release-linux-x86_64, r-release-windows-ix86+x86_64, r-release-osx-x86_64, r-oldrel-windows-ix86+x86_64, r-oldrel-osx-x86_64

Version: 0.1-2
Flags: --no-stop-on-test-error
Check: R code for possible problems
Result: NOTE
    DTMC: no visible global function definition for ‘runif’
    DTMC: no visible global function definition for ‘plot’
    Undefined global functions or variables:
     plot runif
    Consider adding
     importFrom("graphics", "plot")
     importFrom("stats", "runif")
    to your NAMESPACE file.
Flavors: r-devel-linux-x86_64-fedora-clang, r-devel-linux-x86_64-fedora-gcc