CRAN Package Check Results for Package DTMCPack

Last updated on 2018-04-21 10:46:47 CEST.

Flavor Version Tinstall Tcheck Ttotal Status Flags
r-devel-linux-x86_64-debian-clang 0.1-2 0.61 16.39 17.00 NOTE
r-devel-linux-x86_64-debian-gcc 0.1-2 0.69 13.12 13.81 NOTE
r-devel-linux-x86_64-fedora-clang 0.1-2 20.53 NOTE
r-devel-linux-x86_64-fedora-gcc 0.1-2 19.61 NOTE
r-devel-windows-ix86+x86_64 0.1-2 3.00 35.00 38.00 NOTE
r-devel-osx-x86_64 0.1-2 NOTE
r-patched-linux-x86_64 0.1-2 0.65 16.02 16.67 NOTE
r-patched-solaris-x86 0.1-2 33.90 NOTE
r-release-linux-x86_64 0.1-2 0.81 15.20 16.01 NOTE
r-release-windows-ix86+x86_64 0.1-2 2.00 23.00 25.00 NOTE
r-release-osx-x86_64 0.1-2 NOTE
r-oldrel-windows-ix86+x86_64 0.1-2 2.00 24.00 26.00 NOTE

Check Details

Version: 0.1-2
Check: R code for possible problems
Result: NOTE
    DTMC: no visible global function definition for ‘runif’
    DTMC: no visible global function definition for ‘plot’
    Undefined global functions or variables:
     plot runif
    Consider adding
     importFrom("graphics", "plot")
     importFrom("stats", "runif")
    to your NAMESPACE file.
Flavors: r-devel-linux-x86_64-debian-clang, r-devel-linux-x86_64-debian-gcc, r-devel-linux-x86_64-fedora-clang, r-devel-linux-x86_64-fedora-gcc, r-devel-windows-ix86+x86_64, r-devel-osx-x86_64, r-patched-linux-x86_64, r-patched-solaris-x86, r-release-linux-x86_64, r-release-windows-ix86+x86_64, r-release-osx-x86_64, r-oldrel-windows-ix86+x86_64