CRAN Package Check Results for Package DTMCPack

Last updated on 2016-12-02 23:47:59.

Flavor Version Tinstall Tcheck Ttotal Status Flags
r-devel-linux-x86_64-debian-clang 0.1-2 0.68 11.59 12.27 NOTE
r-devel-linux-x86_64-debian-gcc 0.1-2 0.67 11.14 11.81 NOTE
r-devel-linux-x86_64-fedora-clang 0.1-2 18.87 NOTE
r-devel-linux-x86_64-fedora-gcc 0.1-2 17.63 NOTE
r-devel-macos-x86_64-clang 0.1-2 16.88 NOTE
r-devel-windows-ix86+x86_64 0.1-2 4.00 32.00 36.00 NOTE
r-patched-linux-x86_64 0.1-2 0.56 9.43 9.99 NOTE
r-patched-solaris-sparc 0.1-2 99.20 NOTE
r-patched-solaris-x86 0.1-2 22.60 NOTE
r-release-linux-x86_64 0.1-2 0.55 9.32 9.87 NOTE
r-release-osx-x86_64-mavericks 0.1-2 NOTE
r-release-windows-ix86+x86_64 0.1-2 2.00 24.00 26.00 NOTE
r-oldrel-windows-ix86+x86_64 0.1-2 2.00 21.00 23.00 OK

Check Details

Version: 0.1-2
Check: R code for possible problems
Result: NOTE
    DTMC: no visible global function definition for ‘runif’
    DTMC: no visible global function definition for ‘plot’
    Undefined global functions or variables:
     plot runif
    Consider adding
     importFrom("graphics", "plot")
     importFrom("stats", "runif")
    to your NAMESPACE file.
Flavors: r-devel-linux-x86_64-debian-clang, r-devel-linux-x86_64-debian-gcc, r-devel-linux-x86_64-fedora-clang, r-devel-linux-x86_64-fedora-gcc, r-devel-macos-x86_64-clang, r-devel-windows-ix86+x86_64, r-patched-linux-x86_64, r-patched-solaris-sparc, r-patched-solaris-x86, r-release-linux-x86_64, r-release-osx-x86_64-mavericks, r-release-windows-ix86+x86_64