CRAN Package Check Results for Package DTMCPack

Last updated on 2015-09-02 23:46:49.

Flavor Version Tinstall Tcheck Ttotal Status Flags
r-devel-linux-x86_64-debian-clang 0.1-2 0.49 8.11 8.60 NOTE
r-devel-linux-x86_64-debian-gcc 0.1-2 0.49 8.32 8.81 NOTE
r-devel-linux-x86_64-fedora-clang 0.1-2 16.25 NOTE
r-devel-linux-x86_64-fedora-gcc 0.1-2 15.23 NOTE
r-devel-osx-x86_64-clang 0.1-2 17.25 OK
r-devel-windows-ix86+x86_64 0.1-2 3.00 18.00 21.00 NOTE
r-patched-linux-x86_64 0.1-2 0.57 8.46 9.04 OK
r-patched-solaris-sparc 0.1-2 118.40 OK
r-patched-solaris-x86 0.1-2 26.90 OK
r-release-linux-x86_64 0.1-2 0.57 9.49 10.06 OK
r-release-osx-x86_64-mavericks 0.1-2 OK
r-release-windows-ix86+x86_64 0.1-2 3.00 24.00 27.00 OK
r-oldrel-windows-ix86+x86_64 0.1-2 4.00 23.00 27.00 OK

Check Details

Version: 0.1-2
Check: R code for possible problems
Result: NOTE
    DTMC: no visible global function definition for ‘runif’
    DTMC: no visible global function definition for ‘plot’
    Undefined global functions or variables:
     plot runif
    Consider adding
     importFrom("graphics", "plot")
     importFrom("stats", "runif")
    to your NAMESPACE.
Flavors: r-devel-linux-x86_64-debian-clang, r-devel-linux-x86_64-debian-gcc, r-devel-linux-x86_64-fedora-clang, r-devel-linux-x86_64-fedora-gcc, r-devel-windows-ix86+x86_64