CRAN Package Check Results for Package DTMCPack

Last updated on 2018-02-21 13:50:39 CET.

Flavor Version Tinstall Tcheck Ttotal Status Flags
r-devel-linux-x86_64-debian-clang 0.1-2 0.59 16.24 16.83 NOTE
r-devel-linux-x86_64-debian-gcc 0.1-2 0.69 12.87 13.56 NOTE
r-devel-linux-x86_64-fedora-clang 0.1-2 20.40 NOTE
r-devel-linux-x86_64-fedora-gcc 0.1-2 19.29 NOTE
r-devel-windows-ix86+x86_64 0.1-2 3.00 35.00 38.00 NOTE
r-patched-linux-x86_64 0.1-2 0.71 15.02 15.73 NOTE
r-patched-solaris-x86 0.1-2 27.20 NOTE
r-release-linux-x86_64 0.1-2 0.83 14.93 15.76 NOTE
r-release-windows-ix86+x86_64 0.1-2 2.00 23.00 25.00 NOTE
r-release-osx-x86_64 0.1-2 NOTE
r-oldrel-windows-ix86+x86_64 0.1-2 2.00 24.00 26.00 NOTE
r-oldrel-osx-x86_64 0.1-2 NOTE

Check Details

Version: 0.1-2
Check: R code for possible problems
Result: NOTE
    DTMC: no visible global function definition for ‘runif’
    DTMC: no visible global function definition for ‘plot’
    Undefined global functions or variables:
     plot runif
    Consider adding
     importFrom("graphics", "plot")
     importFrom("stats", "runif")
    to your NAMESPACE file.
Flavors: r-devel-linux-x86_64-debian-clang, r-devel-linux-x86_64-debian-gcc, r-devel-linux-x86_64-fedora-clang, r-devel-linux-x86_64-fedora-gcc, r-devel-windows-ix86+x86_64, r-patched-linux-x86_64, r-patched-solaris-x86, r-release-linux-x86_64, r-release-windows-ix86+x86_64, r-release-osx-x86_64, r-oldrel-windows-ix86+x86_64, r-oldrel-osx-x86_64