CRAN Package Check Results for Package DTMCPack

Last updated on 2017-10-17 01:47:53.

Flavor Version Tinstall Tcheck Ttotal Status Flags
r-devel-linux-x86_64-debian-clang 0.1-2 0.58 11.35 11.92 NOTE
r-devel-linux-x86_64-debian-gcc 0.1-2 0.76 12.60 13.35 NOTE
r-devel-linux-x86_64-fedora-clang 0.1-2 19.44 NOTE
r-devel-linux-x86_64-fedora-gcc 0.1-2 18.47 NOTE
r-devel-windows-ix86+x86_64 0.1-2 3.00 24.00 27.00 NOTE
r-patched-linux-x86_64 0.1-2 0.65 10.85 11.50 NOTE
r-patched-solaris-x86 0.1-2 28.30 NOTE
r-release-linux-x86_64 0.1-2 0.65 10.82 11.47 NOTE
r-release-windows-ix86+x86_64 0.1-2 2.00 23.00 25.00 NOTE
r-release-osx-x86_64 0.1-2 NOTE
r-oldrel-windows-ix86+x86_64 0.1-2 2.00 24.00 26.00 NOTE
r-oldrel-osx-x86_64 0.1-2 NOTE

Check Details

Version: 0.1-2
Check: R code for possible problems
Result: NOTE
    DTMC: no visible global function definition for ‘runif’
    DTMC: no visible global function definition for ‘plot’
    Undefined global functions or variables:
     plot runif
    Consider adding
     importFrom("graphics", "plot")
     importFrom("stats", "runif")
    to your NAMESPACE file.
Flavors: r-devel-linux-x86_64-debian-clang, r-devel-linux-x86_64-debian-gcc, r-devel-linux-x86_64-fedora-clang, r-devel-linux-x86_64-fedora-gcc, r-devel-windows-ix86+x86_64, r-patched-linux-x86_64, r-patched-solaris-x86, r-release-linux-x86_64, r-release-windows-ix86+x86_64, r-release-osx-x86_64, r-oldrel-windows-ix86+x86_64, r-oldrel-osx-x86_64