CRAN Package Check Results for Package DTMCPack

Last updated on 2015-08-01 19:48:12.

Flavor Version Tinstall Tcheck Ttotal Status Flags
r-devel-linux-x86_64-debian-clang 0.1-2 0.52 8.75 9.28 NOTE
r-devel-linux-x86_64-debian-gcc 0.1-2 0.51 8.51 9.02 NOTE
r-devel-linux-x86_64-fedora-clang 0.1-2 16.61 NOTE
r-devel-linux-x86_64-fedora-gcc 0.1-2 15.54 NOTE
r-devel-osx-x86_64-clang 0.1-2 17.70 OK
r-devel-windows-ix86+x86_64 0.1-2 4.00 15.00 19.00 NOTE
r-patched-linux-x86_64 0.1-2 0.59 8.56 9.15 OK
r-patched-solaris-sparc 0.1-2 118.40 OK
r-patched-solaris-x86 0.1-2 26.50 OK
r-release-linux-x86_64 0.1-2 0.59 8.66 9.25 OK
r-release-osx-x86_64-mavericks 0.1-2 OK
r-release-windows-ix86+x86_64 0.1-2 3.00 16.00 19.00 OK
r-oldrel-windows-ix86+x86_64 0.1-2 4.00 23.00 27.00 OK

Check Details

Version: 0.1-2
Check: R code for possible problems
Result: NOTE
    DTMC: no visible global function definition for ‘runif’
    DTMC: no visible global function definition for ‘plot’
    Undefined global functions or variables:
     plot runif
    Consider adding
     importFrom("graphics", "plot")
     importFrom("stats", "runif")
    to your NAMESPACE.
Flavors: r-devel-linux-x86_64-debian-clang, r-devel-linux-x86_64-debian-gcc, r-devel-linux-x86_64-fedora-clang, r-devel-linux-x86_64-fedora-gcc, r-devel-windows-ix86+x86_64