CRAN Package Check Results for Package DTMCPack

Last updated on 2016-07-02 03:48:36.

Flavor Version Tinstall Tcheck Ttotal Status Flags
r-devel-linux-x86_64-debian-gcc 0.1-2 0.69 10.70 11.39 NOTE
r-devel-linux-x86_64-fedora-clang 0.1-2 14.90 NOTE
r-devel-linux-x86_64-fedora-gcc 0.1-2 13.83 NOTE
r-devel-osx-x86_64-clang 0.1-2 14.23 NOTE
r-devel-windows-ix86+x86_64 0.1-2 3.00 23.00 26.00 NOTE
r-patched-linux-x86_64 0.1-2 0.68 10.00 10.68 NOTE
r-patched-solaris-sparc 0.1-2 99.20 NOTE
r-patched-solaris-x86 0.1-2 23.50 NOTE
r-release-linux-x86_64 0.1-2 0.59 8.42 9.01 NOTE
r-release-osx-x86_64-mavericks 0.1-2 NOTE
r-release-windows-ix86+x86_64 0.1-2 3.00 22.00 25.00 NOTE
r-oldrel-windows-ix86+x86_64 0.1-2 2.00 15.00 17.00 OK

Check Details

Version: 0.1-2
Check: R code for possible problems
Result: NOTE
    DTMC: no visible global function definition for ‘runif’
    DTMC: no visible global function definition for ‘plot’
    Undefined global functions or variables:
     plot runif
    Consider adding
     importFrom("graphics", "plot")
     importFrom("stats", "runif")
    to your NAMESPACE file.
Flavors: r-devel-linux-x86_64-debian-gcc, r-devel-linux-x86_64-fedora-clang, r-devel-linux-x86_64-fedora-gcc, r-devel-osx-x86_64-clang, r-devel-windows-ix86+x86_64, r-patched-linux-x86_64, r-patched-solaris-sparc, r-patched-solaris-x86, r-release-linux-x86_64, r-release-osx-x86_64-mavericks, r-release-windows-ix86+x86_64