CRAN Package Check Results for Package DTMCPack

Last updated on 2016-08-29 06:47:04.

Flavor Version Tinstall Tcheck Ttotal Status Flags
r-devel-linux-x86_64-debian-clang 0.1-2 0.58 8.75 9.33 NOTE
r-devel-linux-x86_64-debian-gcc 0.1-2 0.58 8.67 9.25 NOTE
r-devel-linux-x86_64-fedora-clang 0.1-2 15.43 NOTE
r-devel-linux-x86_64-fedora-gcc 0.1-2 14.46 NOTE
r-devel-osx-x86_64-clang 0.1-2 14.23 NOTE
r-devel-windows-ix86+x86_64 0.1-2 3.00 22.00 25.00 NOTE
r-patched-linux-x86_64 0.1-2 0.54 8.63 9.17 NOTE
r-patched-solaris-sparc 0.1-2 99.20 NOTE
r-patched-solaris-x86 0.1-2 22.90 NOTE
r-release-linux-x86_64 0.1-2 0.61 9.23 9.84 NOTE
r-release-osx-x86_64-mavericks 0.1-2 NOTE
r-release-windows-ix86+x86_64 0.1-2 3.00 22.00 25.00 NOTE
r-oldrel-windows-ix86+x86_64 0.1-2 2.00 15.00 17.00 OK

Check Details

Version: 0.1-2
Check: R code for possible problems
Result: NOTE
    DTMC: no visible global function definition for ‘runif’
    DTMC: no visible global function definition for ‘plot’
    Undefined global functions or variables:
     plot runif
    Consider adding
     importFrom("graphics", "plot")
     importFrom("stats", "runif")
    to your NAMESPACE file.
Flavors: r-devel-linux-x86_64-debian-clang, r-devel-linux-x86_64-debian-gcc, r-devel-linux-x86_64-fedora-clang, r-devel-linux-x86_64-fedora-gcc, r-devel-osx-x86_64-clang, r-devel-windows-ix86+x86_64, r-patched-linux-x86_64, r-patched-solaris-sparc, r-patched-solaris-x86, r-release-linux-x86_64, r-release-osx-x86_64-mavericks, r-release-windows-ix86+x86_64