CRAN Package Check Results for Package DTMCPack

Last updated on 2016-02-09 10:47:52.

Flavor Version Tinstall Tcheck Ttotal Status Flags
r-devel-linux-x86_64-debian-gcc 0.1-2 0.52 7.79 8.31 NOTE
r-devel-linux-x86_64-fedora-clang 0.1-2 14.84 NOTE
r-devel-linux-x86_64-fedora-gcc 0.1-2 13.46 NOTE
r-devel-osx-x86_64-clang 0.1-2 18.00 NOTE
r-devel-windows-ix86+x86_64 0.1-2 4.00 18.00 22.00 NOTE
r-patched-linux-x86_64 0.1-2 0.61 8.26 8.87 OK
r-patched-solaris-sparc 0.1-2 97.60 OK
r-patched-solaris-x86 0.1-2 22.20 OK
r-release-linux-x86_64 0.1-2 0.64 8.51 9.15 OK
r-release-osx-x86_64-mavericks 0.1-2 OK
r-release-windows-ix86+x86_64 0.1-2 2.00 15.00 17.00 OK
r-oldrel-windows-ix86+x86_64 0.1-2 4.00 23.00 27.00 OK

Check Details

Version: 0.1-2
Check: R code for possible problems
Result: NOTE
    DTMC: no visible global function definition for ‘runif’
    DTMC: no visible global function definition for ‘plot’
    Undefined global functions or variables:
     plot runif
    Consider adding
     importFrom("graphics", "plot")
     importFrom("stats", "runif")
    to your NAMESPACE file.
Flavors: r-devel-linux-x86_64-debian-gcc, r-devel-linux-x86_64-fedora-clang, r-devel-linux-x86_64-fedora-gcc, r-devel-osx-x86_64-clang, r-devel-windows-ix86+x86_64