CRAN Package Check Results for Package DTMCPack

Last updated on 2017-01-19 17:51:39.

Flavor Version Tinstall Tcheck Ttotal Status Flags
r-devel-linux-x86_64-debian-clang 0.1-2 0.63 11.24 11.87 NOTE
r-devel-linux-x86_64-debian-gcc 0.1-2 0.65 11.40 12.05 NOTE
r-devel-linux-x86_64-fedora-clang 0.1-2 17.96 NOTE --no-stop-on-test-error
r-devel-linux-x86_64-fedora-gcc 0.1-2 17.63 NOTE --no-stop-on-test-error
r-devel-macos-x86_64-clang 0.1-2 16.52 NOTE --no-stop-on-test-error
r-devel-windows-ix86+x86_64 0.1-2 3.00 26.00 29.00 NOTE
r-patched-linux-x86_64 0.1-2 0.58 9.29 9.87 NOTE
r-patched-solaris-sparc 0.1-2 102.70 NOTE
r-patched-solaris-x86 0.1-2 23.00 NOTE
r-release-linux-x86_64 0.1-2 0.64 9.25 9.88 NOTE
r-release-osx-x86_64-mavericks 0.1-2 NOTE
r-release-windows-ix86+x86_64 0.1-2 2.00 24.00 26.00 NOTE
r-oldrel-windows-ix86+x86_64 0.1-2 2.00 21.00 23.00 OK

Check Details

Version: 0.1-2
Check: R code for possible problems
Result: NOTE
    DTMC: no visible global function definition for ‘runif’
    DTMC: no visible global function definition for ‘plot’
    Undefined global functions or variables:
     plot runif
    Consider adding
     importFrom("graphics", "plot")
     importFrom("stats", "runif")
    to your NAMESPACE file.
Flavors: r-devel-linux-x86_64-debian-clang, r-devel-linux-x86_64-debian-gcc, r-devel-windows-ix86+x86_64, r-patched-linux-x86_64, r-patched-solaris-sparc, r-patched-solaris-x86, r-release-linux-x86_64, r-release-osx-x86_64-mavericks, r-release-windows-ix86+x86_64

Version: 0.1-2
Flags: --no-stop-on-test-error
Check: R code for possible problems
Result: NOTE
    DTMC: no visible global function definition for ‘runif’
    DTMC: no visible global function definition for ‘plot’
    Undefined global functions or variables:
     plot runif
    Consider adding
     importFrom("graphics", "plot")
     importFrom("stats", "runif")
    to your NAMESPACE file.
Flavors: r-devel-linux-x86_64-fedora-clang, r-devel-linux-x86_64-fedora-gcc, r-devel-macos-x86_64-clang