CRAN Package Check Results for Package DTR

Last updated on 2015-07-30 07:47:03.

Flavor Version Tinstall Tcheck Ttotal Status Flags
r-devel-linux-x86_64-debian-clang 1.6 1.62 29.17 30.79 NOTE
r-devel-linux-x86_64-debian-gcc 1.6 1.80 28.78 30.59 NOTE
r-devel-linux-x86_64-fedora-clang 1.6 61.63 NOTE
r-devel-linux-x86_64-fedora-gcc 1.6 55.63 NOTE
r-devel-osx-x86_64-clang 1.6 55.28 OK
r-devel-windows-ix86+x86_64 1.6 6.00 47.00 53.00 NOTE
r-patched-linux-x86_64 1.6 1.62 29.16 30.78 OK
r-patched-solaris-sparc 1.6 377.40 OK
r-patched-solaris-x86 1.6 78.40 OK
r-release-linux-x86_64 1.6 1.63 28.38 30.01 OK
r-release-osx-x86_64-mavericks 1.6 OK
r-release-windows-ix86+x86_64 1.6 11.00 45.00 56.00 OK
r-oldrel-windows-ix86+x86_64 1.6 10.00 68.00 78.00 OK

Check Details

Version: 1.6
Check: R code for possible problems
Result: NOTE
    CHRestimate: no visible global function definition for ‘quantile’
    contrast_chr: no visible global function definition for ‘quantile’
    contrast_logrank: no visible global function definition for ‘pchisq’
    contrast_logrank: no visible global function definition for ‘pnorm’
    contrast_wald: no visible global function definition for ‘quantile’
    simCHRdata: no visible global function definition for ‘rbinom’
    simCHRdata: no visible global function definition for ‘runif’
    simLDTdata: no visible global function definition for ‘runif’
    simLDTdata: no visible global function definition for ‘rbinom’
    simLDTdata: no visible global function definition for ‘rexp’
    simLDTdata : <anonymous>: no visible global function definition for
     ‘rexp’
    simLRdata: no visible global function definition for ‘runif’
    simLRdata: no visible global function definition for ‘rbinom’
    simLRdata: no visible global function definition for ‘rexp’
    simPHdata: no visible global function definition for ‘rnorm’
    simPHdata: no visible global function definition for ‘runif’
    simPHdata: no visible global function definition for ‘rbinom’
    simPHdata: no visible global function definition for ‘rexp’
    simWRSEdata: no visible global function definition for ‘runif’
    simWRSEdata: no visible global function definition for ‘rbinom’
    simWRSEdata: no visible global function definition for ‘rexp’
    Undefined global functions or variables:
     pchisq pnorm quantile rbinom rexp rnorm runif
    Consider adding
     importFrom("stats", "pchisq", "pnorm", "quantile", "rbinom", "rexp",
     "rnorm", "runif")
    to your NAMESPACE.
Flavors: r-devel-linux-x86_64-debian-clang, r-devel-linux-x86_64-debian-gcc, r-devel-linux-x86_64-fedora-clang, r-devel-linux-x86_64-fedora-gcc, r-devel-windows-ix86+x86_64