CRAN Package Check Results for Package DTR

Last updated on 2014-08-29 21:47:37.

Flavor Version Tinstall Tcheck Ttotal Status Flags
r-devel-linux-x86_64-debian-clang 1.5 2.03 34.27 36.30 NOTE
r-devel-linux-x86_64-debian-gcc 1.5 2.02 34.27 36.29 NOTE
r-devel-linux-x86_64-fedora-clang 1.5 76.08 NOTE
r-devel-linux-x86_64-fedora-gcc 1.5 73.00 NOTE
r-devel-osx-x86_64-clang 1.5 65.81 NOTE
r-devel-windows-ix86+x86_64 1.5 9.00 55.00 64.00 NOTE
r-patched-linux-x86_64 1.5 2.06 35.56 37.63 OK
r-patched-solaris-sparc 1.5 423.70 OK
r-patched-solaris-x86 1.5 93.30 OK
r-release-linux-ix86 1.5 2.83 45.80 48.63 OK
r-release-linux-x86_64 1.5 2.28 36.50 38.78 OK
r-release-osx-x86_64-mavericks 1.5 OK
r-release-osx-x86_64-snowleopard 1.5 OK
r-release-windows-ix86+x86_64 1.5 7.00 59.00 66.00 OK
r-oldrel-windows-ix86+x86_64 1.3 8.00 94.00 102.00 OK

Check Details

Version: 1.5
Check: R code for possible problems
Result: NOTE
    plot.CHR: no visible global function definition for ‘unit’
    plot.DTR: no visible global function definition for ‘unit’
Flavors: r-devel-linux-x86_64-debian-clang, r-devel-linux-x86_64-debian-gcc, r-devel-linux-x86_64-fedora-clang, r-devel-linux-x86_64-fedora-gcc, r-devel-osx-x86_64-clang, r-devel-windows-ix86+x86_64