CRAN Package Check Results for Package DTR

Last updated on 2014-12-20 15:46:23.

Flavor Version Tinstall Tcheck Ttotal Status Flags
r-devel-linux-x86_64-debian-clang 1.5 2.54 37.96 40.50 NOTE
r-devel-linux-x86_64-debian-gcc 1.5 1.93 38.56 40.48 NOTE
r-devel-linux-x86_64-fedora-clang 1.5 80.76 NOTE
r-devel-linux-x86_64-fedora-gcc 1.5 71.64 NOTE
r-devel-osx-x86_64-clang 1.5 70.82 NOTE
r-devel-windows-ix86+x86_64 1.5 9.00 56.00 65.00 NOTE
r-patched-linux-x86_64 1.5 2.10 38.09 40.19 NOTE
r-patched-solaris-sparc 1.5 423.00 NOTE
r-patched-solaris-x86 1.5 98.00 NOTE
r-release-linux-ix86 1.5 2.54 44.33 46.87 NOTE
r-release-linux-x86_64 1.5 2.07 38.06 40.13 NOTE
r-release-osx-x86_64-mavericks 1.5 OK
r-release-osx-x86_64-snowleopard 1.5 OK
r-release-windows-ix86+x86_64 1.5 10.00 65.00 75.00 NOTE
r-oldrel-windows-ix86+x86_64 1.3 8.00 94.00 102.00 OK

Check Details

Version: 1.5
Check: R code for possible problems
Result: NOTE
    plot.CHR: no visible global function definition for ‘unit’
    plot.DTR: no visible global function definition for ‘unit’
Flavors: r-devel-linux-x86_64-debian-clang, r-devel-linux-x86_64-debian-gcc, r-devel-linux-x86_64-fedora-clang, r-devel-linux-x86_64-fedora-gcc, r-devel-osx-x86_64-clang, r-devel-windows-ix86+x86_64, r-patched-linux-x86_64, r-patched-solaris-sparc, r-patched-solaris-x86, r-release-linux-ix86, r-release-linux-x86_64, r-release-windows-ix86+x86_64