CRAN Package Check Results for Package DTR

Last updated on 2016-05-02 13:48:50.

Flavor Version Tinstall Tcheck Ttotal Status Flags
r-devel-linux-x86_64-debian-gcc 1.7 3.14 44.72 47.86 OK
r-devel-linux-x86_64-fedora-clang 1.7 92.89 OK
r-devel-linux-x86_64-fedora-gcc 1.7 85.58 OK
r-devel-osx-x86_64-clang 1.7 100.12 OK
r-devel-windows-ix86+x86_64 1.7 9.00 80.00 89.00 OK
r-patched-linux-x86_64 1.7 3.40 45.75 49.15 OK
r-patched-solaris-sparc 1.7 313.10 OK
r-patched-solaris-x86 1.7 113.70 OK
r-release-linux-x86_64 1.7 3.46 48.92 52.38 OK
r-release-osx-x86_64-mavericks 1.7 OK
r-release-windows-ix86+x86_64 1.7 14.00 100.00 114.00 OK
r-oldrel-windows-ix86+x86_64 1.6 4.00 2.00 6.00 ERROR

Check Details

Version: 1.6
Check: whether package can be installed
Result: ERROR
    Installation failed.
Flavor: r-oldrel-windows-ix86+x86_64