CRAN Package Check Results for Package DTR

Last updated on 2016-02-09 18:49:09.

Flavor Version Tinstall Tcheck Ttotal Status Flags
r-devel-linux-x86_64-debian-gcc 1.7 1.30 25.59 26.89 OK
r-devel-linux-x86_64-fedora-clang 1.7 50.63 OK
r-devel-linux-x86_64-fedora-gcc 1.7 47.89 OK
r-devel-osx-x86_64-clang 1.7 57.04 OK
r-devel-windows-ix86+x86_64 1.7 7.00 43.00 50.00 OK
r-patched-linux-x86_64 1.7 1.54 26.95 28.49 OK
r-patched-solaris-sparc 1.7 323.30 OK
r-patched-solaris-x86 1.7 64.80 OK
r-release-linux-x86_64 1.7 1.52 26.62 28.14 OK
r-release-osx-x86_64-mavericks 1.7 OK
r-release-windows-ix86+x86_64 1.7 8.00 48.00 56.00 OK
r-oldrel-windows-ix86+x86_64 1.6 4.00 2.00 6.00 ERROR

Check Details

Version: 1.6
Check: whether package can be installed
Result: ERROR
    Installation failed.
Flavor: r-oldrel-windows-ix86+x86_64