CRAN Package Check Results for Package DTR

Last updated on 2015-03-31 08:51:18.

Flavor Version Tinstall Tcheck Ttotal Status Flags
r-devel-linux-x86_64-debian-clang 1.5 1.65 29.75 31.40 NOTE
r-devel-linux-x86_64-debian-gcc 1.5 1.61 30.95 32.56 NOTE
r-devel-linux-x86_64-fedora-clang 1.5 60.02 NOTE
r-devel-linux-x86_64-fedora-gcc 1.5 56.10 NOTE
r-devel-osx-x86_64-clang 1.5 68.02 NOTE
r-prerel-windows-ix86+x86_64 1.5 7.00 42.00 49.00 NOTE
r-prerel-linux-x86_64 1.5 1.66 28.05 29.72 NOTE
r-prerel-solaris-sparc 1.5 367.90 NOTE
r-prerel-solaris-x86 1.5 75.00 NOTE
r-release-linux-x86_64 1.5 2.40 40.30 42.70 NOTE
r-release-osx-x86_64-mavericks 1.5 NOTE
r-release-osx-x86_64-snowleopard 1.5 OK
r-release-windows-ix86+x86_64 1.5 8.00 61.00 69.00 NOTE
r-oldrel-windows-ix86+x86_64 1.3 8.00 94.00 102.00 OK

Check Details

Version: 1.5
Check: DESCRIPTION meta-information
Result: NOTE
    Malformed Description field: should contain one or more complete sentences.
Flavors: r-devel-linux-x86_64-debian-clang, r-devel-linux-x86_64-debian-gcc, r-devel-linux-x86_64-fedora-clang, r-devel-linux-x86_64-fedora-gcc, r-devel-osx-x86_64-clang, r-prerel-windows-ix86+x86_64, r-prerel-linux-x86_64, r-prerel-solaris-sparc, r-prerel-solaris-x86

Version: 1.5
Check: S3 generic/method consistency
Result: NOTE
    Found the following apparent S3 methods exported but not registered:
     plot.CHR plot.DTR print.CHR print.DTR print.summary.CHR
     print.summary.DTR summary.CHR summary.DTR
    See section ‘Registering S3 methods’ in the ‘Writing R Extensions’
    manual.
Flavors: r-devel-linux-x86_64-debian-clang, r-devel-linux-x86_64-debian-gcc, r-devel-linux-x86_64-fedora-clang, r-devel-linux-x86_64-fedora-gcc, r-devel-osx-x86_64-clang, r-prerel-linux-x86_64

Version: 1.5
Check: R code for possible problems
Result: NOTE
    plot.CHR: no visible global function definition for ‘unit’
    plot.DTR: no visible global function definition for ‘unit’
Flavors: r-devel-linux-x86_64-debian-clang, r-devel-linux-x86_64-debian-gcc, r-devel-linux-x86_64-fedora-clang, r-devel-linux-x86_64-fedora-gcc, r-devel-osx-x86_64-clang, r-prerel-windows-ix86+x86_64, r-prerel-linux-x86_64, r-prerel-solaris-sparc, r-prerel-solaris-x86, r-release-linux-x86_64, r-release-osx-x86_64-mavericks, r-release-windows-ix86+x86_64