CRAN Package Check Results for Package DTR

Last updated on 2014-04-24 17:49:42.

Flavor Version Tinstall Tcheck Ttotal Status Flags
r-devel-linux-x86_64-debian-clang 1.3 2.22 70.46 72.68 OK
r-devel-linux-x86_64-debian-gcc 1.3 2.15 68.81 70.96 OK
r-devel-linux-x86_64-fedora-clang 1.3 145.61 OK
r-devel-linux-x86_64-fedora-gcc 1.3 138.10 OK
r-devel-osx-x86_64-clang 1.3 125.28 OK
r-devel-osx-x86_64-gcc 1.3 ERROR
r-devel-windows-ix86+x86_64 1.3 7.00 99.00 106.00 OK
r-patched-linux-x86_64 1.3 2.16 70.22 72.37 OK
r-patched-solaris-sparc 1.3 872.10 OK
r-patched-solaris-x86 1.3 177.80 OK
r-release-linux-ix86 1.3 4.00 123.00 127.00 OK
r-release-linux-x86_64 1.3 2.27 69.38 71.64 OK
r-release-osx-x86_64-mavericks 1.3 WARN
r-release-osx-x86_64-snowleopard 1.3 OK
r-release-windows-ix86+x86_64 1.3 8.00 93.00 101.00 OK
r-oldrel-windows-ix86+x86_64 1.3 8.00 92.00 100.00 OK

Check Details

Version: 1.3
Check: package dependencies
Result: ERROR
    Package required but not available: ‘ggplot2’
    
    See the information on DESCRIPTION files in the chapter ‘Creating R
    packages’ of the ‘Writing R Extensions’ manual.
Flavor: r-devel-osx-x86_64-gcc

Version: 1.3
Check: PDF version of manual
Result: WARNING
    LaTeX errors when creating PDF version.
    This typically indicates Rd problems.
    LaTeX errors found:
    ! LaTeX Error: File `upquote.sty' not found.
    
    Type X to quit or <RETURN> to proceed,
    or enter new name. (Default extension: sty)
    
    77c558/Rd2.tex:8: ==> Fatal error occurred, no output PDF file produced!
Flavor: r-release-osx-x86_64-mavericks