CRAN Package Check Results for Package DTR

Last updated on 2014-09-02 20:48:48.

Flavor Version Tinstall Tcheck Ttotal Status Flags
r-devel-linux-x86_64-debian-clang 1.5 2.03 34.49 36.52 NOTE
r-devel-linux-x86_64-debian-gcc 1.5 1.94 33.62 35.56 NOTE
r-devel-linux-x86_64-fedora-clang 1.5 78.19 NOTE
r-devel-linux-x86_64-fedora-gcc 1.5 73.51 NOTE
r-devel-osx-x86_64-clang 1.5 65.37 NOTE
r-devel-windows-ix86+x86_64 1.5 8.00 51.00 59.00 NOTE
r-patched-linux-x86_64 1.5 2.11 35.96 38.07 OK
r-patched-solaris-sparc 1.5 423.70 OK
r-patched-solaris-x86 1.5 93.20 OK
r-release-linux-ix86 1.5 2.87 46.75 49.62 OK
r-release-linux-x86_64 1.5 2.11 35.98 38.10 OK
r-release-osx-x86_64-mavericks 1.5 OK
r-release-osx-x86_64-snowleopard 1.5 OK
r-release-windows-ix86+x86_64 1.5 8.00 59.00 67.00 OK
r-oldrel-windows-ix86+x86_64 1.3 8.00 94.00 102.00 OK

Check Details

Version: 1.5
Check: R code for possible problems
Result: NOTE
    plot.CHR: no visible global function definition for ‘unit’
    plot.DTR: no visible global function definition for ‘unit’
Flavors: r-devel-linux-x86_64-debian-clang, r-devel-linux-x86_64-debian-gcc, r-devel-linux-x86_64-fedora-clang, r-devel-linux-x86_64-fedora-gcc, r-devel-osx-x86_64-clang, r-devel-windows-ix86+x86_64