CRAN Package Check Results for Package DTR

Last updated on 2015-02-27 05:47:59.

Flavor Version Tinstall Tcheck Ttotal Status Flags
r-devel-linux-x86_64-debian-clang 1.5 1.66 29.47 31.12 NOTE
r-devel-linux-x86_64-debian-gcc 1.5 1.62 28.04 29.67 NOTE
r-devel-linux-x86_64-fedora-clang 1.5 63.17 NOTE
r-devel-linux-x86_64-fedora-gcc 1.5 57.24 NOTE
r-devel-osx-x86_64-clang 1.5 62.72 NOTE
r-devel-windows-ix86+x86_64 1.5 10.00 46.00 56.00 NOTE
r-patched-linux-x86_64 1.5 2.54 39.32 41.86 NOTE
r-patched-solaris-sparc 1.5 451.40 NOTE
r-patched-solaris-x86 1.5 98.10 NOTE
r-release-linux-ix86 1.5 2.54 60.97 63.51 NOTE
r-release-linux-x86_64 1.5 2.61 38.83 41.44 NOTE
r-release-osx-x86_64-mavericks 1.5 NOTE
r-release-osx-x86_64-snowleopard 1.5 OK
r-release-windows-ix86+x86_64 1.5 10.00 59.00 69.00 NOTE
r-oldrel-windows-ix86+x86_64 1.3 8.00 94.00 102.00 OK

Check Details

Version: 1.5
Check: DESCRIPTION meta-information
Result: NOTE
    Malformed Description field: should contain one or more complete sentences.
Flavors: r-devel-linux-x86_64-debian-clang, r-devel-linux-x86_64-debian-gcc, r-devel-linux-x86_64-fedora-clang, r-devel-linux-x86_64-fedora-gcc, r-devel-osx-x86_64-clang, r-devel-windows-ix86+x86_64

Version: 1.5
Check: S3 generic/method consistency
Result: NOTE
    Found the following apparent S3 methods exported but not registered:
     plot.CHR plot.DTR print.CHR print.DTR print.summary.CHR
     print.summary.DTR summary.CHR summary.DTR
    See section ‘Registering S3 methods’ in the ‘Writing R Extensions’
    manual.
Flavors: r-devel-linux-x86_64-debian-clang, r-devel-linux-x86_64-debian-gcc, r-devel-linux-x86_64-fedora-clang, r-devel-linux-x86_64-fedora-gcc, r-devel-osx-x86_64-clang

Version: 1.5
Check: R code for possible problems
Result: NOTE
    plot.CHR: no visible global function definition for ‘unit’
    plot.DTR: no visible global function definition for ‘unit’
Flavors: r-devel-linux-x86_64-debian-clang, r-devel-linux-x86_64-debian-gcc, r-devel-linux-x86_64-fedora-clang, r-devel-linux-x86_64-fedora-gcc, r-devel-osx-x86_64-clang, r-devel-windows-ix86+x86_64, r-patched-linux-x86_64, r-patched-solaris-sparc, r-patched-solaris-x86, r-release-linux-ix86, r-release-linux-x86_64, r-release-osx-x86_64-mavericks, r-release-windows-ix86+x86_64