CRAN Package Check Results for Package DTR

Last updated on 2015-09-05 17:47:55.

Flavor Version Tinstall Tcheck Ttotal Status Flags
r-devel-linux-x86_64-debian-clang 1.6 1.46 27.83 29.29 NOTE
r-devel-linux-x86_64-debian-gcc 1.6 1.48 28.18 29.65 NOTE
r-devel-linux-x86_64-fedora-clang 1.6 56.95 NOTE
r-devel-linux-x86_64-fedora-gcc 1.6 54.25 NOTE
r-devel-osx-x86_64-clang 1.6 51.28 OK
r-devel-windows-ix86+x86_64 1.6 13.00 50.00 63.00 NOTE
r-patched-linux-x86_64 1.6 1.64 29.36 31.00 OK
r-patched-solaris-sparc 1.6 377.40 OK
r-patched-solaris-x86 1.6 79.10 OK
r-release-linux-x86_64 1.6 1.59 29.10 30.68 OK
r-release-osx-x86_64-mavericks 1.6 OK
r-release-windows-ix86+x86_64 1.6 8.00 50.00 58.00 OK
r-oldrel-windows-ix86+x86_64 1.6 12.00 77.00 89.00 OK

Check Details

Version: 1.6
Check: R code for possible problems
Result: NOTE
    CHRestimate: no visible global function definition for ‘quantile’
    contrast_chr: no visible global function definition for ‘quantile’
    contrast_logrank: no visible global function definition for ‘pchisq’
    contrast_logrank: no visible global function definition for ‘pnorm’
    contrast_wald: no visible global function definition for ‘quantile’
    simCHRdata: no visible global function definition for ‘rbinom’
    simCHRdata: no visible global function definition for ‘runif’
    simLDTdata: no visible global function definition for ‘runif’
    simLDTdata: no visible global function definition for ‘rbinom’
    simLDTdata: no visible global function definition for ‘rexp’
    simLDTdata : <anonymous>: no visible global function definition for
     ‘rexp’
    simLRdata: no visible global function definition for ‘runif’
    simLRdata: no visible global function definition for ‘rbinom’
    simLRdata: no visible global function definition for ‘rexp’
    simPHdata: no visible global function definition for ‘rnorm’
    simPHdata: no visible global function definition for ‘runif’
    simPHdata: no visible global function definition for ‘rbinom’
    simPHdata: no visible global function definition for ‘rexp’
    simWRSEdata: no visible global function definition for ‘runif’
    simWRSEdata: no visible global function definition for ‘rbinom’
    simWRSEdata: no visible global function definition for ‘rexp’
    Undefined global functions or variables:
     pchisq pnorm quantile rbinom rexp rnorm runif
    Consider adding
     importFrom("stats", "pchisq", "pnorm", "quantile", "rbinom", "rexp",
     "rnorm", "runif")
    to your NAMESPACE.
Flavors: r-devel-linux-x86_64-debian-clang, r-devel-linux-x86_64-debian-gcc, r-devel-linux-x86_64-fedora-clang, r-devel-linux-x86_64-fedora-gcc, r-devel-windows-ix86+x86_64