CRAN Package Check Results for Package DTR

Last updated on 2014-11-24 03:49:04.

Flavor Version Tinstall Tcheck Ttotal Status Flags
r-devel-linux-x86_64-debian-clang 1.5 2.04 37.24 39.29 NOTE
r-devel-linux-x86_64-debian-gcc 1.5 1.99 36.29 38.28 NOTE
r-devel-linux-x86_64-fedora-clang 1.5 85.35 NOTE
r-devel-linux-x86_64-fedora-gcc 1.5 74.99 NOTE
r-devel-osx-x86_64-clang 1.5 82.90 NOTE
r-devel-windows-ix86+x86_64 1.5 9.00 53.00 62.00 NOTE
r-patched-linux-x86_64 1.5 2.08 37.54 39.62 NOTE
r-patched-solaris-sparc 1.5 423.00 NOTE
r-patched-solaris-x86 1.5 97.50 NOTE
r-release-linux-ix86 1.5 2.63 44.22 46.85 NOTE
r-release-linux-x86_64 1.5 2.05 36.80 38.85 NOTE
r-release-osx-x86_64-mavericks 1.5 OK
r-release-osx-x86_64-snowleopard 1.5 OK
r-release-windows-ix86+x86_64 1.5 10.00 58.00 68.00 NOTE
r-oldrel-windows-ix86+x86_64 1.3 8.00 94.00 102.00 OK

Check Details

Version: 1.5
Check: R code for possible problems
Result: NOTE
    plot.CHR: no visible global function definition for ‘unit’
    plot.DTR: no visible global function definition for ‘unit’
Flavors: r-devel-linux-x86_64-debian-clang, r-devel-linux-x86_64-debian-gcc, r-devel-linux-x86_64-fedora-clang, r-devel-linux-x86_64-fedora-gcc, r-devel-osx-x86_64-clang, r-devel-windows-ix86+x86_64, r-patched-linux-x86_64, r-patched-solaris-sparc, r-patched-solaris-x86, r-release-linux-ix86, r-release-linux-x86_64, r-release-windows-ix86+x86_64