CRAN Package Check Results for Package DTR

Last updated on 2015-01-28 03:49:09.

Flavor Version Tinstall Tcheck Ttotal Status Flags
r-devel-linux-x86_64-debian-clang 1.5 1.78 30.64 32.42 NOTE
r-devel-linux-x86_64-debian-gcc 1.5 1.71 31.17 32.88 NOTE
r-devel-linux-x86_64-fedora-clang 1.5 81.86 NOTE
r-devel-linux-x86_64-fedora-gcc 1.5 77.37 NOTE
r-devel-osx-x86_64-clang 1.5 82.47 NOTE
r-devel-windows-ix86+x86_64 1.5 7.00 45.00 52.00 NOTE
r-patched-linux-x86_64 1.5 2.07 37.74 39.82 NOTE
r-patched-solaris-sparc 1.5 451.40 NOTE
r-patched-solaris-x86 1.5 97.20 NOTE
r-release-linux-ix86 1.5 2.56 44.64 47.20 NOTE
r-release-linux-x86_64 1.5 2.10 37.08 39.18 NOTE
r-release-osx-x86_64-mavericks 1.5 NOTE
r-release-osx-x86_64-snowleopard 1.5 OK
r-release-windows-ix86+x86_64 1.5 9.00 61.00 70.00 NOTE
r-oldrel-windows-ix86+x86_64 1.3 8.00 94.00 102.00 OK

Check Details

Version: 1.5
Check: S3 generic/method consistency
Result: NOTE
    Found the following apparent S3 methods exported but not registered:
     print.CHR print.DTR print.summary.CHR print.summary.DTR summary.CHR
     summary.DTR plot.CHR plot.DTR
    See section ‘Registering S3 methods’ in the ‘Writing R Extensions’
    manual.
Flavors: r-devel-linux-x86_64-debian-clang, r-devel-linux-x86_64-debian-gcc, r-devel-linux-x86_64-fedora-clang, r-devel-linux-x86_64-fedora-gcc, r-devel-osx-x86_64-clang

Version: 1.5
Check: R code for possible problems
Result: NOTE
    plot.CHR: no visible global function definition for ‘unit’
    plot.DTR: no visible global function definition for ‘unit’
Flavors: r-devel-linux-x86_64-debian-clang, r-devel-linux-x86_64-debian-gcc, r-devel-linux-x86_64-fedora-clang, r-devel-linux-x86_64-fedora-gcc, r-devel-osx-x86_64-clang, r-devel-windows-ix86+x86_64, r-patched-linux-x86_64, r-patched-solaris-sparc, r-patched-solaris-x86, r-release-linux-ix86, r-release-linux-x86_64, r-release-osx-x86_64-mavericks, r-release-windows-ix86+x86_64