CRAN Package Check Results for Package DWD

Last updated on 2014-09-19 23:46:47.

Flavor Version Tinstall Tcheck Ttotal Status Flags
r-devel-linux-x86_64-debian-gcc 0.11 4.33 52.44 56.77 NOTE
r-patched-linux-x86_64 0.11 4.59 57.17 61.76 NOTE
r-release-linux-ix86 0.11 5.63 70.22 75.85 NOTE
r-release-linux-x86_64 0.11 4.59 55.73 60.32 NOTE
r-release-osx-x86_64-mavericks 0.11 NOTE
r-release-windows-ix86+x86_64 0.11 17.00 104.00 121.00 NOTE

Check Details

Version: 0.11
Check: dependencies in R code
Result: NOTE
    'library' or 'require' call to ‘Matrix’ which was already attached by Depends.
     Please remove these calls from your code.
    Packages in Depends field not imported from:
     ‘Matrix’ ‘methods’
     These packages need to be imported from (in the NAMESPACE file)
     for when this namespace is loaded but not attached.
    See the information on DESCRIPTION files in the chapter ‘Creating R
    packages’ of the ‘Writing R Extensions’ manual.
Flavors: r-devel-linux-x86_64-debian-gcc, r-patched-linux-x86_64, r-release-linux-ix86, r-release-linux-x86_64, r-release-osx-x86_64-mavericks, r-release-windows-ix86+x86_64

Version: 0.11
Check: R code for possible problems
Result: NOTE
    checkdepconstr: no visible global function definition for ‘Diagonal’
    checkdepconstr: no visible global function definition for ‘Cholesky’
    checkdepconstr: no visible global function definition for ‘expand’
    findcoeff: no visible global function definition for ‘expand’
    findcoeff: no visible global function definition for ‘lu’
    linsysolve: no visible global function definition for ‘spMatrix’
    linsysolve: no visible global function definition for ‘cBind’
    linsysolve: no visible global function definition for ‘nnzero’
    linsysolve: no visible global function definition for ‘Cholesky’
    linsysolve: no visible global function definition for ‘forceSymmetric’
    linsysolve: no visible global function definition for ‘expand’
    linsysolve: no visible global function definition for ‘lu’
    linsysolve: no visible global function definition for ‘rBind’
    qprod: no visible global function definition for ‘spMatrix’
    schurmat_lblk: no visible global function definition for ‘cBind’
    schurmat_qblk: no visible global function definition for ‘cBind’
    validate: no visible global function definition for ‘nnzero’
Flavor: r-devel-linux-x86_64-debian-gcc

Version: 0.11
Check: Rd line widths
Result: NOTE
    Rd file 'sqlp.Rd':
     \examples lines wider than 100 characters:
     soln <- sqlp(blk=sqlpData$blk,At=sqlpData$At,C=sqlpData$C,b=sqlpData$b,X0=sqlpData$X0,y0=sqlpData$y0,Z0=sqlpData$Z0)
    
    These lines will be truncated in the PDF manual.
Flavors: r-devel-linux-x86_64-debian-gcc, r-patched-linux-x86_64, r-release-linux-x86_64

Version: 0.11
Check: for old-style vignette sources
Result: NOTE
    Vignette sources only in ‘inst/doc’:
     ‘DWD.Rnw’
    A ‘vignettes’ directory is required as from R 3.1.0
    and these will not be indexed nor checked
Flavors: r-devel-linux-x86_64-debian-gcc, r-patched-linux-x86_64, r-release-linux-ix86, r-release-linux-x86_64, r-release-osx-x86_64-mavericks, r-release-windows-ix86+x86_64