CRAN Package Check Results for Package DWD

Last updated on 2014-04-17 10:47:47.

Flavor Version Tinstall Tcheck Ttotal Status Flags
r-devel-linux-x86_64-debian-clang 0.11 4.57 56.60 61.17 NOTE
r-devel-linux-x86_64-debian-gcc 0.11 4.63 57.82 62.45 NOTE
r-devel-linux-x86_64-fedora-clang 0.11 139.44 NOTE
r-devel-linux-x86_64-fedora-gcc 0.11 129.45 NOTE
r-devel-macosx-x86_64-clang 0.11 105.91 NOTE
r-devel-macosx-x86_64-gcc 0.11 NOTE
r-devel-windows-ix86+x86_64 0.11 16.00 104.00 120.00 NOTE
r-patched-linux-x86_64 0.11 4.58 57.36 61.94 NOTE
r-patched-solaris-sparc 0.11 718.60 NOTE
r-patched-solaris-x86 0.11 161.60 NOTE
r-release-linux-ix86 0.11 9.00 122.00 131.00 NOTE
r-release-linux-x86_64 0.11 4.91 56.36 61.28 NOTE
r-release-windows-ix86+x86_64 0.11 15.00 102.00 117.00 NOTE
r-oldrel-windows-ix86+x86_64 0.11 16.00 120.00 136.00 NOTE

Check Details

Version: 0.11
Check: dependencies in R code
Result: NOTE
    'library' or 'require' call to ‘Matrix’ which was already attached by Depends.
     Please remove these calls from your code.
    Packages in Depends field not imported from:
     ‘Matrix’ ‘methods’
     These packages need to be imported from (in the NAMESPACE file)
     for when this namespace is loaded but not attached.
    See the information on DESCRIPTION files in the chapter ‘Creating R
    packages’ of the ‘Writing R Extensions’ manual.
Flavors: r-devel-linux-x86_64-debian-clang, r-devel-linux-x86_64-debian-gcc, r-devel-linux-x86_64-fedora-clang, r-devel-linux-x86_64-fedora-gcc, r-devel-macosx-x86_64-clang, r-devel-macosx-x86_64-gcc, r-devel-windows-ix86+x86_64, r-patched-linux-x86_64, r-patched-solaris-sparc, r-patched-solaris-x86, r-release-linux-ix86, r-release-linux-x86_64, r-release-windows-ix86+x86_64, r-oldrel-windows-ix86+x86_64

Version: 0.11
Check: for old-style vignette sources
Result: NOTE
    Vignette sources only in ‘inst/doc’:
     ‘DWD.Rnw’
    A ‘vignettes’ directory is required as from R 3.1.0
    and these will not be indexed nor checked
Flavors: r-devel-linux-x86_64-debian-clang, r-devel-linux-x86_64-debian-gcc, r-devel-linux-x86_64-fedora-clang, r-devel-linux-x86_64-fedora-gcc, r-devel-macosx-x86_64-clang, r-devel-macosx-x86_64-gcc, r-patched-linux-x86_64, r-patched-solaris-sparc, r-patched-solaris-x86, r-release-linux-ix86, r-release-linux-x86_64

Version: 0.11
Check: Rd line widths
Result: NOTE
    Rd file 'sqlp.Rd':
     \examples lines wider than 100 characters:
     soln <- sqlp(blk=sqlpData$blk,At=sqlpData$At,C=sqlpData$C,b=sqlpData$b,X0=sqlpData$X0,y0=sqlpData$y0,Z0=sqlpData$Z0)
    
    These lines will be truncated in the PDF manual.
Flavors: r-devel-linux-x86_64-fedora-clang, r-devel-linux-x86_64-fedora-gcc

Version: 0.11
Check: for old-style vignette sources
Result: NOTE
    Vignette sources only in 'inst/doc':
     'DWD.Rnw'
    A 'vignettes' directory is required as from R 3.1.0
    and these will not be indexed nor checked
    * checking examples ...
Flavors: r-devel-windows-ix86+x86_64, r-release-windows-ix86+x86_64

Version: 0.11
Check: for old-style vignette sources
Result: NOTE
    Vignette sources only in 'inst/doc':
     'DWD.Rnw'
    A 'vignettes' directory will be required as from R 3.1.0
    * checking examples ...
Flavor: r-oldrel-windows-ix86+x86_64