CRAN Package Check Results for Package DWD

Last updated on 2014-07-31 03:48:31.

Flavor Version Tinstall Tcheck Ttotal Status Flags
r-devel-linux-x86_64-debian-clang 0.11 4.32 55.08 59.40 NOTE
r-devel-linux-x86_64-debian-gcc 0.11 4.36 53.41 57.76 NOTE
r-devel-linux-x86_64-fedora-clang 0.11 135.63 NOTE
r-devel-linux-x86_64-fedora-gcc 0.11 125.30 NOTE
r-devel-osx-x86_64-clang 0.11 102.79 NOTE
r-devel-windows-ix86+x86_64 0.11 17.00 98.00 115.00 NOTE
r-patched-linux-x86_64 0.11 4.42 53.79 58.20 NOTE
r-patched-solaris-sparc 0.11 731.30 NOTE
r-patched-solaris-x86 0.11 164.30 NOTE
r-release-linux-ix86 0.11 5.60 66.92 72.52 NOTE
r-release-linux-x86_64 0.11 4.68 55.02 59.70 NOTE
r-release-osx-x86_64-mavericks 0.11 NOTE
r-release-windows-ix86+x86_64 0.11 28.00 141.00 169.00 NOTE
r-oldrel-windows-ix86+x86_64 0.11 29.00 167.00 196.00 NOTE

Check Details

Version: 0.11
Check: dependencies in R code
Result: NOTE
    'library' or 'require' call to Matrix which was already attached by Depends.
     Please remove these calls from your code.
    Packages in Depends field not imported from:
     Matrix methods
     These packages need to be imported from (in the NAMESPACE file)
     for when this namespace is loaded but not attached.
    See the information on DESCRIPTION files in the chapter Creating R
    packages of the Writing R Extensions manual.
Flavors: r-devel-linux-x86_64-debian-clang, r-devel-linux-x86_64-debian-gcc, r-devel-linux-x86_64-fedora-clang, r-devel-linux-x86_64-fedora-gcc, r-devel-osx-x86_64-clang, r-devel-windows-ix86+x86_64, r-patched-linux-x86_64, r-patched-solaris-sparc, r-patched-solaris-x86, r-release-linux-ix86, r-release-linux-x86_64, r-release-osx-x86_64-mavericks, r-release-windows-ix86+x86_64, r-oldrel-windows-ix86+x86_64

Version: 0.11
Check: for old-style vignette sources
Result: NOTE
    Vignette sources only in inst/doc :
     DWD.Rnw
    A vignettes directory is required as from R 3.1.0
    and these will not be indexed nor checked
Flavors: r-devel-linux-x86_64-debian-clang, r-devel-linux-x86_64-debian-gcc, r-devel-linux-x86_64-fedora-clang, r-devel-linux-x86_64-fedora-gcc, r-devel-osx-x86_64-clang, r-patched-linux-x86_64, r-patched-solaris-sparc, r-patched-solaris-x86, r-release-linux-ix86, r-release-linux-x86_64, r-release-osx-x86_64-mavericks

Version: 0.11
Check: Rd line widths
Result: NOTE
    Rd file 'sqlp.Rd':
     \examples lines wider than 100 characters:
     soln <- sqlp(blk=sqlpData$blk,At=sqlpData$At,C=sqlpData$C,b=sqlpData$b,X0=sqlpData$X0,y0=sqlpData$y0,Z0=sqlpData$Z0)
    
    These lines will be truncated in the PDF manual.
Flavors: r-devel-linux-x86_64-fedora-clang, r-devel-linux-x86_64-fedora-gcc

Version: 0.11
Check: for old-style vignette sources
Result: NOTE
    Vignette sources only in 'inst/doc':
     'DWD.Rnw'
    A 'vignettes' directory is required as from R 3.1.0
    and these will not be indexed nor checked
    * checking examples ...
Flavors: r-devel-windows-ix86+x86_64, r-release-windows-ix86+x86_64

Version: 0.11
Check: for old-style vignette sources
Result: NOTE
    Vignette sources only in 'inst/doc':
     'DWD.Rnw'
    A 'vignettes' directory will be required as from R 3.1.0
    * checking examples ...
Flavor: r-oldrel-windows-ix86+x86_64