CRAN Package Check Results for Package DYM

Last updated on 2022-09-28 07:51:43 CEST.

Flavor Version Tinstall Tcheck Ttotal Status Flags
r-devel-linux-x86_64-debian-clang 0.2 1.96 24.44 26.40 OK
r-devel-linux-x86_64-debian-gcc 0.2 1.70 19.19 20.89 OK
r-devel-linux-x86_64-fedora-clang 0.2 44.65 NOTE
r-devel-linux-x86_64-fedora-gcc 0.2 42.05 OK
r-devel-windows-x86_64 0.2 9.00 53.00 62.00 OK
r-patched-linux-x86_64 0.2 1.78 23.57 25.35 OK
r-release-linux-x86_64 0.2 2.02 23.94 25.96 OK
r-release-macos-arm64 0.2 17.00 OK
r-release-macos-x86_64 0.2 20.00 OK
r-release-windows-x86_64 0.2 12.00 50.00 62.00 OK
r-oldrel-macos-arm64 0.2 18.00 OK
r-oldrel-macos-x86_64 0.2 26.00 OK
r-oldrel-windows-ix86+x86_64 0.2 5.00 49.00 54.00 OK

Check Details

Version: 0.2
Check: Rd cross-references
Result: NOTE
    Undeclared package ‘stringdist’ in Rd xrefs
Flavor: r-devel-linux-x86_64-fedora-clang