CRAN Package Check Results for Package Daim

Last updated on 2014-08-27 11:50:48.

Flavor Version Tinstall Tcheck Ttotal Status Flags
r-devel-linux-x86_64-debian-clang 1.1.0 1.92 27.04 28.96 NOTE
r-devel-linux-x86_64-debian-gcc 1.1.0 2.01 25.78 27.79 NOTE
r-devel-linux-x86_64-fedora-clang 1.1.0 58.48 NOTE
r-devel-linux-x86_64-fedora-gcc 1.1.0 53.91 NOTE
r-devel-osx-x86_64-clang 1.1.0 50.27 NOTE
r-devel-windows-ix86+x86_64 1.1.0 11.00 55.00 66.00 NOTE
r-patched-linux-x86_64 1.1.0 2.08 28.32 30.39 NOTE
r-patched-solaris-sparc 1.1.0 369.10 NOTE
r-patched-solaris-x86 1.1.0 81.80 NOTE
r-release-linux-ix86 1.1.0 2.86 37.41 40.27 OK
r-release-linux-x86_64 1.1.0 2.27 28.62 30.89 OK
r-release-osx-x86_64-mavericks 1.1.0 OK
r-release-osx-x86_64-snowleopard 1.1.0 ERROR
r-release-windows-ix86+x86_64 1.1.0 11.00 62.00 73.00 OK
r-oldrel-windows-ix86+x86_64 1.1.0 12.00 63.00 75.00 OK

Check Details

Version: 1.1.0
Check: dependencies in R code
Result: NOTE
    Package in Depends field not imported from: ‘parallel’
     These packages need to be imported from (in the NAMESPACE file)
     for when this namespace is loaded but not attached.
    See the information on DESCRIPTION files in the chapter ‘Creating R
    packages’ of the ‘Writing R Extensions’ manual.
Flavors: r-devel-linux-x86_64-debian-clang, r-devel-linux-x86_64-debian-gcc, r-devel-linux-x86_64-fedora-clang, r-devel-linux-x86_64-fedora-gcc, r-devel-osx-x86_64-clang, r-devel-windows-ix86+x86_64, r-patched-linux-x86_64, r-patched-solaris-sparc, r-patched-solaris-x86

Version: 1.1.0
Check: R code for possible problems
Result: NOTE
    Daim: no visible global function definition for ‘mclapply’
    Daim: no visible global function definition for ‘clusterSetRNGStream’
    Daim: no visible global function definition for ‘clusterEvalQ’
    Daim: no visible global function definition for ‘clusterApplyLB’
Flavors: r-devel-linux-x86_64-debian-clang, r-devel-linux-x86_64-debian-gcc, r-devel-linux-x86_64-fedora-clang, r-devel-linux-x86_64-fedora-gcc, r-devel-osx-x86_64-clang, r-devel-windows-ix86+x86_64

Version: 1.1.0
Check: whether package can be installed
Result: ERROR
    Installation failed.
Flavor: r-release-osx-x86_64-snowleopard