CRAN Package Check Results for Package Daim

Last updated on 2014-10-22 21:47:21.

Flavor Version Tinstall Tcheck Ttotal Status Flags
r-devel-linux-x86_64-debian-clang 1.1.0 3.09 34.77 37.86 NOTE
r-devel-linux-x86_64-debian-gcc 1.1.0 2.90 35.71 38.60 NOTE
r-devel-linux-x86_64-fedora-clang 1.1.0 73.83 NOTE
r-devel-linux-x86_64-fedora-gcc 1.1.0 69.14 NOTE
r-devel-osx-x86_64-clang 1.1.0 67.02 NOTE
r-devel-windows-ix86+x86_64 1.1.0 15.00 76.00 91.00 NOTE
r-patched-linux-x86_64 1.1.0 2.85 35.86 38.71 NOTE
r-patched-solaris-sparc 1.1.0 399.70 NOTE
r-patched-solaris-x86 1.1.0 92.40 NOTE
r-release-linux-ix86 1.1.0 3.74 48.46 52.20 OK
r-release-linux-x86_64 1.1.0 2.85 38.13 40.98 OK
r-release-osx-x86_64-mavericks 1.1.0 OK
r-release-osx-x86_64-snowleopard 1.1.0 ERROR
r-release-windows-ix86+x86_64 1.1.0 14.00 78.00 92.00 ERROR
r-oldrel-windows-ix86+x86_64 1.1.0 16.00 88.00 104.00 OK

Check Details

Version: 1.1.0
Check: dependencies in R code
Result: NOTE
    Package in Depends field not imported from: ‘parallel’
     These packages need to be imported from (in the NAMESPACE file)
     for when this namespace is loaded but not attached.
    See the information on DESCRIPTION files in the chapter ‘Creating R
    packages’ of the ‘Writing R Extensions’ manual.
Flavors: r-devel-linux-x86_64-debian-clang, r-devel-linux-x86_64-debian-gcc, r-devel-linux-x86_64-fedora-clang, r-devel-linux-x86_64-fedora-gcc, r-devel-osx-x86_64-clang, r-devel-windows-ix86+x86_64, r-patched-linux-x86_64, r-patched-solaris-sparc, r-patched-solaris-x86

Version: 1.1.0
Check: R code for possible problems
Result: NOTE
    Daim: no visible global function definition for ‘mclapply’
    Daim: no visible global function definition for ‘clusterSetRNGStream’
    Daim: no visible global function definition for ‘clusterEvalQ’
    Daim: no visible global function definition for ‘clusterApplyLB’
Flavors: r-devel-linux-x86_64-debian-clang, r-devel-linux-x86_64-debian-gcc, r-devel-linux-x86_64-fedora-clang, r-devel-linux-x86_64-fedora-gcc, r-devel-osx-x86_64-clang, r-devel-windows-ix86+x86_64, r-patched-linux-x86_64, r-patched-solaris-sparc, r-patched-solaris-x86

Version: 1.1.0
Check: whether package can be installed
Result: ERROR
    Installation failed.
Flavor: r-release-osx-x86_64-snowleopard

Version: 1.1.0
Check: running examples for arch 'x64'
Result: ERROR
    Running examples in 'Daim-Ex.R' failed
    The error most likely occurred in:
    
    > ### Name: auc.Daim
    > ### Title: The area under the ROC curve (AUC)
    > ### Aliases: auc auc.Daim
    > ### Keywords: classif manip
    >
    > ### ** Examples
    >
    >
    > data(Daim.data1)
    > perform <- performDaim(Daim.data1$prob.oob, Daim.data1$labels,
    + Daim.data1$prob.app)
    >
    > auc(perform)
    Error in y[, 1] : incorrect number of dimensions
    Calls: auc -> auc.Daim -> sapply -> lapply -> FUN -> auc
    Execution halted
Flavor: r-release-windows-ix86+x86_64