CRAN Package Check Results for Package Daim

Last updated on 2014-04-24 23:48:01.

Flavor Version Tinstall Tcheck Ttotal Status Flags
r-devel-linux-x86_64-debian-clang 1.1.0 2.32 30.76 33.08 OK
r-devel-linux-x86_64-debian-gcc 1.1.0 2.45 31.41 33.86 OK
r-devel-linux-x86_64-fedora-clang 1.1.0 62.32 OK
r-devel-linux-x86_64-fedora-gcc 1.1.0 61.03 OK
r-devel-osx-x86_64-clang 1.1.0 62.28 OK
r-devel-osx-x86_64-gcc 1.1.0 ERROR
r-devel-windows-ix86+x86_64 1.1.0 11.00 57.00 68.00 OK
r-patched-linux-x86_64 1.1.0 2.38 30.28 32.66 OK
r-patched-solaris-sparc 1.1.0 345.50 OK
r-patched-solaris-x86 1.1.0 80.30 OK
r-release-linux-ix86 1.1.0 4.00 61.00 65.00 OK
r-release-linux-x86_64 1.1.0 2.34 30.92 33.26 OK
r-release-osx-x86_64-mavericks 1.1.0 WARN
r-release-osx-x86_64-snowleopard 1.1.0 ERROR
r-release-windows-ix86+x86_64 1.1.0 10.00 63.00 73.00 OK
r-oldrel-windows-ix86+x86_64 1.1.0 11.00 62.00 73.00 OK

Check Details

Version: 1.1.0
Check: package dependencies
Result: ERROR
    Package required but not available: ‘rms’
    
    Package suggested but not available for checking: ‘mboost’
    
    See the information on DESCRIPTION files in the chapter ‘Creating R
    packages’ of the ‘Writing R Extensions’ manual.
Flavor: r-devel-osx-x86_64-gcc

Version: 1.1.0
Check: package dependencies
Result: NOTE
    Package suggested but not available for checking: ‘ipred’
Flavor: r-release-osx-x86_64-mavericks

Version: 1.1.0
Check: PDF version of manual
Result: WARNING
    LaTeX errors when creating PDF version.
    This typically indicates Rd problems.
    LaTeX errors found:
    ! LaTeX Error: File `upquote.sty' not found.
    
    Type X to quit or <RETURN> to proceed,
    or enter new name. (Default extension: sty)
    
    bf7a794/Rd2.tex:8: ==> Fatal error occurred, no output PDF file produced!
Flavor: r-release-osx-x86_64-mavericks

Version: 1.1.0
Check: whether package can be installed
Result: ERROR
    Installation failed.
    See ‘/Volumes/XT3/Builds/R-dev-web/QA/Simon/packages/snowleopard-x86_64/results/3.1/Daim.Rcheck/00install.out’ for details.
Flavor: r-release-osx-x86_64-snowleopard