CRAN Package Check Results for Package Daim

Last updated on 2014-07-26 17:47:08.

Flavor Version Tinstall Tcheck Ttotal Status Flags
r-devel-linux-x86_64-debian-clang 1.1.0 2.10 28.64 30.74 OK
r-devel-linux-x86_64-debian-gcc 1.1.0 2.35 29.00 31.35 OK
r-devel-linux-x86_64-fedora-clang 1.1.0 62.82 OK
r-devel-linux-x86_64-fedora-gcc 1.1.0 60.56 OK
r-devel-osx-x86_64-clang 1.1.0 55.19 OK
r-devel-windows-ix86+x86_64 1.1.0 11.00 56.00 67.00 OK
r-patched-linux-x86_64 1.1.0 2.38 29.13 31.50 OK
r-patched-solaris-sparc 1.1.0 345.50 OK
r-patched-solaris-x86 1.1.0 79.70 OK
r-release-linux-ix86 1.1.0 3.14 37.24 40.38 OK
r-release-linux-x86_64 1.1.0 2.41 28.80 31.21 OK
r-release-osx-x86_64-mavericks 1.1.0 OK
r-release-osx-x86_64-snowleopard 1.1.0 ERROR
r-release-windows-ix86+x86_64 1.1.0 10.00 61.00 71.00 OK
r-oldrel-windows-ix86+x86_64 1.1.0 11.00 64.00 75.00 OK

Check Details

Version: 1.1.0
Check: whether package can be installed
Result: ERROR
    Installation failed.
    See ‘/Volumes/XT3/Builds/R-dev-web/QA/Simon/packages/snowleopard-x86_64/results/3.1/Daim.Rcheck/00install.out’ for details.
Flavor: r-release-osx-x86_64-snowleopard