CRAN Package Check Results for Package Daim

Last updated on 2017-10-21 18:47:06.

Flavor Version Tinstall Tcheck Ttotal Status Flags
r-devel-linux-x86_64-debian-clang 1.1.0 4.68 51.06 55.74 NOTE
r-devel-linux-x86_64-debian-gcc 1.1.0 5.83 57.02 62.85 NOTE
r-devel-linux-x86_64-fedora-clang 1.1.0 125.45 NOTE
r-devel-linux-x86_64-fedora-gcc 1.1.0 124.01 NOTE
r-devel-windows-ix86+x86_64 1.1.0 21.00 110.00 131.00 NOTE
r-patched-linux-x86_64 1.1.0 4.96 55.20 60.17 NOTE
r-patched-solaris-x86 1.1.0 169.80 NOTE
r-release-linux-x86_64 1.1.0 4.94 55.89 60.83 NOTE
r-release-windows-ix86+x86_64 1.1.0 29.00 116.00 145.00 NOTE
r-release-osx-x86_64 1.1.0 NOTE
r-oldrel-windows-ix86+x86_64 1.1.0 15.00 162.00 177.00 NOTE
r-oldrel-osx-x86_64 1.1.0 NOTE

Additional issues

rchk

Check Details

Version: 1.1.0
Check: DESCRIPTION meta-information
Result: NOTE
    Malformed Title field: should not end in a period.
Flavors: r-devel-linux-x86_64-debian-clang, r-devel-linux-x86_64-debian-gcc, r-devel-linux-x86_64-fedora-clang, r-devel-linux-x86_64-fedora-gcc, r-devel-windows-ix86+x86_64, r-patched-linux-x86_64, r-patched-solaris-x86, r-release-linux-x86_64, r-release-windows-ix86+x86_64, r-release-osx-x86_64, r-oldrel-windows-ix86+x86_64, r-oldrel-osx-x86_64

Version: 1.1.0
Check: dependencies in R code
Result: NOTE
    Package in Depends field not imported from: ‘parallel’
     These packages need to be imported from (in the NAMESPACE file)
     for when this namespace is loaded but not attached.
Flavors: r-devel-linux-x86_64-debian-clang, r-devel-linux-x86_64-debian-gcc, r-devel-linux-x86_64-fedora-clang, r-devel-linux-x86_64-fedora-gcc, r-devel-windows-ix86+x86_64, r-patched-linux-x86_64, r-patched-solaris-x86, r-release-linux-x86_64, r-release-windows-ix86+x86_64, r-release-osx-x86_64, r-oldrel-windows-ix86+x86_64, r-oldrel-osx-x86_64

Version: 1.1.0
Check: S3 generic/method consistency
Result: NOTE
    Found the following apparent S3 methods exported but not registered:
     roc.area
    See section ‘Registering S3 methods’ in the ‘Writing R Extensions’
    manual.
Flavors: r-devel-linux-x86_64-debian-clang, r-devel-linux-x86_64-debian-gcc, r-devel-linux-x86_64-fedora-clang, r-devel-linux-x86_64-fedora-gcc, r-patched-linux-x86_64, r-patched-solaris-x86, r-release-linux-x86_64

Version: 1.1.0
Check: R code for possible problems
Result: NOTE
    Daim: no visible global function definition for ‘terms’
    Daim: no visible global function definition for ‘get_all_vars’
    Daim: no visible global function definition for ‘mclapply’
    Daim: no visible global function definition for ‘clusterSetRNGStream’
    Daim: no visible global function definition for ‘clusterEvalQ’
    Daim: no visible global function definition for ‘clusterApplyLB’
    deLong.test: no visible global function definition for ‘cov’
    deLong.test: no visible global function definition for ‘pnorm’
    deLong.test: no visible global function definition for ‘pchisq’
    deLong.test: no visible global function definition for ‘qnorm’
    performDaim.data.frame : <anonymous>: no visible global function
     definition for ‘complete.cases’
    performDaim.matrix : <anonymous>: no visible global function definition
     for ‘complete.cases’
    plot.Daim: no visible global function definition for ‘plot’
    plot.Daim: no visible global function definition for ‘grid’
    plot.Daim: no visible global function definition for ‘lines’
    plot.Daim: no visible global function definition for ‘rgb’
    plot.Daim: no visible global function definition for ‘points’
    plot.Daim.list: no visible global function definition for ‘rgb’
    plot.Daim.list: no visible global function definition for ‘plot’
    plot.Daim.list: no visible global function definition for ‘grid’
    plot.Daim.list: no visible global function definition for ‘lines’
    plot.Daim.list: no visible global function definition for ‘points’
    plot.Daim.vector: no visible global function definition for ‘plot’
    plot.Daim.vector: no visible global function definition for ‘points’
    plot.Daim.vector: no visible global function definition for ‘grid’
    plot.Daim.vector: no visible global function definition for ‘lines’
    plot.Daim.vector: no visible global function definition for ‘legend’
    print.Daim: no visible global function definition for ‘formula’
    print.summary.Daim: no visible global function definition for ‘formula’
    print.summary.survDaim: no visible global function definition for
     ‘formula’
    roc.area.Daim: no visible global function definition for ‘rgb’
    roc.area.Daim: no visible global function definition for ‘plot’
    roc.area.Daim: no visible global function definition for ‘polygon’
    roc.area.Daim: no visible global function definition for ‘lines’
    roc.area.Daim: no visible global function definition for ‘points’
    roc.area.Daim.list: no visible global function definition for ‘rgb’
    roc.area.Daim.list: no visible global function definition for ‘plot’
    roc.area.Daim.list: no visible global function definition for ‘grid’
    roc.area.Daim.list: no visible global function definition for ‘polygon’
    roc.area.Daim.list: no visible global function definition for ‘lines’
    roc.area.Daim.list: no visible global function definition for ‘points’
    roc.area.Daim.vector: no visible global function definition for ‘rgb’
    roc.area.Daim.vector: no visible global function definition for ‘plot’
    roc.area.Daim.vector: no visible global function definition for ‘grid’
    roc.area.Daim.vector: no visible global function definition for
     ‘polygon’
    roc.area.Daim.vector: no visible global function definition for ‘lines’
    roc.area.Daim.vector: no visible global function definition for
     ‘points’
    summary.survDaim : <anonymous>: no visible global function definition
     for ‘quantile’
    Undefined global functions or variables:
     clusterApplyLB clusterEvalQ clusterSetRNGStream complete.cases cov
     formula get_all_vars grid legend lines mclapply pchisq plot pnorm
     points polygon qnorm quantile rgb terms
    Consider adding
     importFrom("grDevices", "rgb")
     importFrom("graphics", "grid", "legend", "lines", "plot", "points",
     "polygon")
     importFrom("stats", "complete.cases", "cov", "formula", "get_all_vars",
     "pchisq", "pnorm", "qnorm", "quantile", "terms")
    to your NAMESPACE file.
Flavors: r-devel-linux-x86_64-debian-clang, r-devel-linux-x86_64-debian-gcc, r-devel-linux-x86_64-fedora-clang, r-devel-linux-x86_64-fedora-gcc, r-devel-windows-ix86+x86_64, r-patched-linux-x86_64, r-patched-solaris-x86, r-release-linux-x86_64, r-release-windows-ix86+x86_64, r-release-osx-x86_64, r-oldrel-windows-ix86+x86_64, r-oldrel-osx-x86_64

Version: 1.1.0
Check: compiled code
Result: NOTE
    File ‘Daim/libs/Daim.so’:
     Found no calls to: ‘R_registerRoutines’, ‘R_useDynamicSymbols’
    
    It is good practice to register native routines and to disable symbol
    search.
    
    See ‘Writing portable packages’ in the ‘Writing R Extensions’ manual.
Flavors: r-devel-linux-x86_64-debian-clang, r-devel-linux-x86_64-debian-gcc, r-devel-linux-x86_64-fedora-clang, r-devel-linux-x86_64-fedora-gcc, r-patched-linux-x86_64, r-release-linux-x86_64