CRAN Package Check Results for Package Daim

Last updated on 2015-03-01 19:48:01.

Flavor Version Tinstall Tcheck Ttotal Status Flags
r-devel-linux-x86_64-debian-clang 1.1.0 2.42 31.12 33.55 NOTE
r-devel-linux-x86_64-debian-gcc 1.1.0 2.54 27.84 30.38 NOTE
r-devel-linux-x86_64-fedora-clang 1.1.0 62.80 NOTE
r-devel-linux-x86_64-fedora-gcc 1.1.0 60.49 NOTE
r-devel-osx-x86_64-clang 1.1.0 61.43 NOTE
r-devel-windows-ix86+x86_64 1.1.0 12.00 65.00 77.00 NOTE
r-patched-linux-x86_64 1.1.0 6.16 51.29 57.45 NOTE
r-patched-solaris-sparc 1.1.0 439.00 NOTE
r-patched-solaris-x86 1.1.0 133.70 NOTE
r-release-linux-ix86 1.1.0 5.00 76.95 81.95 NOTE
r-release-linux-x86_64 1.1.0 6.70 52.42 59.12 NOTE
r-release-osx-x86_64-mavericks 1.1.0 NOTE
r-release-osx-x86_64-snowleopard 1.1.0 ERROR
r-release-windows-ix86+x86_64 1.1.0 22.00 128.00 150.00 NOTE
r-oldrel-windows-ix86+x86_64 1.1.0 20.00 126.00 146.00 OK

Check Details

Version: 1.1.0
Check: DESCRIPTION meta-information
Result: NOTE
    Malformed Title field: should not end in a period.
Flavors: r-devel-linux-x86_64-debian-clang, r-devel-linux-x86_64-debian-gcc, r-devel-linux-x86_64-fedora-clang, r-devel-linux-x86_64-fedora-gcc, r-devel-osx-x86_64-clang, r-devel-windows-ix86+x86_64

Version: 1.1.0
Check: dependencies in R code
Result: NOTE
    Package in Depends field not imported from: ‘parallel’
     These packages need to be imported from (in the NAMESPACE file)
     for when this namespace is loaded but not attached.
Flavors: r-devel-linux-x86_64-debian-clang, r-devel-linux-x86_64-debian-gcc, r-devel-linux-x86_64-fedora-clang, r-devel-linux-x86_64-fedora-gcc, r-devel-osx-x86_64-clang, r-devel-windows-ix86+x86_64, r-patched-linux-x86_64, r-patched-solaris-x86

Version: 1.1.0
Check: S3 generic/method consistency
Result: NOTE
    Found the following apparent S3 methods exported but not registered:
     roc.area
    See section ‘Registering S3 methods’ in the ‘Writing R Extensions’
    manual.
Flavors: r-devel-linux-x86_64-debian-clang, r-devel-linux-x86_64-debian-gcc, r-devel-linux-x86_64-fedora-clang, r-devel-linux-x86_64-fedora-gcc, r-devel-osx-x86_64-clang

Version: 1.1.0
Check: R code for possible problems
Result: NOTE
    Daim: no visible global function definition for ‘mclapply’
    Daim: no visible global function definition for ‘clusterSetRNGStream’
    Daim: no visible global function definition for ‘clusterEvalQ’
    Daim: no visible global function definition for ‘clusterApplyLB’
Flavors: r-devel-linux-x86_64-debian-clang, r-devel-linux-x86_64-debian-gcc, r-devel-linux-x86_64-fedora-clang, r-devel-linux-x86_64-fedora-gcc, r-devel-osx-x86_64-clang, r-devel-windows-ix86+x86_64, r-patched-linux-x86_64, r-patched-solaris-sparc, r-patched-solaris-x86, r-release-linux-ix86, r-release-linux-x86_64, r-release-osx-x86_64-mavericks, r-release-windows-ix86+x86_64

Version: 1.1.0
Check: dependencies in R code
Result: NOTE
    Package in Depends field not imported from: ‘parallel’
     These packages need to be imported from (in the NAMESPACE file)
     for when this namespace is loaded but not attached.
    See the information on DESCRIPTION files in the chapter ‘Creating R
    packages’ of the ‘Writing R Extensions’ manual.
Flavors: r-patched-solaris-sparc, r-release-linux-ix86, r-release-linux-x86_64, r-release-osx-x86_64-mavericks, r-release-windows-ix86+x86_64

Version: 1.1.0
Check: whether package can be installed
Result: ERROR
    Installation failed.
Flavor: r-release-osx-x86_64-snowleopard