CRAN Package Check Results for Package Daim

Last updated on 2015-05-25 03:47:35.

Flavor Version Tinstall Tcheck Ttotal Status Flags
r-devel-linux-x86_64-debian-clang 1.1.0 2.43 29.49 31.92 NOTE
r-devel-linux-x86_64-debian-gcc 1.1.0 2.55 27.91 30.46 NOTE
r-devel-linux-x86_64-fedora-clang 1.1.0 63.48 NOTE
r-devel-linux-x86_64-fedora-gcc 1.1.0 60.26 NOTE
r-devel-osx-x86_64-clang 1.1.0 56.68 NOTE
r-devel-windows-ix86+x86_64 1.1.0 13.00 66.00 79.00 NOTE
r-patched-linux-x86_64 1.1.0 2.57 28.01 30.58 NOTE
r-patched-solaris-sparc 1.1.0 377.00 NOTE
r-patched-solaris-x86 1.1.0 84.70 NOTE
r-release-linux-x86_64 1.1.0 2.54 28.65 31.20 NOTE
r-release-osx-x86_64-mavericks 1.1.0 NOTE
r-release-osx-x86_64-snowleopard 1.1.0 ERROR
r-release-windows-ix86+x86_64 1.1.0 15.00 61.00 76.00 NOTE
r-oldrel-windows-ix86+x86_64 1.1.0 27.00 137.00 164.00 NOTE

Check Details

Version: 1.1.0
Check: DESCRIPTION meta-information
Result: NOTE
    Malformed Title field: should not end in a period.
Flavors: r-devel-linux-x86_64-debian-clang, r-devel-linux-x86_64-debian-gcc, r-devel-linux-x86_64-fedora-clang, r-devel-linux-x86_64-fedora-gcc, r-devel-osx-x86_64-clang, r-devel-windows-ix86+x86_64, r-patched-linux-x86_64, r-patched-solaris-sparc, r-patched-solaris-x86, r-release-linux-x86_64, r-release-osx-x86_64-mavericks, r-release-windows-ix86+x86_64

Version: 1.1.0
Check: dependencies in R code
Result: NOTE
    Package in Depends field not imported from: ‘parallel’
     These packages need to be imported from (in the NAMESPACE file)
     for when this namespace is loaded but not attached.
Flavors: r-devel-linux-x86_64-debian-clang, r-devel-linux-x86_64-debian-gcc, r-devel-linux-x86_64-fedora-clang, r-devel-linux-x86_64-fedora-gcc, r-devel-osx-x86_64-clang, r-devel-windows-ix86+x86_64, r-patched-linux-x86_64, r-patched-solaris-sparc, r-patched-solaris-x86, r-release-linux-x86_64, r-release-osx-x86_64-mavericks, r-release-windows-ix86+x86_64, r-oldrel-windows-ix86+x86_64

Version: 1.1.0
Check: S3 generic/method consistency
Result: NOTE
    Found the following apparent S3 methods exported but not registered:
     roc.area
    See section ‘Registering S3 methods’ in the ‘Writing R Extensions’
    manual.
Flavors: r-devel-linux-x86_64-debian-clang, r-devel-linux-x86_64-debian-gcc, r-devel-linux-x86_64-fedora-clang, r-devel-linux-x86_64-fedora-gcc, r-devel-osx-x86_64-clang, r-patched-linux-x86_64, r-patched-solaris-sparc, r-patched-solaris-x86, r-release-linux-x86_64

Version: 1.1.0
Check: R code for possible problems
Result: NOTE
    Daim: no visible global function definition for ‘mclapply’
    Daim: no visible global function definition for ‘clusterSetRNGStream’
    Daim: no visible global function definition for ‘clusterEvalQ’
    Daim: no visible global function definition for ‘clusterApplyLB’
Flavors: r-devel-linux-x86_64-debian-clang, r-devel-linux-x86_64-debian-gcc, r-devel-linux-x86_64-fedora-clang, r-devel-linux-x86_64-fedora-gcc, r-devel-osx-x86_64-clang, r-devel-windows-ix86+x86_64, r-patched-linux-x86_64, r-patched-solaris-sparc, r-patched-solaris-x86, r-release-linux-x86_64, r-release-osx-x86_64-mavericks, r-release-windows-ix86+x86_64, r-oldrel-windows-ix86+x86_64

Version: 1.1.0
Check: package dependencies
Result: ERROR
    Package required but not available: ‘rms’
    
    Package suggested but not available for checking: ‘mboost’
    
    See section ‘The DESCRIPTION file’ in the ‘Writing R Extensions’
    manual.
Flavor: r-release-osx-x86_64-snowleopard