CRAN Package Check Results for Package Daim

Last updated on 2014-12-18 03:50:25.

Flavor Version Tinstall Tcheck Ttotal Status Flags
r-devel-linux-x86_64-debian-clang 1.1.0 2.56 35.23 37.79 NOTE
r-devel-linux-x86_64-debian-gcc 1.1.0 2.70 34.43 37.13 NOTE
r-devel-linux-x86_64-fedora-clang 1.1.0 75.04 NOTE
r-devel-linux-x86_64-fedora-gcc 1.1.0 68.82 NOTE
r-devel-osx-x86_64-clang 1.1.0 64.69 NOTE
r-devel-windows-ix86+x86_64 1.1.0 16.00 81.00 97.00 NOTE
r-patched-linux-x86_64 1.1.0 2.93 36.39 39.32 NOTE
r-patched-solaris-sparc 1.1.0 399.70 NOTE
r-patched-solaris-x86 1.1.0 94.40 NOTE
r-release-linux-ix86 1.1.0 3.56 43.75 47.30 NOTE
r-release-linux-x86_64 1.1.0 2.80 36.66 39.46 NOTE
r-release-osx-x86_64-mavericks 1.1.0 OK
r-release-osx-x86_64-snowleopard 1.1.0 ERROR
r-release-windows-ix86+x86_64 1.1.0 18.00 87.00 105.00 NOTE
r-oldrel-windows-ix86+x86_64 1.1.0 15.00 92.00 107.00 OK

Check Details

Version: 1.1.0
Check: dependencies in R code
Result: NOTE
    Package in Depends field not imported from: ‘parallel’
     These packages need to be imported from (in the NAMESPACE file)
     for when this namespace is loaded but not attached.
    See the information on DESCRIPTION files in the chapter ‘Creating R
    packages’ of the ‘Writing R Extensions’ manual.
Flavors: r-devel-linux-x86_64-debian-clang, r-devel-linux-x86_64-debian-gcc, r-devel-linux-x86_64-fedora-clang, r-devel-linux-x86_64-fedora-gcc, r-devel-osx-x86_64-clang, r-devel-windows-ix86+x86_64, r-patched-linux-x86_64, r-patched-solaris-sparc, r-patched-solaris-x86, r-release-linux-ix86, r-release-linux-x86_64, r-release-windows-ix86+x86_64

Version: 1.1.0
Check: R code for possible problems
Result: NOTE
    Daim: no visible global function definition for ‘mclapply’
    Daim: no visible global function definition for ‘clusterSetRNGStream’
    Daim: no visible global function definition for ‘clusterEvalQ’
    Daim: no visible global function definition for ‘clusterApplyLB’
Flavors: r-devel-linux-x86_64-debian-clang, r-devel-linux-x86_64-debian-gcc, r-devel-linux-x86_64-fedora-clang, r-devel-linux-x86_64-fedora-gcc, r-devel-osx-x86_64-clang, r-devel-windows-ix86+x86_64, r-patched-linux-x86_64, r-patched-solaris-sparc, r-patched-solaris-x86, r-release-linux-ix86, r-release-linux-x86_64, r-release-windows-ix86+x86_64

Version: 1.1.0
Check: whether package can be installed
Result: ERROR
    Installation failed.
Flavor: r-release-osx-x86_64-snowleopard