CRAN Package Check Results for Package DandEFA

Last updated on 2015-07-05 15:46:23.

Flavor Version Tinstall Tcheck Ttotal Status Flags
r-devel-linux-x86_64-debian-clang 1.5 0.62 14.14 14.76 NOTE
r-devel-linux-x86_64-debian-gcc 1.5 0.61 13.62 14.23 NOTE
r-devel-linux-x86_64-fedora-clang 1.5 27.24 NOTE
r-devel-linux-x86_64-fedora-gcc 1.5 25.66 NOTE
r-devel-osx-x86_64-clang 1.5 27.06 NOTE
r-devel-windows-ix86+x86_64 1.5 3.00 26.00 29.00 NOTE
r-patched-linux-x86_64 1.5 0.65 13.65 14.30 NOTE
r-patched-solaris-sparc 1.5 184.00 NOTE
r-patched-solaris-x86 1.5 43.60 NOTE
r-release-linux-x86_64 1.5 0.71 14.27 14.98 NOTE
r-release-osx-x86_64-mavericks 1.5 NOTE
r-release-windows-ix86+x86_64 1.5 4.00 26.00 30.00 NOTE
r-oldrel-windows-ix86+x86_64 1.5 9.00 35.00 44.00 OK

Check Details

Version: 1.5
Check: DESCRIPTION meta-information
Result: NOTE
    Malformed Description field: should contain one or more complete sentences.
Flavors: r-devel-linux-x86_64-debian-clang, r-devel-linux-x86_64-debian-gcc, r-devel-linux-x86_64-fedora-clang, r-devel-linux-x86_64-fedora-gcc, r-devel-osx-x86_64-clang, r-devel-windows-ix86+x86_64, r-patched-linux-x86_64, r-patched-solaris-sparc, r-patched-solaris-x86, r-release-linux-x86_64, r-release-osx-x86_64-mavericks, r-release-windows-ix86+x86_64

Version: 1.5
Check: R code for possible problems
Result: NOTE
    dandelion : load_grid: no visible global function definition for
     ‘polygon’
    dandelion: no visible global function definition for ‘par’
    dandelion: no visible global function definition for ‘layout’
    dandelion: no visible global function definition for ‘plot’
    dandelion: no visible global function definition for ‘lines’
    dandelion: no visible global function definition for ‘polygon’
    dandelion: no visible global function definition for ‘text’
    dandelion: no visible global function definition for ‘legend’
    dandelion: no visible global function definition for ‘title’
    factload: no visible global function definition for ‘cor’
    factload: no visible global function definition for ‘factanal’
    factload: no visible global function definition for ‘varimax’
    factload: no visible global function definition for ‘promax’
    Undefined global functions or variables:
     cor factanal layout legend lines par plot polygon promax text title
     varimax
Flavors: r-devel-linux-x86_64-debian-clang, r-devel-linux-x86_64-debian-gcc, r-devel-linux-x86_64-fedora-clang, r-devel-linux-x86_64-fedora-gcc, r-devel-windows-ix86+x86_64