CRAN Package Check Results for Package DandEFA

Last updated on 2015-05-28 05:46:47.

Flavor Version Tinstall Tcheck Ttotal Status Flags
r-devel-linux-x86_64-debian-clang 1.5 0.69 14.54 15.22 NOTE
r-devel-linux-x86_64-debian-gcc 1.5 0.64 14.42 15.06 NOTE
r-devel-linux-x86_64-fedora-clang 1.5 28.12 NOTE
r-devel-linux-x86_64-fedora-gcc 1.5 26.55 NOTE
r-devel-osx-x86_64-clang 1.5 30.03 NOTE
r-devel-windows-ix86+x86_64 1.5 3.00 25.00 28.00 NOTE
r-patched-linux-x86_64 1.5 0.62 13.79 14.41 NOTE
r-patched-solaris-sparc 1.5 184.00 NOTE
r-patched-solaris-x86 1.5 43.20 NOTE
r-release-linux-x86_64 1.5 0.75 13.98 14.74 NOTE
r-release-osx-x86_64-mavericks 1.5 NOTE
r-release-osx-x86_64-snowleopard 1.5 NOTE
r-release-windows-ix86+x86_64 1.5 3.00 24.00 27.00 NOTE
r-oldrel-windows-ix86+x86_64 1.5 6.00 55.00 61.00 OK

Check Details

Version: 1.5
Check: DESCRIPTION meta-information
Result: NOTE
    Malformed Description field: should contain one or more complete sentences.
Flavors: r-devel-linux-x86_64-debian-clang, r-devel-linux-x86_64-debian-gcc, r-devel-linux-x86_64-fedora-clang, r-devel-linux-x86_64-fedora-gcc, r-devel-osx-x86_64-clang, r-devel-windows-ix86+x86_64, r-patched-linux-x86_64, r-patched-solaris-sparc, r-patched-solaris-x86, r-release-linux-x86_64, r-release-osx-x86_64-mavericks, r-release-osx-x86_64-snowleopard, r-release-windows-ix86+x86_64