CRAN Package Check Results for Package DandEFA

Last updated on 2014-04-19 23:49:51.

Flavor Version Tinstall Tcheck Ttotal Status Flags
r-devel-linux-x86_64-debian-clang 1.4 0.84 19.12 19.96 OK
r-devel-linux-x86_64-debian-gcc 1.4 0.88 18.68 19.56 OK
r-devel-linux-x86_64-fedora-clang 1.4 37.87 OK
r-devel-linux-x86_64-fedora-gcc 1.4 35.42 OK
r-devel-macosx-x86_64-clang 1.4 43.54 OK
r-devel-macosx-x86_64-gcc 1.4 OK
r-devel-windows-ix86+x86_64 1.4 5.00 28.00 33.00 OK
r-patched-linux-x86_64 1.4 0.89 18.42 19.30 OK
r-patched-solaris-sparc 1.4 210.50 OK
r-patched-solaris-x86 1.4 49.80 OK
r-release-linux-ix86 OK
r-release-linux-x86_64 1.4 0.85 18.40 19.25 OK
r-release-macosx-x86_64 1.4 ERROR
r-release-windows-ix86+x86_64 1.4 5.00 31.00 36.00 OK
r-oldrel-windows-ix86+x86_64 1.4 5.00 31.00 36.00 OK

Check Details

Version: 1.4
Check: whether package can be installed
Result: ERROR
    Installation failed.
    See ‘/Volumes/XT3/Builds/R-dev-web/QA/Simon/packages/snowleopard-x86_64/results/3.1/DandEFA.Rcheck/00install.out’ for details.
Flavor: r-release-macosx-x86_64