CRAN Package Check Results for Package DandEFA

Last updated on 2015-08-02 11:47:16.

Flavor Version Tinstall Tcheck Ttotal Status Flags
r-devel-linux-x86_64-debian-clang 1.5 0.61 14.19 14.80 NOTE
r-devel-linux-x86_64-debian-gcc 1.5 0.64 13.73 14.37 NOTE
r-devel-linux-x86_64-fedora-clang 1.5 28.95 NOTE
r-devel-linux-x86_64-fedora-gcc 1.5 26.83 NOTE
r-devel-osx-x86_64-clang 1.5 26.78 NOTE
r-devel-windows-ix86+x86_64 1.5 3.00 26.00 29.00 NOTE
r-patched-linux-x86_64 1.5 0.65 14.05 14.70 NOTE
r-patched-solaris-sparc 1.5 201.90 NOTE
r-patched-solaris-x86 1.5 44.10 NOTE
r-release-linux-x86_64 1.5 0.64 14.24 14.88 NOTE
r-release-osx-x86_64-mavericks 1.5 NOTE
r-release-windows-ix86+x86_64 1.5 5.00 44.00 49.00 NOTE
r-oldrel-windows-ix86+x86_64 1.5 7.00 35.00 42.00 OK

Check Details

Version: 1.5
Check: DESCRIPTION meta-information
Result: NOTE
    Malformed Description field: should contain one or more complete sentences.
Flavors: r-devel-linux-x86_64-debian-clang, r-devel-linux-x86_64-debian-gcc, r-devel-linux-x86_64-fedora-clang, r-devel-linux-x86_64-fedora-gcc, r-devel-osx-x86_64-clang, r-devel-windows-ix86+x86_64, r-patched-linux-x86_64, r-patched-solaris-sparc, r-patched-solaris-x86, r-release-linux-x86_64, r-release-osx-x86_64-mavericks, r-release-windows-ix86+x86_64

Version: 1.5
Check: R code for possible problems
Result: NOTE
    dandelion : load_grid: no visible global function definition for
     ‘polygon’
    dandelion: no visible global function definition for ‘par’
    dandelion: no visible global function definition for ‘layout’
    dandelion: no visible global function definition for ‘plot’
    dandelion: no visible global function definition for ‘lines’
    dandelion: no visible global function definition for ‘polygon’
    dandelion: no visible global function definition for ‘text’
    dandelion: no visible global function definition for ‘legend’
    dandelion: no visible global function definition for ‘title’
    factload: no visible global function definition for ‘cor’
    factload: no visible global function definition for ‘factanal’
    factload: no visible global function definition for ‘varimax’
    factload: no visible global function definition for ‘promax’
    Undefined global functions or variables:
     cor factanal layout legend lines par plot polygon promax text title
     varimax
    Consider adding
     importFrom("graphics", "layout", "legend", "lines", "par", "plot",
     "polygon", "text", "title")
     importFrom("stats", "cor", "factanal", "promax", "varimax")
    to your NAMESPACE.
Flavors: r-devel-linux-x86_64-debian-clang, r-devel-linux-x86_64-debian-gcc, r-devel-linux-x86_64-fedora-clang, r-devel-linux-x86_64-fedora-gcc, r-devel-windows-ix86+x86_64