CRAN Package Check Results for Package DandEFA

Last updated on 2015-03-28 09:48:13.

Flavor Version Tinstall Tcheck Ttotal Status Flags
r-devel-linux-x86_64-debian-clang 1.5 0.75 15.00 15.75 NOTE
r-devel-linux-x86_64-debian-gcc 1.5 0.68 14.11 14.80 NOTE
r-devel-linux-x86_64-fedora-clang 1.5 29.40 NOTE
r-devel-linux-x86_64-fedora-gcc 1.5 28.59 NOTE
r-devel-osx-x86_64-clang 1.5 35.42 NOTE
r-prerel-windows-ix86+x86_64 1.5 3.00 27.00 30.00 NOTE
r-prerel-linux-x86_64 1.5 0.65 14.37 15.02 NOTE
r-prerel-solaris-sparc 1.5 205.60 NOTE
r-prerel-solaris-x86 1.5 43.00 NOTE
r-release-linux-x86_64 1.5 1.07 18.76 19.83 OK
r-release-osx-x86_64-mavericks 1.5 OK
r-release-osx-x86_64-snowleopard 1.5 OK
r-release-windows-ix86+x86_64 1.5 5.00 34.00 39.00 OK
r-oldrel-windows-ix86+x86_64 1.4 4.00 31.00 35.00 OK

Check Details

Version: 1.5
Check: DESCRIPTION meta-information
Result: NOTE
    Malformed Description field: should contain one or more complete sentences.
Flavors: r-devel-linux-x86_64-debian-clang, r-devel-linux-x86_64-debian-gcc, r-devel-linux-x86_64-fedora-clang, r-devel-linux-x86_64-fedora-gcc, r-devel-osx-x86_64-clang, r-prerel-windows-ix86+x86_64, r-prerel-linux-x86_64, r-prerel-solaris-sparc, r-prerel-solaris-x86