CRAN Package Check Results for Package DandEFA

Last updated on 2015-02-27 05:47:58.

Flavor Version Tinstall Tcheck Ttotal Status Flags
r-devel-linux-x86_64-debian-clang 1.5 0.63 14.76 15.39 NOTE
r-devel-linux-x86_64-debian-gcc 1.5 0.63 13.80 14.44 NOTE
r-devel-linux-x86_64-fedora-clang 1.5 29.02 NOTE
r-devel-linux-x86_64-fedora-gcc 1.5 26.63 NOTE
r-devel-osx-x86_64-clang 1.5 33.07 NOTE
r-devel-windows-ix86+x86_64 1.5 5.00 25.00 30.00 NOTE
r-patched-linux-x86_64 1.5 1.00 19.17 20.17 OK
r-patched-solaris-sparc 1.5 240.70 OK
r-patched-solaris-x86 1.5 54.20 OK
r-release-linux-ix86 1.5 1.18 32.56 33.74 OK
r-release-linux-x86_64 1.5 1.34 19.78 21.12 OK
r-release-osx-x86_64-mavericks 1.5 OK
r-release-osx-x86_64-snowleopard 1.5 OK
r-release-windows-ix86+x86_64 1.5 6.00 33.00 39.00 OK
r-oldrel-windows-ix86+x86_64 1.4 4.00 31.00 35.00 OK

Check Details

Version: 1.5
Check: DESCRIPTION meta-information
Result: NOTE
    Malformed Description field: should contain one or more complete sentences.
Flavors: r-devel-linux-x86_64-debian-clang, r-devel-linux-x86_64-debian-gcc, r-devel-linux-x86_64-fedora-clang, r-devel-linux-x86_64-fedora-gcc, r-devel-osx-x86_64-clang, r-devel-windows-ix86+x86_64