CRAN Package Check Results for Package DatABEL

Last updated on 2017-02-23 11:48:42.

Flavor Version Tinstall Tcheck Ttotal Status Flags
r-devel-linux-x86_64-debian-clang 0.9-6 11.39 18.27 29.66 NOTE
r-devel-linux-x86_64-debian-gcc 0.9-6 16.13 18.09 34.22 NOTE
r-devel-linux-x86_64-fedora-clang 0.9-6 64.11 NOTE --no-stop-on-test-error
r-devel-linux-x86_64-fedora-gcc 0.9-6 64.68 NOTE --no-stop-on-test-error
r-devel-macos-x86_64-clang 0.9-6 47.71 NOTE --no-stop-on-test-error
r-devel-windows-ix86+x86_64 0.9-6 74.00 112.00 186.00 NOTE
r-patched-linux-x86_64 0.9-6 13.51 15.13 28.64 NOTE
r-patched-solaris-sparc 0.9-6 307.00 NOTE
r-patched-solaris-x86 0.9-6 87.40 NOTE
r-release-linux-x86_64 0.9-6 13.40 15.57 28.98 NOTE
r-release-osx-x86_64-mavericks 0.9-6 NOTE
r-release-windows-ix86+x86_64 0.9-6 86.00 71.00 157.00 NOTE
r-oldrel-windows-ix86+x86_64 0.9-6 69.00 53.00 122.00 OK

Memtest notes: valgrind valgrind

Check Details

Version: 0.9-6
Check: R code for possible problems
Result: NOTE
    get_temporary_file_name: no visible global function definition for
     ‘runif’
    Undefined global functions or variables:
     runif
    Consider adding
     importFrom("stats", "runif")
    to your NAMESPACE file.
Flavors: r-devel-linux-x86_64-debian-clang, r-devel-linux-x86_64-debian-gcc, r-devel-windows-ix86+x86_64, r-patched-linux-x86_64, r-patched-solaris-sparc, r-patched-solaris-x86, r-release-linux-x86_64, r-release-osx-x86_64-mavericks, r-release-windows-ix86+x86_64

Version: 0.9-6
Check: compiled code
Result: NOTE
    File ‘DatABEL/libs/DatABEL.so’:
     Found no calls to: ‘R_registerRoutines’, ‘R_useDynamicSymbols’
    
    It is good practice to register native routines and to disable symbol
    search.
    
    See ‘Writing portable packages’ in the ‘Writing R Extensions’ manual.
Flavors: r-devel-linux-x86_64-debian-clang, r-devel-linux-x86_64-debian-gcc

Version: 0.9-6
Flags: --no-stop-on-test-error
Check: R code for possible problems
Result: NOTE
    get_temporary_file_name: no visible global function definition for
     ‘runif’
    Undefined global functions or variables:
     runif
    Consider adding
     importFrom("stats", "runif")
    to your NAMESPACE file.
Flavors: r-devel-linux-x86_64-fedora-clang, r-devel-linux-x86_64-fedora-gcc, r-devel-macos-x86_64-clang

Version: 0.9-6
Flags: --no-stop-on-test-error
Check: compiled code
Result: NOTE
    File ‘DatABEL/libs/DatABEL.so’:
     Found no calls to: ‘R_registerRoutines’, ‘R_useDynamicSymbols’
    
    It is good practice to register native routines and to disable symbol
    search.
    
    See ‘Writing portable packages’ in the ‘Writing R Extensions’ manual.
Flavors: r-devel-linux-x86_64-fedora-clang, r-devel-linux-x86_64-fedora-gcc, r-devel-macos-x86_64-clang