CRAN Package Check Results for Package DatABEL

Last updated on 2014-07-25 23:48:34.

Flavor Version Tinstall Tcheck Ttotal Status Flags
r-devel-linux-x86_64-debian-clang 0.9-4 7.95 1.60 9.55 ERROR
r-devel-linux-x86_64-debian-gcc 0.9-4 14.27 1.54 15.80 ERROR
r-devel-linux-x86_64-fedora-clang 0.9-4 31.09 ERROR
r-devel-linux-x86_64-fedora-gcc 0.9-4 29.85 ERROR
r-devel-osx-x86_64-clang 0.9-4 22.34 ERROR
r-devel-windows-ix86+x86_64 0.9-4 45.00 1.00 46.00 ERROR
r-patched-linux-x86_64 0.9-4 14.68 1.60 16.28 ERROR
r-patched-solaris-sparc 0.9-4 141.80 ERROR
r-patched-solaris-x86 0.9-4 45.40 ERROR
r-release-linux-ix86 0.9-4 21.90 24.64 46.54 OK
r-release-linux-x86_64 0.9-4 14.26 1.47 15.73 ERROR
r-release-osx-x86_64-mavericks 0.9-4 OK
r-release-windows-ix86+x86_64 0.9-4 46.00 1.00 47.00 ERROR
r-oldrel-windows-ix86+x86_64 0.9-4 45.00 1.00 46.00 ERROR

Check Details

Version: 0.9-4
Check: whether package can be installed
Result: ERROR
    Installation failed.
    See ‘/home/hornik/tmp/R.check/r-devel-clang/Work/PKGS/DatABEL.Rcheck/00install.out’ for details.
Flavor: r-devel-linux-x86_64-debian-clang

Version: 0.9-4
Check: whether package can be installed
Result: ERROR
    Installation failed.
    See ‘/home/hornik/tmp/R.check/r-devel-gcc/Work/PKGS/DatABEL.Rcheck/00install.out’ for details.
Flavor: r-devel-linux-x86_64-debian-gcc

Version: 0.9-4
Check: whether package can be installed
Result: ERROR
    Installation failed.
    See ‘/data/gannet/ripley/R/packages/tests-clang/DatABEL.Rcheck/00install.out’ for details.
Flavor: r-devel-linux-x86_64-fedora-clang

Version: 0.9-4
Check: whether package can be installed
Result: ERROR
    Installation failed.
    See ‘/data/gannet/ripley/R/packages/tests-devel/DatABEL.Rcheck/00install.out’ for details.
Flavor: r-devel-linux-x86_64-fedora-gcc

Version: 0.9-4
Check: whether package can be installed
Result: ERROR
    Installation failed.
    See ‘/Users/ripley/R/packages/tests-devel/DatABEL.Rcheck/00install.out’ for details.
Flavor: r-devel-osx-x86_64-clang

Version: 0.9-4
Check: whether package can be installed
Result: ERROR
    Installation failed.
    See 'd:/Rcompile/CRANpkg/local/3.2/DatABEL.Rcheck/00install.out' for details.
Flavor: r-devel-windows-ix86+x86_64

Version: 0.9-4
Check: whether package can be installed
Result: ERROR
    Installation failed.
    See ‘/home/hornik/tmp/R.check/r-patched-gcc/Work/PKGS/DatABEL.Rcheck/00install.out’ for details.
Flavor: r-patched-linux-x86_64

Version: 0.9-4
Check: whether package can be installed
Result: ERROR
    Installation failed.
    See ‘/home/ripley/R/packages/tests32/DatABEL.Rcheck/00install.out’ for details.
Flavors: r-patched-solaris-sparc, r-patched-solaris-x86

Version: 0.9-4
Check: whether package can be installed
Result: ERROR
    Installation failed.
    See ‘/home/hornik/tmp/R.check/r-release-gcc/Work/PKGS/DatABEL.Rcheck/00install.out’ for details.
Flavor: r-release-linux-x86_64

Version: 0.9-4
Check: whether package can be installed
Result: ERROR
    Installation failed.
    See 'd:/Rcompile/CRANpkg/local/3.1/DatABEL.Rcheck/00install.out' for details.
Flavor: r-release-windows-ix86+x86_64

Version: 0.9-4
Check: whether package can be installed
Result: ERROR
    Installation failed.
    See 'd:/Rcompile/CRANpkg/local/3.0/DatABEL.Rcheck/00install.out' for details.
Flavor: r-oldrel-windows-ix86+x86_64