CRAN Package Check Results for Package DatABEL

Last updated on 2017-03-28 23:50:16.

Flavor Version Tinstall Tcheck Ttotal Status Flags
r-devel-linux-x86_64-debian-clang 0.9-6 11.95 18.09 30.03 NOTE
r-devel-linux-x86_64-debian-gcc 0.9-6 15.27 17.77 33.04 NOTE
r-devel-linux-x86_64-fedora-clang 0.9-6 68.38 NOTE --no-stop-on-test-error
r-devel-linux-x86_64-fedora-gcc 0.9-6 64.29 NOTE --no-stop-on-test-error
r-devel-macos-x86_64-clang 0.9-6 46.98 NOTE --no-stop-on-test-error
r-devel-windows-ix86+x86_64 0.9-6 53.00 53.00 106.00 NOTE
r-patched-linux-x86_64 0.9-6 13.86 18.05 31.91 NOTE
r-patched-solaris-sparc 0.9-6 411.90 NOTE
r-patched-solaris-x86 0.9-6 100.90 NOTE
r-release-linux-x86_64 0.9-6 13.29 15.09 28.38 NOTE
r-release-osx-x86_64-mavericks 0.9-6 NOTE
r-release-windows-ix86+x86_64 0.9-6 74.00 55.00 129.00 NOTE
r-oldrel-windows-ix86+x86_64 0.9-6 50.00 67.00 117.00 OK

Memtest notes: valgrind valgrind

Check Details

Version: 0.9-6
Check: R code for possible problems
Result: NOTE
    get_temporary_file_name: no visible global function definition for
     ‘runif’
    Undefined global functions or variables:
     runif
    Consider adding
     importFrom("stats", "runif")
    to your NAMESPACE file.
Flavors: r-devel-linux-x86_64-debian-clang, r-devel-linux-x86_64-debian-gcc, r-devel-windows-ix86+x86_64, r-patched-linux-x86_64, r-patched-solaris-sparc, r-patched-solaris-x86, r-release-linux-x86_64, r-release-osx-x86_64-mavericks, r-release-windows-ix86+x86_64

Version: 0.9-6
Check: compiled code
Result: NOTE
    File ‘DatABEL/libs/DatABEL.so’:
     Found no calls to: ‘R_registerRoutines’, ‘R_useDynamicSymbols’
    
    It is good practice to register native routines and to disable symbol
    search.
    
    See ‘Writing portable packages’ in the ‘Writing R Extensions’ manual.
Flavors: r-devel-linux-x86_64-debian-clang, r-devel-linux-x86_64-debian-gcc, r-patched-linux-x86_64

Version: 0.9-6
Flags: --no-stop-on-test-error
Check: R code for possible problems
Result: NOTE
    get_temporary_file_name: no visible global function definition for
     ‘runif’
    Undefined global functions or variables:
     runif
    Consider adding
     importFrom("stats", "runif")
    to your NAMESPACE file.
Flavors: r-devel-linux-x86_64-fedora-clang, r-devel-linux-x86_64-fedora-gcc, r-devel-macos-x86_64-clang

Version: 0.9-6
Flags: --no-stop-on-test-error
Check: compiled code
Result: NOTE
    File ‘DatABEL/libs/DatABEL.so’:
     Found no calls to: ‘R_registerRoutines’, ‘R_useDynamicSymbols’
    
    It is good practice to register native routines and to disable symbol
    search.
    
    See ‘Writing portable packages’ in the ‘Writing R Extensions’ manual.
Flavors: r-devel-linux-x86_64-fedora-clang, r-devel-linux-x86_64-fedora-gcc, r-devel-macos-x86_64-clang