CRAN Package Check Results for Package DatABEL

Last updated on 2016-08-29 10:47:08.

Flavor Version Tinstall Tcheck Ttotal Status Flags
r-devel-linux-x86_64-debian-clang 0.9-6 11.14 15.28 26.42 NOTE
r-devel-linux-x86_64-debian-gcc 0.9-6 15.66 14.95 30.61 NOTE
r-devel-linux-x86_64-fedora-clang 0.9-6 58.32 NOTE
r-devel-linux-x86_64-fedora-gcc 0.9-6 55.09 NOTE
r-devel-osx-x86_64-clang 0.9-6 42.48 NOTE
r-devel-windows-ix86+x86_64 0.9-6 91.00 44.00 135.00 NOTE
r-patched-linux-x86_64 0.9-6 13.23 14.89 28.12 NOTE
r-patched-solaris-sparc 0.9-6 302.60 NOTE
r-patched-solaris-x86 0.9-6 87.60 NOTE
r-release-linux-x86_64 0.9-6 13.74 16.15 29.89 NOTE
r-release-osx-x86_64-mavericks 0.9-6 NOTE
r-release-windows-ix86+x86_64 0.9-6 110.00 54.00 164.00 NOTE
r-oldrel-windows-ix86+x86_64 0.9-6 77.00 67.00 144.00 OK

Check Details

Version: 0.9-6
Check: R code for possible problems
Result: NOTE
    get_temporary_file_name: no visible global function definition for
     ‘runif’
    Undefined global functions or variables:
     runif
    Consider adding
     importFrom("stats", "runif")
    to your NAMESPACE file.
Flavors: r-devel-linux-x86_64-debian-clang, r-devel-linux-x86_64-debian-gcc, r-devel-linux-x86_64-fedora-clang, r-devel-linux-x86_64-fedora-gcc, r-devel-osx-x86_64-clang, r-devel-windows-ix86+x86_64, r-patched-linux-x86_64, r-patched-solaris-sparc, r-patched-solaris-x86, r-release-linux-x86_64, r-release-osx-x86_64-mavericks, r-release-windows-ix86+x86_64