CRAN Package Check Results for Package DatABEL

Last updated on 2016-06-30 03:46:54.

Flavor Version Tinstall Tcheck Ttotal Status Flags
r-devel-linux-x86_64-debian-gcc 0.9-6 19.54 17.34 36.87 NOTE
r-devel-linux-x86_64-fedora-clang 0.9-6 58.51 NOTE
r-devel-linux-x86_64-fedora-gcc 0.9-6 52.51 NOTE
r-devel-osx-x86_64-clang 0.9-6 42.49 NOTE
r-devel-windows-ix86+x86_64 0.9-6 47.00 62.00 109.00 NOTE
r-patched-linux-x86_64 0.9-6 14.81 16.23 31.04 NOTE
r-patched-solaris-sparc 0.9-6 302.60 NOTE
r-patched-solaris-x86 0.9-6 89.00 NOTE
r-release-linux-x86_64 0.9-6 13.82 14.70 28.52 NOTE
r-release-osx-x86_64-mavericks 0.9-6 NOTE
r-release-windows-ix86+x86_64 0.9-6 68.00 43.00 111.00 NOTE
r-oldrel-windows-ix86+x86_64 0.9-6 69.00 55.00 124.00 OK

Check Details

Version: 0.9-6
Check: R code for possible problems
Result: NOTE
    get_temporary_file_name: no visible global function definition for
     ‘runif’
    Undefined global functions or variables:
     runif
    Consider adding
     importFrom("stats", "runif")
    to your NAMESPACE file.
Flavors: r-devel-linux-x86_64-debian-gcc, r-devel-linux-x86_64-fedora-clang, r-devel-linux-x86_64-fedora-gcc, r-devel-osx-x86_64-clang, r-devel-windows-ix86+x86_64, r-patched-linux-x86_64, r-patched-solaris-sparc, r-patched-solaris-x86, r-release-linux-x86_64, r-release-osx-x86_64-mavericks, r-release-windows-ix86+x86_64