CRAN Package Check Results for Package DatABEL

Last updated on 2015-08-29 20:47:55.

Flavor Version Tinstall Tcheck Ttotal Status Flags
r-devel-linux-x86_64-debian-clang 0.9-6 8.72 15.07 23.78 NOTE
r-devel-linux-x86_64-debian-gcc 0.9-6 14.30 14.70 29.00 NOTE
r-devel-linux-x86_64-fedora-clang 0.9-6 58.80 NOTE
r-devel-linux-x86_64-fedora-gcc 0.9-6 55.49 NOTE
r-devel-osx-x86_64-clang 0.9-6 46.81 OK
r-devel-windows-ix86+x86_64 0.9-6 72.00 46.00 118.00 NOTE
r-patched-linux-x86_64 0.9-6 15.08 15.32 30.40 OK
r-patched-solaris-sparc 0.9-6 329.90 OK
r-patched-solaris-x86 0.9-6 93.90 OK
r-release-linux-x86_64 0.9-6 14.64 15.44 30.07 OK
r-release-osx-x86_64-mavericks 0.9-6 OK
r-release-windows-ix86+x86_64 0.9-6 67.00 44.00 111.00 OK
r-oldrel-windows-ix86+x86_64 0.9-6 69.00 64.00 133.00 OK

Check Details

Version: 0.9-6
Check: R code for possible problems
Result: NOTE
    get_temporary_file_name: no visible global function definition for
     ‘runif’
    Undefined global functions or variables:
     runif
    Consider adding
     importFrom("stats", "runif")
    to your NAMESPACE.
Flavors: r-devel-linux-x86_64-debian-clang, r-devel-linux-x86_64-debian-gcc, r-devel-linux-x86_64-fedora-clang, r-devel-linux-x86_64-fedora-gcc, r-devel-windows-ix86+x86_64