CRAN Package Check Results for Package DatABEL

Last updated on 2014-12-19 12:48:14.

Flavor Version Tinstall Tcheck Ttotal Status Flags
r-devel-linux-x86_64-debian-clang 0.9-5 9.82 69.52 79.34 OK
r-devel-linux-x86_64-debian-gcc 0.9-5 16.89 92.79 109.68 OK
r-devel-linux-x86_64-fedora-clang 0.9-5 143.84 OK
r-devel-linux-x86_64-fedora-gcc 0.9-5 123.93 OK
r-devel-osx-x86_64-clang 0.9-5 109.16 OK
r-devel-windows-ix86+x86_64 0.9-5 49.00 75.00 124.00 OK
r-patched-linux-x86_64 0.9-5 15.60 40.87 56.48 OK
r-patched-solaris-sparc 0.9-5 572.00 OK
r-patched-solaris-x86 0.9-5 198.60 OK
r-release-linux-ix86 0.9-5 21.82 45.26 67.08 OK
r-release-linux-x86_64 0.9-5 15.83 40.95 56.78 OK
r-release-osx-x86_64-mavericks 0.9-5 OK
r-release-osx-x86_64-snowleopard 0.9-5 OK
r-release-windows-ix86+x86_64 0.9-5 53.00 72.00 125.00 OK
r-oldrel-windows-ix86+x86_64 0.9-5 194.00 73.00 267.00 WARN

Check Details

Version: 0.9-5
Check: whether package can be installed
Result: WARN
    Found the following significant warnings:
     Warning: unable to access index for repository http://cran.xl-mirror.nl//src/contrib
     Warning: unable to access index for repository http://cran.xl-mirror.nl//src/contrib
Flavor: r-oldrel-windows-ix86+x86_64