CRAN Package Check Results for Package DatABEL

Last updated on 2016-02-10 02:49:02.

Flavor Version Tinstall Tcheck Ttotal Status Flags
r-devel-linux-x86_64-debian-gcc 0.9-6 13.12 14.04 27.16 NOTE
r-devel-linux-x86_64-fedora-clang 0.9-6 56.71 NOTE
r-devel-linux-x86_64-fedora-gcc 0.9-6 52.80 NOTE
r-devel-osx-x86_64-clang 0.9-6 53.66 NOTE
r-devel-windows-ix86+x86_64 0.9-6 75.00 44.00 119.00 NOTE
r-patched-linux-x86_64 0.9-6 13.21 15.46 28.66 OK
r-patched-solaris-sparc 0.9-6 302.20 OK
r-patched-solaris-x86 0.9-6 87.50 OK
r-release-linux-x86_64 0.9-6 13.49 15.23 28.72 OK
r-release-osx-x86_64-mavericks 0.9-6 OK
r-release-windows-ix86+x86_64 0.9-6 64.00 54.00 118.00 OK
r-oldrel-windows-ix86+x86_64 0.9-6 74.00 46.00 120.00 OK

Check Details

Version: 0.9-6
Check: R code for possible problems
Result: NOTE
    get_temporary_file_name: no visible global function definition for
     ‘runif’
    Undefined global functions or variables:
     runif
    Consider adding
     importFrom("stats", "runif")
    to your NAMESPACE file.
Flavors: r-devel-linux-x86_64-debian-gcc, r-devel-linux-x86_64-fedora-clang, r-devel-linux-x86_64-fedora-gcc, r-devel-osx-x86_64-clang, r-devel-windows-ix86+x86_64