CRAN Package Check Results for Package DatABEL

Last updated on 2015-03-04 23:47:15.

Flavor Version Tinstall Tcheck Ttotal Status Flags
r-devel-linux-x86_64-debian-clang 0.9-5 9.70 303.44 313.14 NOTE
r-devel-linux-x86_64-debian-gcc 0.9-5 15.48 38.59 54.08 NOTE
r-devel-linux-x86_64-fedora-clang 0.9-5 110.93 NOTE
r-devel-linux-x86_64-fedora-gcc 0.9-5 101.28 NOTE
r-devel-osx-x86_64-clang 0.9-5 424.40 NOTE
r-devel-windows-ix86+x86_64 0.9-5 59.00 153.00 212.00 NOTE
r-patched-linux-x86_64 0.9-5 16.16 41.03 57.20 OK
r-patched-solaris-sparc 0.9-5 762.00 OK
r-patched-solaris-x86 0.9-5 204.70 OK
r-release-linux-ix86 0.9-5 24.06 48.99 73.05 OK
r-release-linux-x86_64 0.9-5 15.91 74.62 90.53 OK
r-release-osx-x86_64-mavericks 0.9-5 OK
r-release-osx-x86_64-snowleopard 0.9-5 OK
r-release-windows-ix86+x86_64 0.9-5 54.00 81.00 135.00 OK
r-oldrel-windows-ix86+x86_64 0.9-5 55.00 77.00 132.00 OK

Check Details

Version: 0.9-5
Check: DESCRIPTION meta-information
Result: NOTE
    Malformed Description field: should contain one or more complete sentences.
Flavors: r-devel-linux-x86_64-debian-clang, r-devel-linux-x86_64-debian-gcc, r-devel-linux-x86_64-fedora-clang, r-devel-linux-x86_64-fedora-gcc, r-devel-osx-x86_64-clang, r-devel-windows-ix86+x86_64