CRAN Package Check Results for Package DatABEL

Last updated on 2015-07-03 11:46:59.

Flavor Version Tinstall Tcheck Ttotal Status Flags
r-devel-linux-x86_64-debian-clang 0.9-6 8.53 15.30 23.83 NOTE
r-devel-linux-x86_64-debian-gcc 0.9-6 14.18 15.34 29.52 NOTE
r-devel-linux-x86_64-fedora-clang 0.9-6 58.54 NOTE
r-devel-linux-x86_64-fedora-gcc 0.9-6 56.92 NOTE
r-devel-osx-x86_64-clang 0.9-6 51.24 OK
r-devel-windows-ix86+x86_64 0.9-6 49.00 41.00 90.00 NOTE
r-patched-linux-x86_64 0.9-6 14.12 15.96 30.08 OK
r-patched-solaris-sparc 0.9-6 318.60 OK
r-patched-solaris-x86 0.9-6 92.30 OK
r-release-linux-x86_64 0.9-6 14.40 15.18 29.57 OK
r-release-osx-x86_64-mavericks 0.9-6 OK
r-release-windows-ix86+x86_64 0.9-6 47.00 42.00 89.00 OK
r-oldrel-windows-ix86+x86_64 0.9-6 71.00 44.00 115.00 OK

Check Details

Version: 0.9-6
Check: R code for possible problems
Result: NOTE
    get_temporary_file_name: no visible global function definition for
     ‘runif’
    Undefined global functions or variables:
     runif
Flavors: r-devel-linux-x86_64-debian-clang, r-devel-linux-x86_64-debian-gcc, r-devel-linux-x86_64-fedora-clang, r-devel-linux-x86_64-fedora-gcc, r-devel-windows-ix86+x86_64