CRAN Package Check Results for Package DatABEL

Last updated on 2014-08-21 03:48:14.

Flavor Version Tinstall Tcheck Ttotal Status Flags
r-devel-linux-x86_64-debian-clang 0.9-4.1 7.78 16.94 24.72 OK
r-devel-linux-x86_64-debian-gcc 0.9-4.1 14.42 16.08 30.50 OK
r-devel-linux-x86_64-fedora-clang 0.9-4.1 72.13 NOTE
r-devel-linux-x86_64-fedora-gcc 0.9-4.1 56.69 NOTE
r-devel-osx-x86_64-clang 0.9-4.1 56.57 OK
r-devel-windows-ix86+x86_64 0.9-4.1 46.00 40.00 86.00 OK
r-patched-linux-x86_64 0.9-4.1 14.35 17.44 31.79 OK
r-patched-solaris-sparc 0.9-4.1 329.00 OK
r-patched-solaris-x86 0.9-4.1 97.70 OK
r-release-linux-ix86 0.9-4.1 22.00 24.85 46.85 OK
r-release-linux-x86_64 0.9-4.1 14.32 17.18 31.50 OK
r-release-osx-x86_64-mavericks 0.9-4.1 OK
r-release-osx-x86_64-snowleopard 0.9-4.1 OK
r-release-windows-ix86+x86_64 0.9-4.1 46.00 42.00 88.00 OK
r-oldrel-windows-ix86+x86_64 0.9-4.1 48.00 44.00 92.00 OK

Check Details

Version: 0.9-4.1
Check: top-level files
Result: NOTE
    Non-standard file/directory found at top level:
     ‘CHANGES.LOG’
Flavors: r-devel-linux-x86_64-fedora-clang, r-devel-linux-x86_64-fedora-gcc