CRAN Package Check Results for Package DatABEL

Last updated on 2017-06-22 15:48:21.

Flavor Version Tinstall Tcheck Ttotal Status Flags
r-devel-linux-x86_64-debian-clang 0.9-6 12.03 18.19 30.22 NOTE
r-devel-linux-x86_64-debian-gcc 0.9-6 16.03 19.32 35.34 NOTE
r-devel-linux-x86_64-fedora-clang 0.9-6 71.71 NOTE
r-devel-linux-x86_64-fedora-gcc 0.9-6 62.47 NOTE
r-devel-windows-ix86+x86_64 0.9-6 70.00 60.00 130.00 NOTE
r-patched-linux-x86_64 0.9-6 15.65 18.69 34.35 NOTE
r-patched-solaris-sparc 0.9-6 411.90 NOTE
r-patched-solaris-x86 0.9-6 99.80 NOTE
r-release-linux-x86_64 0.9-6 14.28 18.34 32.62 NOTE
r-release-windows-ix86+x86_64 0.9-6 82.00 61.00 143.00 NOTE
r-release-osx-x86_64 0.9-6 NOTE
r-oldrel-windows-ix86+x86_64 0.9-6 71.00 55.00 126.00 NOTE
r-oldrel-osx-x86_64 0.9-6 NOTE

Additional issues

valgrind

Check Details

Version: 0.9-6
Check: R code for possible problems
Result: NOTE
    get_temporary_file_name: no visible global function definition for
     ‘runif’
    Undefined global functions or variables:
     runif
    Consider adding
     importFrom("stats", "runif")
    to your NAMESPACE file.
Flavors: r-devel-linux-x86_64-debian-clang, r-devel-linux-x86_64-debian-gcc, r-devel-linux-x86_64-fedora-clang, r-devel-linux-x86_64-fedora-gcc, r-devel-windows-ix86+x86_64, r-patched-linux-x86_64, r-patched-solaris-sparc, r-patched-solaris-x86, r-release-linux-x86_64, r-release-windows-ix86+x86_64, r-release-osx-x86_64, r-oldrel-windows-ix86+x86_64, r-oldrel-osx-x86_64

Version: 0.9-6
Check: compiled code
Result: NOTE
    File ‘DatABEL/libs/DatABEL.so’:
     Found no calls to: ‘R_registerRoutines’, ‘R_useDynamicSymbols’
    
    It is good practice to register native routines and to disable symbol
    search.
    
    See ‘Writing portable packages’ in the ‘Writing R Extensions’ manual.
Flavors: r-devel-linux-x86_64-debian-clang, r-devel-linux-x86_64-debian-gcc, r-devel-linux-x86_64-fedora-clang, r-devel-linux-x86_64-fedora-gcc, r-patched-linux-x86_64, r-release-linux-x86_64