CRAN Package Check Results for Package DatABEL

Last updated on 2016-12-10 10:46:58.

Flavor Version Tinstall Tcheck Ttotal Status Flags
r-devel-linux-x86_64-debian-clang 0.9-6 11.29 18.45 29.74 NOTE
r-devel-linux-x86_64-debian-gcc 0.9-6 15.30 18.31 33.61 NOTE
r-devel-linux-x86_64-fedora-clang 0.9-6 65.53 NOTE --no-stop-on-test-error
r-devel-linux-x86_64-fedora-gcc 0.9-6 60.35 NOTE --no-stop-on-test-error
r-devel-macos-x86_64-clang 0.9-6 47.79 NOTE --no-stop-on-test-error
r-devel-windows-ix86+x86_64 0.9-6 49.00 48.00 97.00 NOTE
r-patched-linux-x86_64 0.9-6 13.66 16.04 29.70 NOTE
r-patched-solaris-sparc 0.9-6 302.60 NOTE
r-patched-solaris-x86 0.9-6 88.00 NOTE
r-release-linux-x86_64 0.9-6 13.33 15.57 28.91 NOTE
r-release-osx-x86_64-mavericks 0.9-6 NOTE
r-release-windows-ix86+x86_64 0.9-6 44.00 45.00 89.00 NOTE
r-oldrel-windows-ix86+x86_64 0.9-6 67.00 56.00 123.00 OK

Memtest notes: valgrind valgrind

Check Details

Version: 0.9-6
Check: R code for possible problems
Result: NOTE
    get_temporary_file_name: no visible global function definition for
     ‘runif’
    Undefined global functions or variables:
     runif
    Consider adding
     importFrom("stats", "runif")
    to your NAMESPACE file.
Flavors: r-devel-linux-x86_64-debian-clang, r-devel-linux-x86_64-debian-gcc, r-devel-windows-ix86+x86_64, r-patched-linux-x86_64, r-patched-solaris-sparc, r-patched-solaris-x86, r-release-linux-x86_64, r-release-osx-x86_64-mavericks, r-release-windows-ix86+x86_64

Version: 0.9-6
Flags: --no-stop-on-test-error
Check: R code for possible problems
Result: NOTE
    get_temporary_file_name: no visible global function definition for
     ‘runif’
    Undefined global functions or variables:
     runif
    Consider adding
     importFrom("stats", "runif")
    to your NAMESPACE file.
Flavors: r-devel-linux-x86_64-fedora-clang, r-devel-linux-x86_64-fedora-gcc, r-devel-macos-x86_64-clang