CRAN Package Check Results for Package DatABEL

Last updated on 2017-01-22 22:48:12.

Flavor Version Tinstall Tcheck Ttotal Status Flags
r-devel-linux-x86_64-debian-clang 0.9-6 11.28 18.39 29.68 NOTE
r-devel-linux-x86_64-debian-gcc 0.9-6 15.42 17.98 33.40 NOTE
r-devel-linux-x86_64-fedora-clang 0.9-6 63.73 NOTE --no-stop-on-test-error
r-devel-linux-x86_64-fedora-gcc 0.9-6 63.05 NOTE --no-stop-on-test-error
r-devel-macos-x86_64-clang 0.9-6 47.10 NOTE --no-stop-on-test-error
r-devel-windows-ix86+x86_64 0.9-6 49.00 49.00 98.00 NOTE
r-patched-linux-x86_64 0.9-6 13.28 15.91 29.19 NOTE
r-patched-solaris-sparc 0.9-6 307.00 NOTE
r-patched-solaris-x86 0.9-6 87.50 NOTE
r-release-linux-x86_64 0.9-6 13.35 15.73 29.08 NOTE
r-release-osx-x86_64-mavericks 0.9-6 NOTE
r-release-windows-ix86+x86_64 0.9-6 102.00 49.00 151.00 NOTE
r-oldrel-windows-ix86+x86_64 0.9-6 94.00 111.00 205.00 OK

Memtest notes: valgrind valgrind

Check Details

Version: 0.9-6
Check: R code for possible problems
Result: NOTE
    get_temporary_file_name: no visible global function definition for
     ‘runif’
    Undefined global functions or variables:
     runif
    Consider adding
     importFrom("stats", "runif")
    to your NAMESPACE file.
Flavors: r-devel-linux-x86_64-debian-clang, r-devel-linux-x86_64-debian-gcc, r-devel-windows-ix86+x86_64, r-patched-linux-x86_64, r-patched-solaris-sparc, r-patched-solaris-x86, r-release-linux-x86_64, r-release-osx-x86_64-mavericks, r-release-windows-ix86+x86_64

Version: 0.9-6
Flags: --no-stop-on-test-error
Check: R code for possible problems
Result: NOTE
    get_temporary_file_name: no visible global function definition for
     ‘runif’
    Undefined global functions or variables:
     runif
    Consider adding
     importFrom("stats", "runif")
    to your NAMESPACE file.
Flavors: r-devel-linux-x86_64-fedora-clang, r-devel-linux-x86_64-fedora-gcc, r-devel-macos-x86_64-clang