CRAN Package Check Results for Package DatABEL

Last updated on 2018-04-25 09:49:39 CEST.

Flavor Version Tinstall Tcheck Ttotal Status Flags
r-devel-linux-x86_64-debian-clang 0.9-6 22.32 27.30 49.62 WARN
r-devel-linux-x86_64-debian-gcc 0.9-6 23.22 21.71 44.93 WARN
r-devel-linux-x86_64-fedora-clang 0.9-6 73.18 NOTE
r-devel-linux-x86_64-fedora-gcc 0.9-6 66.23 WARN
r-devel-windows-ix86+x86_64 0.9-6 76.00 77.00 153.00 NOTE
r-patched-linux-x86_64 0.9-6 30.59 26.47 57.06 WARN
r-patched-solaris-x86 0.9-6 104.40 NOTE
r-release-linux-x86_64 0.9-6 27.82 26.50 54.32 WARN
r-release-windows-ix86+x86_64 0.9-6 76.00 77.00 153.00 NOTE
r-release-osx-x86_64 0.9-6 NOTE
r-oldrel-windows-ix86+x86_64 0.9-6 74.00 82.00 156.00 NOTE
r-oldrel-osx-x86_64 0.9-6 NOTE

Additional issues

valgrind

Check Details

Version: 0.9-6
Check: whether package can be installed
Result: WARN
    Found the following significant warnings:
     iterator.cpp:138:17: warning: 'register' storage class specifier is deprecated and incompatible with C++17 [-Wdeprecated-register]
     iterator_functions.cpp:12:8: warning: 'register' storage class specifier is deprecated and incompatible with C++17 [-Wdeprecated-register]
     iterator_functions.cpp:30:8: warning: 'register' storage class specifier is deprecated and incompatible with C++17 [-Wdeprecated-register]
     iterator_functions.cpp:48:8: warning: 'register' storage class specifier is deprecated and incompatible with C++17 [-Wdeprecated-register]
Flavor: r-devel-linux-x86_64-debian-clang

Version: 0.9-6
Check: R code for possible problems
Result: NOTE
    get_temporary_file_name: no visible global function definition for
     ‘runif’
    Undefined global functions or variables:
     runif
    Consider adding
     importFrom("stats", "runif")
    to your NAMESPACE file.
Flavors: r-devel-linux-x86_64-debian-clang, r-devel-linux-x86_64-debian-gcc, r-devel-linux-x86_64-fedora-clang, r-devel-linux-x86_64-fedora-gcc, r-devel-windows-ix86+x86_64, r-patched-linux-x86_64, r-patched-solaris-x86, r-release-linux-x86_64, r-release-windows-ix86+x86_64, r-release-osx-x86_64, r-oldrel-windows-ix86+x86_64, r-oldrel-osx-x86_64

Version: 0.9-6
Check: compiled code
Result: NOTE
    File ‘DatABEL/libs/DatABEL.so’:
     Found no calls to: ‘R_registerRoutines’, ‘R_useDynamicSymbols’
    
    It is good practice to register native routines and to disable symbol
    search.
    
    See ‘Writing portable packages’ in the ‘Writing R Extensions’ manual.
Flavors: r-devel-linux-x86_64-debian-clang, r-devel-linux-x86_64-debian-gcc, r-devel-linux-x86_64-fedora-clang, r-devel-linux-x86_64-fedora-gcc, r-patched-linux-x86_64, r-release-linux-x86_64

Version: 0.9-6
Check: whether package can be installed
Result: WARN
    Found the following significant warnings:
     convert_util.cpp:299:20: warning: null destination pointer [-Wformat-overflow=]
     convert_util.cpp:307:20: warning: null destination pointer [-Wformat-overflow=]
Flavors: r-devel-linux-x86_64-debian-gcc, r-devel-linux-x86_64-fedora-gcc, r-patched-linux-x86_64, r-release-linux-x86_64