CRAN Package Check Results for Package DatABEL

Last updated on 2015-04-01 03:49:13.

Flavor Version Tinstall Tcheck Ttotal Status Flags
r-devel-linux-x86_64-debian-clang 0.9-6 8.88 15.35 24.23 OK
r-devel-linux-x86_64-debian-gcc 0.9-6 14.80 15.12 29.92 OK
r-devel-linux-x86_64-fedora-clang 0.9-6 39.31 OK
r-devel-linux-x86_64-fedora-gcc 0.9-6 34.31 OK
r-devel-osx-x86_64-clang 0.9-6 33.77 OK
r-prerel-windows-ix86+x86_64 0.9-6 49.00 49.00 98.00 OK
r-prerel-linux-x86_64 0.9-5 15.90 38.43 54.33 NOTE
r-prerel-solaris-sparc 0.9-6 272.60 OK
r-prerel-solaris-x86 0.9-6 76.50 OK
r-release-linux-x86_64 0.9-5 15.53 41.91 57.44 OK
r-release-osx-x86_64-mavericks 0.9-5 OK
r-release-osx-x86_64-snowleopard 0.9-6 OK
r-release-windows-ix86+x86_64 0.9-6 40.00 44.00 84.00 OK
r-oldrel-windows-ix86+x86_64 0.9-6 48.00 63.00 111.00 OK

Check Details

Version: 0.9-5
Check: DESCRIPTION meta-information
Result: NOTE
    Malformed Description field: should contain one or more complete sentences.
Flavor: r-prerel-linux-x86_64