CRAN Package Check Results for Package DatABEL

Last updated on 2016-07-28 06:47:15.

Flavor Version Tinstall Tcheck Ttotal Status Flags
r-devel-linux-x86_64-debian-clang 0.9-6 15.68 19.01 34.69 WARN
r-devel-linux-x86_64-debian-gcc 0.9-6 20.07 18.75 38.82 NOTE
r-devel-linux-x86_64-fedora-clang 0.9-6 64.73 NOTE
r-devel-linux-x86_64-fedora-gcc 0.9-6 52.52 NOTE
r-devel-osx-x86_64-clang 0.9-6 42.57 NOTE
r-devel-windows-ix86+x86_64 0.9-6 62.00 61.00 123.00 NOTE
r-patched-linux-x86_64 0.9-6 16.37 18.20 34.57 NOTE
r-patched-solaris-sparc 0.9-6 302.60 NOTE
r-patched-solaris-x86 0.9-6 86.90 NOTE
r-release-linux-x86_64 0.9-6 15.17 19.36 34.54 NOTE
r-release-osx-x86_64-mavericks 0.9-6 NOTE
r-release-windows-ix86+x86_64 0.9-6 66.00 68.00 134.00 NOTE
r-oldrel-windows-ix86+x86_64 0.9-6 66.00 74.00 140.00 OK

Check Details

Version: 0.9-6
Check: whether package can be installed
Result: WARN
    Found the following significant warnings:
     iterator.cpp:138:17: warning: 'register' storage class specifier is deprecated and incompatible with C++1z [-Wdeprecated-register]
     iterator_functions.cpp:12:8: warning: 'register' storage class specifier is deprecated and incompatible with C++1z [-Wdeprecated-register]
     iterator_functions.cpp:30:8: warning: 'register' storage class specifier is deprecated and incompatible with C++1z [-Wdeprecated-register]
     iterator_functions.cpp:48:8: warning: 'register' storage class specifier is deprecated and incompatible with C++1z [-Wdeprecated-register]
Flavor: r-devel-linux-x86_64-debian-clang

Version: 0.9-6
Check: R code for possible problems
Result: NOTE
    get_temporary_file_name: no visible global function definition for
     ‘runif’
    Undefined global functions or variables:
     runif
    Consider adding
     importFrom("stats", "runif")
    to your NAMESPACE file.
Flavors: r-devel-linux-x86_64-debian-clang, r-devel-linux-x86_64-debian-gcc, r-devel-linux-x86_64-fedora-clang, r-devel-linux-x86_64-fedora-gcc, r-devel-osx-x86_64-clang, r-devel-windows-ix86+x86_64, r-patched-linux-x86_64, r-patched-solaris-sparc, r-patched-solaris-x86, r-release-linux-x86_64, r-release-osx-x86_64-mavericks, r-release-windows-ix86+x86_64