CRAN Package Check Results for Package DatABEL

Last updated on 2017-05-24 11:49:40.

Flavor Version Tinstall Tcheck Ttotal Status Flags
r-devel-linux-x86_64-debian-clang 0.9-6 11.92 18.45 30.37 NOTE
r-devel-linux-x86_64-debian-gcc 0.9-6 15.20 17.75 32.95 NOTE
r-devel-linux-x86_64-fedora-clang 0.9-6 68.70 NOTE --no-stop-on-test-error
r-devel-linux-x86_64-fedora-gcc 0.9-6 62.40 NOTE --no-stop-on-test-error
r-devel-windows-ix86+x86_64 0.9-6 52.00 60.00 112.00 NOTE
r-patched-linux-x86_64 0.9-6 13.37 17.90 31.27 NOTE
r-patched-solaris-sparc 0.9-6 411.90 NOTE
r-patched-solaris-x86 0.9-6 100.60 NOTE
r-release-linux-x86_64 0.9-6 13.67 17.86 31.52 NOTE
r-release-windows-ix86+x86_64 0.9-6 52.00 78.00 130.00 NOTE
r-release-osx-x86_64 0.9-6 NOTE
r-oldrel-windows-ix86+x86_64 0.9-6 76.00 87.00 163.00 NOTE
r-oldrel-osx-x86_64 0.9-6 NOTE

Additional issues

valgrind valgrind

Check Details

Version: 0.9-6
Check: R code for possible problems
Result: NOTE
    get_temporary_file_name: no visible global function definition for
     ‘runif’
    Undefined global functions or variables:
     runif
    Consider adding
     importFrom("stats", "runif")
    to your NAMESPACE file.
Flavors: r-devel-linux-x86_64-debian-clang, r-devel-linux-x86_64-debian-gcc, r-devel-windows-ix86+x86_64, r-patched-linux-x86_64, r-patched-solaris-sparc, r-patched-solaris-x86, r-release-linux-x86_64, r-release-windows-ix86+x86_64, r-release-osx-x86_64, r-oldrel-windows-ix86+x86_64, r-oldrel-osx-x86_64

Version: 0.9-6
Check: compiled code
Result: NOTE
    File ‘DatABEL/libs/DatABEL.so’:
     Found no calls to: ‘R_registerRoutines’, ‘R_useDynamicSymbols’
    
    It is good practice to register native routines and to disable symbol
    search.
    
    See ‘Writing portable packages’ in the ‘Writing R Extensions’ manual.
Flavors: r-devel-linux-x86_64-debian-clang, r-devel-linux-x86_64-debian-gcc, r-patched-linux-x86_64, r-release-linux-x86_64

Version: 0.9-6
Flags: --no-stop-on-test-error
Check: R code for possible problems
Result: NOTE
    get_temporary_file_name: no visible global function definition for
     ‘runif’
    Undefined global functions or variables:
     runif
    Consider adding
     importFrom("stats", "runif")
    to your NAMESPACE file.
Flavors: r-devel-linux-x86_64-fedora-clang, r-devel-linux-x86_64-fedora-gcc

Version: 0.9-6
Flags: --no-stop-on-test-error
Check: compiled code
Result: NOTE
    File ‘DatABEL/libs/DatABEL.so’:
     Found no calls to: ‘R_registerRoutines’, ‘R_useDynamicSymbols’
    
    It is good practice to register native routines and to disable symbol
    search.
    
    See ‘Writing portable packages’ in the ‘Writing R Extensions’ manual.
Flavors: r-devel-linux-x86_64-fedora-clang, r-devel-linux-x86_64-fedora-gcc