CRAN Package Check Results for Package DatABEL

Last updated on 2016-05-29 06:46:39.

Flavor Version Tinstall Tcheck Ttotal Status Flags
r-devel-linux-x86_64-debian-gcc 0.9-6 18.53 15.09 33.63 NOTE
r-devel-linux-x86_64-fedora-clang 0.9-6 56.68 NOTE
r-devel-linux-x86_64-fedora-gcc 0.9-6 54.24 NOTE
r-devel-osx-x86_64-clang 0.9-6 54.53 NOTE
r-devel-windows-ix86+x86_64 0.9-6 51.00 43.00 94.00 NOTE
r-patched-linux-x86_64 0.9-6 13.28 15.06 28.34 NOTE
r-patched-solaris-sparc 0.9-6 303.30 NOTE
r-patched-solaris-x86 0.9-6 89.00 NOTE
r-release-linux-x86_64 0.9-6 13.64 15.29 28.93 NOTE
r-release-osx-x86_64-mavericks 0.9-6 NOTE
r-release-windows-ix86+x86_64 0.9-6 60.00 44.00 104.00 NOTE
r-oldrel-windows-ix86+x86_64 0.9-6 44.00 80.00 124.00 OK

Check Details

Version: 0.9-6
Check: R code for possible problems
Result: NOTE
    get_temporary_file_name: no visible global function definition for
     ‘runif’
    Undefined global functions or variables:
     runif
    Consider adding
     importFrom("stats", "runif")
    to your NAMESPACE file.
Flavors: r-devel-linux-x86_64-debian-gcc, r-devel-linux-x86_64-fedora-clang, r-devel-linux-x86_64-fedora-gcc, r-devel-osx-x86_64-clang, r-devel-windows-ix86+x86_64, r-patched-linux-x86_64, r-patched-solaris-sparc, r-patched-solaris-x86, r-release-linux-x86_64, r-release-osx-x86_64-mavericks, r-release-windows-ix86+x86_64