CRAN Package Check Results for Package DatABEL

Last updated on 2017-12-13 07:48:19 CET.

Flavor Version Tinstall Tcheck Ttotal Status Flags
r-devel-linux-x86_64-debian-clang 0.9-6 15.83 24.91 40.74 NOTE
r-devel-linux-x86_64-debian-gcc 0.9-6 17.94 21.08 39.02 WARN
r-devel-linux-x86_64-fedora-clang 0.9-6 66.92 NOTE
r-devel-linux-x86_64-fedora-gcc 0.9-6 61.77 WARN
r-devel-windows-ix86+x86_64 0.9-6 76.00 65.00 141.00 NOTE
r-patched-linux-x86_64 0.9-6 20.58 26.06 46.64 NOTE
r-patched-solaris-x86 0.9-6 100.10 NOTE
r-release-linux-x86_64 0.9-6 20.30 25.51 45.81 NOTE
r-release-windows-ix86+x86_64 0.9-6 51.00 77.00 128.00 NOTE
r-release-osx-x86_64 0.9-6 NOTE
r-oldrel-windows-ix86+x86_64 0.9-6 76.00 74.00 150.00 NOTE
r-oldrel-osx-x86_64 0.9-6 NOTE

Additional issues

valgrind

Check Details

Version: 0.9-6
Check: R code for possible problems
Result: NOTE
    get_temporary_file_name: no visible global function definition for
     ‘runif’
    Undefined global functions or variables:
     runif
    Consider adding
     importFrom("stats", "runif")
    to your NAMESPACE file.
Flavors: r-devel-linux-x86_64-debian-clang, r-devel-linux-x86_64-debian-gcc, r-devel-linux-x86_64-fedora-clang, r-devel-linux-x86_64-fedora-gcc, r-devel-windows-ix86+x86_64, r-patched-linux-x86_64, r-patched-solaris-x86, r-release-linux-x86_64, r-release-windows-ix86+x86_64, r-release-osx-x86_64, r-oldrel-windows-ix86+x86_64, r-oldrel-osx-x86_64

Version: 0.9-6
Check: compiled code
Result: NOTE
    File ‘DatABEL/libs/DatABEL.so’:
     Found no calls to: ‘R_registerRoutines’, ‘R_useDynamicSymbols’
    
    It is good practice to register native routines and to disable symbol
    search.
    
    See ‘Writing portable packages’ in the ‘Writing R Extensions’ manual.
Flavors: r-devel-linux-x86_64-debian-clang, r-devel-linux-x86_64-debian-gcc, r-devel-linux-x86_64-fedora-clang, r-devel-linux-x86_64-fedora-gcc, r-patched-linux-x86_64, r-release-linux-x86_64

Version: 0.9-6
Check: whether package can be installed
Result: WARN
    Found the following significant warnings:
     convert_util.cpp:299:20: warning: null destination pointer [-Wformat-overflow=]
     convert_util.cpp:307:20: warning: null destination pointer [-Wformat-overflow=]
Flavors: r-devel-linux-x86_64-debian-gcc, r-devel-linux-x86_64-fedora-gcc