CRAN Package Check Results for Package DatABEL

Last updated on 2017-08-18 12:52:17.

Flavor Version Tinstall Tcheck Ttotal Status Flags
r-devel-linux-x86_64-debian-clang 0.9-6 11.79 17.41 29.20 NOTE
r-devel-linux-x86_64-debian-gcc 0.9-6 15.73 17.57 33.30 NOTE
r-devel-linux-x86_64-fedora-clang 0.9-6 72.84 NOTE
r-devel-linux-x86_64-fedora-gcc 0.9-6 68.03 NOTE
r-devel-windows-ix86+x86_64 0.9-6 57.00 60.00 117.00 NOTE
r-patched-linux-x86_64 0.9-6 15.45 17.89 33.34 NOTE
r-patched-solaris-x86 0.9-6 100.80 NOTE
r-release-linux-x86_64 0.9-6 15.87 17.63 33.50 NOTE
r-release-windows-ix86+x86_64 0.9-6 69.00 58.00 127.00 NOTE
r-release-osx-x86_64 0.9-6 NOTE
r-oldrel-windows-ix86+x86_64 0.9-6 53.00 70.00 123.00 NOTE
r-oldrel-osx-x86_64 0.9-6 NOTE

Additional issues

valgrind

Check Details

Version: 0.9-6
Check: R code for possible problems
Result: NOTE
    get_temporary_file_name: no visible global function definition for
     ‘runif’
    Undefined global functions or variables:
     runif
    Consider adding
     importFrom("stats", "runif")
    to your NAMESPACE file.
Flavors: r-devel-linux-x86_64-debian-clang, r-devel-linux-x86_64-debian-gcc, r-devel-linux-x86_64-fedora-clang, r-devel-linux-x86_64-fedora-gcc, r-devel-windows-ix86+x86_64, r-patched-linux-x86_64, r-patched-solaris-x86, r-release-linux-x86_64, r-release-windows-ix86+x86_64, r-release-osx-x86_64, r-oldrel-windows-ix86+x86_64, r-oldrel-osx-x86_64

Version: 0.9-6
Check: compiled code
Result: NOTE
    File ‘DatABEL/libs/DatABEL.so’:
     Found no calls to: ‘R_registerRoutines’, ‘R_useDynamicSymbols’
    
    It is good practice to register native routines and to disable symbol
    search.
    
    See ‘Writing portable packages’ in the ‘Writing R Extensions’ manual.
Flavors: r-devel-linux-x86_64-debian-clang, r-devel-linux-x86_64-debian-gcc, r-devel-linux-x86_64-fedora-clang, r-devel-linux-x86_64-fedora-gcc, r-patched-linux-x86_64, r-release-linux-x86_64