CRAN Package Check Results for Package DatAssim

Last updated on 2022-11-26 13:55:58 CET.

Flavor Version Tinstall Tcheck Ttotal Status Flags
r-devel-linux-x86_64-debian-clang 1.0 31.41 27.05 58.46 NOTE
r-devel-linux-x86_64-debian-gcc 1.0 21.49 21.13 42.62 NOTE
r-devel-linux-x86_64-fedora-clang 1.0 96.28 NOTE
r-devel-windows-x86_64 1.0 32.00 79.00 111.00 NOTE
r-patched-linux-x86_64 1.0 NOTE
r-release-linux-x86_64 1.0 23.57 25.79 49.36 NOTE
r-release-macos-arm64 1.0 24.00 NOTE
r-release-macos-x86_64 1.0 35.00 NOTE
r-release-windows-x86_64 1.0 36.00 74.00 110.00 NOTE
r-oldrel-macos-arm64 1.0 28.00 NOTE
r-oldrel-macos-x86_64 1.0 50.00 NOTE
r-oldrel-windows-ix86+x86_64 1.0 81.00 73.00 154.00 NOTE

Check Details

Version: 1.0
Check: LazyData
Result: NOTE
     'LazyData' is specified without a 'data' directory
Flavors: r-devel-linux-x86_64-debian-clang, r-devel-linux-x86_64-debian-gcc, r-devel-linux-x86_64-fedora-clang, r-devel-windows-x86_64, r-patched-linux-x86_64, r-release-linux-x86_64, r-release-macos-arm64, r-release-macos-x86_64, r-release-windows-x86_64, r-oldrel-macos-arm64, r-oldrel-macos-x86_64, r-oldrel-windows-ix86+x86_64