CRAN Package Check Results for Package DatAssim

Last updated on 2023-09-28 16:54:16 CEST.

Flavor Version Tinstall Tcheck Ttotal Status Flags
r-devel-linux-x86_64-debian-clang 1.0 34.72 25.86 60.58 NOTE
r-devel-linux-x86_64-debian-gcc 1.0 23.06 20.86 43.92 NOTE
r-devel-linux-x86_64-fedora-clang 1.0 85.54 NOTE
r-devel-linux-x86_64-fedora-gcc 1.0 84.82 NOTE
r-devel-windows-x86_64 1.0 28.00 68.00 96.00 NOTE
r-patched-linux-x86_64 1.0 31.66 25.49 57.15 NOTE
r-release-linux-x86_64 1.0 31.61 25.58 57.19 NOTE
r-release-macos-arm64 1.0 26.00 NOTE
r-release-macos-x86_64 1.0 42.00 NOTE
r-release-windows-x86_64 1.0 36.00 72.00 108.00 NOTE
r-oldrel-macos-arm64 1.0 25.00 NOTE
r-oldrel-macos-x86_64 1.0 35.00 NOTE
r-oldrel-windows-x86_64 1.0 34.00 64.00 98.00 NOTE

Check Details

Version: 1.0
Check: LazyData
Result: NOTE
     'LazyData' is specified without a 'data' directory
Flavors: r-devel-linux-x86_64-debian-clang, r-devel-linux-x86_64-debian-gcc, r-devel-linux-x86_64-fedora-clang, r-devel-linux-x86_64-fedora-gcc, r-devel-windows-x86_64, r-patched-linux-x86_64, r-release-linux-x86_64, r-release-macos-arm64, r-release-macos-x86_64, r-release-windows-x86_64, r-oldrel-macos-arm64, r-oldrel-macos-x86_64, r-oldrel-windows-x86_64