CRAN Package Check Results for Package DataCombine

Last updated on 2014-11-26 16:48:56.

Flavor Version Tinstall Tcheck Ttotal Status Flags
r-devel-linux-x86_64-debian-clang 0.2.7 2.15 25.66 27.81 OK
r-devel-linux-x86_64-debian-gcc 0.2.7 2.10 24.90 27.00 OK
r-devel-linux-x86_64-fedora-clang 0.2.7 62.12 OK
r-devel-linux-x86_64-fedora-gcc 0.2.7 56.52 OK
r-devel-osx-x86_64-clang 0.2.7 53.52 OK
r-devel-windows-ix86+x86_64 0.2.7 7.00 41.00 48.00 OK
r-patched-linux-x86_64 0.2.7 2.07 26.40 28.47 OK
r-patched-solaris-sparc 0.2.7 301.50 OK
r-patched-solaris-x86 0.2.7 74.70 OK
r-release-linux-ix86 0.2.7 2.45 33.93 36.38 OK
r-release-linux-x86_64 0.2.7 2.08 26.73 28.80 OK
r-release-osx-x86_64-mavericks 0.2.7 OK
r-release-osx-x86_64-snowleopard 0.2.7 OK
r-release-windows-ix86+x86_64 0.2.7 6.00 43.00 49.00 OK
r-oldrel-windows-ix86+x86_64 0.2.7 2.00 1.00 3.00 ERROR

Check Details

Version: 0.2.7
Check: whether package can be installed
Result: ERROR
    Installation failed.
Flavor: r-oldrel-windows-ix86+x86_64