CRAN Package Check Results for Package DataCombine

Last updated on 2015-04-01 08:50:01.

Flavor Version Tinstall Tcheck Ttotal Status Flags
r-devel-linux-x86_64-debian-clang 0.2.9 1.42 20.48 21.90 OK
r-devel-linux-x86_64-debian-gcc 0.2.9 1.36 20.14 21.50 OK
r-devel-linux-x86_64-fedora-clang 0.2.9 44.25 OK
r-devel-linux-x86_64-fedora-gcc 0.2.9 40.92 OK
r-devel-osx-x86_64-clang 0.2.9 47.24 OK
r-prerel-windows-ix86+x86_64 0.2.9 5.00 32.00 37.00 OK
r-prerel-linux-x86_64 0.2.9 1.75 19.75 21.50 OK
r-prerel-solaris-sparc 0.2.9 280.90 OK
r-prerel-solaris-x86 0.2.9 56.20 OK
r-release-linux-x86_64 0.2.9 2.11 28.38 30.48 OK
r-release-osx-x86_64-mavericks 0.2.9 OK
r-release-osx-x86_64-snowleopard 0.2.9 OK
r-release-windows-ix86+x86_64 0.2.9 8.00 46.00 54.00 OK
r-oldrel-windows-ix86+x86_64 0.2.9 2.00 1.00 3.00 ERROR

Check Details

Version: 0.2.9
Check: package dependencies
Result: ERROR
    Package required and available but unsuitable version: 'dplyr'
    
    See the information on DESCRIPTION files in the chapter 'Creating R
    packages' of the 'Writing R Extensions' manual.
Flavor: r-oldrel-windows-ix86+x86_64