CRAN Package Check Results for Package DataCombine

Last updated on 2017-04-24 20:47:08.

Flavor Version Tinstall Tcheck Ttotal Status Flags
r-devel-linux-x86_64-debian-clang 0.2.21 1.56 29.30 30.87 OK
r-devel-linux-x86_64-debian-gcc 0.2.21 1.54 25.28 26.82 OK
r-devel-linux-x86_64-fedora-clang 0.2.21 44.76 OK --no-stop-on-test-error
r-devel-linux-x86_64-fedora-gcc 0.2.21 42.51 OK --no-stop-on-test-error
r-devel-windows-ix86+x86_64 0.2.21 OK
r-patched-linux-x86_64 0.2.21 1.43 23.03 24.46 OK
r-patched-solaris-sparc 0.2.21 272.70 OK
r-patched-solaris-x86 0.2.21 58.00 OK
r-release-linux-x86_64 0.2.21 1.43 22.56 23.99 OK
r-release-windows-ix86+x86_64 0.2.21 5.00 43.00 48.00 OK
r-release-osx-x86_64 0.2.21 NOTE
r-oldrel-windows-ix86+x86_64 0.2.21 4.00 40.00 44.00 OK
r-oldrel-osx-x86_64 0.2.21 OK

Check Details

Version: 0.2.21
Check: package dependencies
Result: NOTE
    Package suggested but not available for checking: ‘devtools’
Flavor: r-release-osx-x86_64