CRAN Package Check Results for Package DataCombine

Last updated on 2015-03-01 16:46:51.

Flavor Version Tinstall Tcheck Ttotal Status Flags
r-devel-linux-x86_64-debian-clang 0.2.9 1.39 21.25 22.64 OK
r-devel-linux-x86_64-debian-gcc 0.2.9 1.91 19.78 21.68 OK
r-devel-linux-x86_64-fedora-clang 0.2.9 43.45 OK
r-devel-linux-x86_64-fedora-gcc 0.2.9 42.30 OK
r-devel-osx-x86_64-clang 0.2.9 42.85 OK
r-devel-windows-ix86+x86_64 0.2.9 7.00 34.00 41.00 OK
r-patched-linux-x86_64 0.2.9 2.12 28.00 30.12 OK
r-patched-solaris-sparc 0.2.9 323.00 OK
r-patched-solaris-x86 0.2.9 79.10 OK
r-release-linux-ix86 0.2.9 2.52 41.47 44.00 OK
r-release-linux-x86_64 0.2.9 2.79 30.24 33.03 OK
r-release-osx-x86_64-mavericks 0.2.9 OK
r-release-osx-x86_64-snowleopard 0.2.9 OK
r-release-windows-ix86+x86_64 0.2.9 8.00 46.00 54.00 OK
r-oldrel-windows-ix86+x86_64 0.2.9 3.00 2.00 5.00 ERROR

Check Details

Version: 0.2.9
Check: package dependencies
Result: ERROR
    Package required and available but unsuitable version: 'dplyr'
    
    See the information on DESCRIPTION files in the chapter 'Creating R
    packages' of the 'Writing R Extensions' manual.
Flavor: r-oldrel-windows-ix86+x86_64