CRAN Package Check Results for Package DataCombine

Last updated on 2016-12-11 06:57:16.

Flavor Version Tinstall Tcheck Ttotal Status Flags
r-devel-linux-x86_64-debian-clang 0.2.21 1.47 24.17 25.64 OK
r-devel-linux-x86_64-debian-gcc 0.2.21 1.45 27.99 29.44 OK
r-devel-linux-x86_64-fedora-clang 0.2.21 46.81 OK --no-stop-on-test-error
r-devel-linux-x86_64-fedora-gcc 0.2.21 43.71 OK --no-stop-on-test-error
r-devel-macos-x86_64-clang 0.2.21 37.12 OK --no-stop-on-test-error
r-devel-windows-ix86+x86_64 0.2.21 6.00 52.00 58.00 WARN
r-patched-linux-x86_64 0.2.21 1.51 23.86 25.37 OK
r-patched-solaris-sparc 0.2.21 249.30 OK
r-patched-solaris-x86 0.2.21 52.00 OK
r-release-linux-x86_64 0.2.21 1.57 24.72 26.29 OK
r-release-osx-x86_64-mavericks 0.2.21 OK
r-release-windows-ix86+x86_64 0.2.21 6.00 51.00 57.00 OK
r-oldrel-windows-ix86+x86_64 0.2.21 8.00 46.00 54.00 OK

Check Details

Version: 0.2.21
Check: Rd cross-references
Result: WARN
    Missing link or links in documentation object 'FillIn.Rd':
     'data.table'
    
    See section 'Cross-references' in the 'Writing R Extensions' manual.
Flavor: r-devel-windows-ix86+x86_64