CRAN Package Check Results for Package DataCombine

Last updated on 2015-06-30 06:46:53.

Flavor Version Tinstall Tcheck Ttotal Status Flags
r-devel-linux-x86_64-debian-clang 0.2.9 1.42 20.23 21.65 NOTE
r-devel-linux-x86_64-debian-gcc 0.2.9 1.38 20.63 22.01 NOTE
r-devel-linux-x86_64-fedora-clang 0.2.9 43.03 OK
r-devel-linux-x86_64-fedora-gcc 0.2.9 40.91 OK
r-devel-osx-x86_64-clang 0.2.9 41.63 OK
r-devel-windows-ix86+x86_64 0.2.9 5.00 35.00 40.00 NOTE
r-patched-linux-x86_64 0.2.9 1.38 19.99 21.38 OK
r-patched-solaris-sparc 0.2.9 288.70 OK
r-patched-solaris-x86 0.2.9 61.30 OK
r-release-linux-x86_64 0.2.9 1.40 20.41 21.82 OK
r-release-osx-x86_64-mavericks 0.2.9 OK
r-release-windows-ix86+x86_64 0.2.9 6.00 34.00 40.00 OK
r-oldrel-windows-ix86+x86_64 0.2.9 9.00 57.00 66.00 OK

Check Details

Version: 0.2.9
Check: R code for possible problems
Result: NOTE
    FillIn: no visible global function definition for ‘cor’
    ma: no visible global function definition for ‘ts’
    ma: no visible global function definition for ‘ksmooth’
    ma: no visible global function definition for ‘tsp<-’
    ma: no visible global function definition for ‘tsp’
    shift: no visible global function definition for ‘tail’
    shift: no visible global function definition for ‘head’
Flavors: r-devel-linux-x86_64-debian-clang, r-devel-linux-x86_64-debian-gcc, r-devel-windows-ix86+x86_64