CRAN Package Check Results for Package DataCombine

Last updated on 2014-04-25 05:47:13.

Flavor Version Tinstall Tcheck Ttotal Status Flags
r-devel-linux-x86_64-debian-clang 0.1.24 2.71 35.20 37.91 OK
r-devel-linux-x86_64-debian-gcc 0.1.24 2.76 34.10 36.85 OK
r-devel-linux-x86_64-fedora-clang 0.1.24 72.67 OK
r-devel-linux-x86_64-fedora-gcc 0.1.24 68.56 OK
r-devel-osx-x86_64-clang 0.1.24 69.99 OK
r-devel-osx-x86_64-gcc 0.1.24 ERROR
r-devel-windows-ix86+x86_64 0.1.24 9.00 48.00 57.00 OK
r-patched-linux-x86_64 0.1.24 2.78 33.97 36.75 OK
r-patched-solaris-sparc 0.1.24 375.00 OK
r-patched-solaris-x86 0.1.24 89.80 OK
r-release-linux-ix86 0.1.24 5.00 61.00 66.00 OK
r-release-linux-x86_64 0.1.24 2.62 34.03 36.65 OK
r-release-osx-x86_64-mavericks 0.1.24 ERROR
r-release-osx-x86_64-snowleopard 0.1.24 OK
r-release-windows-ix86+x86_64 0.1.24 9.00 49.00 58.00 OK
r-oldrel-windows-ix86+x86_64 0.1.24 9.00 53.00 62.00 OK

Check Details

Version: 0.1.24
Check: package dependencies
Result: ERROR
    Packages required but not available: ‘forecast’ ‘dplyr’
    
    See the information on DESCRIPTION files in the chapter ‘Creating R
    packages’ of the ‘Writing R Extensions’ manual.
Flavor: r-devel-osx-x86_64-gcc

Version: 0.1.24
Check: package dependencies
Result: ERROR
    Package required but not available: ‘forecast’
    
    See the information on DESCRIPTION files in the chapter ‘Creating R
    packages’ of the ‘Writing R Extensions’ manual.
Flavor: r-release-osx-x86_64-mavericks