CRAN Package Check Results for Package DataCombine

Last updated on 2017-05-26 14:46:25.

Flavor Version Tinstall Tcheck Ttotal Status Flags
r-devel-linux-x86_64-debian-clang 0.2.21 1.60 24.78 26.37 OK
r-devel-linux-x86_64-debian-gcc 0.2.21 1.58 27.57 29.15 OK
r-devel-linux-x86_64-fedora-clang 0.2.21 46.57 OK
r-devel-linux-x86_64-fedora-gcc 0.2.21 43.68 OK
r-devel-windows-ix86+x86_64 0.2.21 5.00 44.00 49.00 OK
r-patched-linux-x86_64 0.2.21 1.54 31.21 32.76 OK
r-patched-solaris-sparc 0.2.21 272.70 OK
r-patched-solaris-x86 0.2.21 59.00 OK
r-release-linux-x86_64 0.2.21 1.45 23.09 24.54 OK
r-release-windows-ix86+x86_64 0.2.21 5.00 47.00 52.00 OK
r-release-osx-x86_64 0.2.21 NOTE
r-oldrel-windows-ix86+x86_64 0.2.21 6.00 39.00 45.00 OK
r-oldrel-osx-x86_64 0.2.21 OK

Check Details

Version: 0.2.21
Check: package dependencies
Result: NOTE
    Package suggested but not available for checking: ‘devtools’
Flavor: r-release-osx-x86_64