CRAN Package Check Results for Package DataCombine

Last updated on 2014-12-20 01:49:14.

Flavor Version Tinstall Tcheck Ttotal Status Flags
r-devel-linux-x86_64-debian-clang 0.2.7.1 2.06 27.08 29.14 OK
r-devel-linux-x86_64-debian-gcc 0.2.7.1 1.96 26.17 28.14 OK
r-devel-linux-x86_64-fedora-clang 0.2.7.1 59.83 OK
r-devel-linux-x86_64-fedora-gcc 0.2.7.1 53.20 OK
r-devel-osx-x86_64-clang 0.2.7.1 50.82 OK
r-devel-windows-ix86+x86_64 0.2.7.1 7.00 40.00 47.00 OK
r-patched-linux-x86_64 0.2.7.1 2.13 26.65 28.78 OK
r-patched-solaris-sparc 0.2.7.1 308.80 OK
r-patched-solaris-x86 0.2.7.1 74.00 OK
r-release-linux-ix86 0.2.7.1 2.50 32.60 35.10 OK
r-release-linux-x86_64 0.2.7.1 2.08 26.73 28.80 OK
r-release-osx-x86_64-mavericks 0.2.7.1 OK
r-release-osx-x86_64-snowleopard 0.2.7.1 OK
r-release-windows-ix86+x86_64 0.2.7.1 9.00 45.00 54.00 OK
r-oldrel-windows-ix86+x86_64 0.2.7.1 2.00 1.00 3.00 ERROR

Check Details

Version: 0.2.7.1
Check: package dependencies
Result: ERROR
    Package required and available but unsuitable version: 'dplyr'
    
    See the information on DESCRIPTION files in the chapter 'Creating R
    packages' of the 'Writing R Extensions' manual.
Flavor: r-oldrel-windows-ix86+x86_64