CRAN Package Check Results for Package DataCombine

Last updated on 2017-07-25 01:51:32.

Flavor Version Tinstall Tcheck Ttotal Status Flags
r-devel-linux-x86_64-debian-clang 0.2.21 1.40 33.59 35.00 OK
r-devel-linux-x86_64-debian-gcc 0.2.21 1.42 39.26 40.69 OK
r-devel-linux-x86_64-fedora-clang 0.2.21 46.10 OK
r-devel-linux-x86_64-fedora-gcc 0.2.21 50.14 OK
r-devel-windows-ix86+x86_64 0.2.21 5.00 48.00 53.00 OK
r-patched-linux-x86_64 0.2.21 1.39 38.34 39.73 OK
r-patched-solaris-x86 0.2.21 59.40 OK
r-release-linux-x86_64 0.2.21 1.62 35.06 36.68 OK
r-release-windows-ix86+x86_64 0.2.21 7.00 49.00 56.00 OK
r-release-osx-x86_64 0.2.21 NOTE
r-oldrel-windows-ix86+x86_64 0.2.21 5.00 42.00 47.00 OK
r-oldrel-osx-x86_64 0.2.21 OK

Check Details

Version: 0.2.21
Check: package dependencies
Result: NOTE
    Package suggested but not available for checking: ‘devtools’
Flavor: r-release-osx-x86_64