CRAN Package Check Results for Package DataCombine

Last updated on 2015-05-25 02:47:20.

Flavor Version Tinstall Tcheck Ttotal Status Flags
r-devel-linux-x86_64-debian-clang 0.2.9 1.38 20.54 21.92 OK
r-devel-linux-x86_64-debian-gcc 0.2.9 1.50 21.00 22.51 OK
r-devel-linux-x86_64-fedora-clang 0.2.9 44.46 OK
r-devel-linux-x86_64-fedora-gcc 0.2.9 42.93 OK
r-devel-osx-x86_64-clang 0.2.9 42.19 OK
r-devel-windows-ix86+x86_64 0.2.9 5.00 33.00 38.00 OK
r-patched-linux-x86_64 0.2.9 1.73 20.04 21.77 OK
r-patched-solaris-sparc 0.2.9 288.70 OK
r-patched-solaris-x86 0.2.9 60.90 OK
r-release-linux-x86_64 0.2.9 1.44 20.52 21.96 OK
r-release-osx-x86_64-mavericks 0.2.9 OK
r-release-osx-x86_64-snowleopard 0.2.9 ERROR
r-release-windows-ix86+x86_64 0.2.9 5.00 36.00 41.00 OK
r-oldrel-windows-ix86+x86_64 0.2.9 9.00 48.00 57.00 OK

Check Details

Version: 0.2.9
Check: package dependencies
Result: ERROR
    Package required but not available: ‘dplyr’
    
    Package suggested but not available for checking: ‘devtools’
    
    See section ‘The DESCRIPTION file’ in the ‘Writing R Extensions’
    manual.
Flavor: r-release-osx-x86_64-snowleopard