CRAN Package Check Results for Package DataCombine

Last updated on 2017-11-24 09:47:36 CET.

Flavor Version Tinstall Tcheck Ttotal Status Flags
r-devel-linux-x86_64-debian-clang 0.2.21 1.30 36.46 37.76 OK
r-devel-linux-x86_64-debian-gcc 0.2.21 1.79 51.11 52.90 OK
r-devel-linux-x86_64-fedora-clang 0.2.21 39.92 OK
r-devel-linux-x86_64-fedora-gcc 0.2.21 38.71 OK
r-devel-windows-ix86+x86_64 0.2.21 5.00 66.00 71.00 OK
r-patched-linux-x86_64 0.2.21 1.90 58.40 60.30 OK
r-patched-solaris-x86 0.2.21 58.90 OK
r-release-linux-x86_64 0.2.21 1.97 57.71 59.68 OK
r-release-windows-ix86+x86_64 0.2.21 5.00 46.00 51.00 OK
r-release-osx-x86_64 0.2.21 NOTE
r-oldrel-windows-ix86+x86_64 0.2.21 5.00 42.00 47.00 OK
r-oldrel-osx-x86_64 0.2.21 OK

Check Details

Version: 0.2.21
Check: package dependencies
Result: NOTE
    Package suggested but not available for checking: ‘devtools’
Flavor: r-release-osx-x86_64