CRAN Package Check Results for Package DataCombine

Last updated on 2017-09-22 05:47:53.

Flavor Version Tinstall Tcheck Ttotal Status Flags
r-devel-linux-x86_64-debian-clang 0.2.21 1.38 23.67 25.05 OK
r-devel-linux-x86_64-debian-gcc 0.2.21 1.46 21.95 23.41 OK
r-devel-linux-x86_64-fedora-clang 0.2.21 46.65 OK
r-devel-linux-x86_64-fedora-gcc 0.2.21 43.22 OK
r-devel-windows-ix86+x86_64 0.2.21 4.00 48.00 52.00 OK
r-patched-linux-x86_64 0.2.21 1.50 21.94 23.44 OK
r-patched-solaris-x86 0.2.21 60.10 OK
r-release-linux-x86_64 0.2.21 1.38 22.82 24.20 OK
r-release-windows-ix86+x86_64 0.2.21 5.00 48.00 53.00 OK
r-release-osx-x86_64 0.2.21 NOTE
r-oldrel-windows-ix86+x86_64 0.2.21 4.00 39.00 43.00 OK
r-oldrel-osx-x86_64 0.2.21 OK

Check Details

Version: 0.2.21
Check: package dependencies
Result: NOTE
    Package suggested but not available for checking: ‘devtools’
Flavor: r-release-osx-x86_64