CRAN Package Check Results for Package DataCombine

Last updated on 2018-02-22 16:47:36 CET.

Flavor Version Tinstall Tcheck Ttotal Status Flags
r-devel-linux-x86_64-debian-clang 0.2.21 2.47 31.63 34.10 OK
r-devel-linux-x86_64-debian-gcc 0.2.21 2.50 26.64 29.14 OK
r-devel-linux-x86_64-fedora-clang 0.2.21 44.15 OK
r-devel-linux-x86_64-fedora-gcc 0.2.21 43.02 OK
r-devel-windows-ix86+x86_64 0.2.21 9.00 48.00 57.00 OK
r-patched-linux-x86_64 0.2.21 1.51 34.74 36.25 OK
r-patched-solaris-x86 0.2.21 58.60 OK
r-release-linux-x86_64 0.2.21 2.01 35.06 37.07 OK
r-release-windows-ix86+x86_64 0.2.21 8.00 64.00 72.00 OK
r-release-osx-x86_64 0.2.21 NOTE
r-oldrel-windows-ix86+x86_64 0.2.21 4.00 43.00 47.00 OK
r-oldrel-osx-x86_64 0.2.21 OK

Check Details

Version: 0.2.21
Check: package dependencies
Result: NOTE
    Package suggested but not available for checking: ‘devtools’
Flavor: r-release-osx-x86_64