CRAN Package Check Results for Package DataCombine

Last updated on 2018-04-25 19:46:44 CEST.

Flavor Version Tinstall Tcheck Ttotal Status Flags
r-devel-linux-x86_64-debian-clang 0.2.21 3.16 34.37 37.53 OK
r-devel-linux-x86_64-debian-gcc 0.2.21 2.06 26.90 28.96 OK
r-devel-linux-x86_64-fedora-clang 0.2.21 44.66 OK
r-devel-linux-x86_64-fedora-gcc 0.2.21 43.46 OK
r-devel-windows-ix86+x86_64 0.2.21 8.00 61.00 69.00 OK
r-patched-linux-x86_64 0.2.21 2.19 33.69 35.88 OK
r-patched-solaris-x86 0.2.21 64.90 OK
r-release-linux-x86_64 0.2.21 2.61 33.35 35.96 OK
r-release-windows-ix86+x86_64 0.2.21 8.00 61.00 69.00 OK
r-release-osx-x86_64 0.2.21 OK
r-oldrel-windows-ix86+x86_64 0.2.21 6.00 58.00 64.00 OK
r-oldrel-osx-x86_64 0.2.21 NOTE

Check Details

Version: 0.2.21
Check: package dependencies
Result: NOTE
    Package suggested but not available for checking: ‘devtools’
Flavor: r-oldrel-osx-x86_64