CRAN Package Check Results for Package DataCombine

Last updated on 2015-08-31 12:47:37.

Flavor Version Tinstall Tcheck Ttotal Status Flags
r-devel-linux-x86_64-debian-clang 0.2.9 1.45 20.63 22.08 NOTE
r-devel-linux-x86_64-debian-gcc 0.2.9 1.42 19.99 21.41 NOTE
r-devel-linux-x86_64-fedora-clang 0.2.9 43.08 NOTE
r-devel-linux-x86_64-fedora-gcc 0.2.9 38.38 NOTE
r-devel-osx-x86_64-clang 0.2.9 37.88 OK
r-devel-windows-ix86+x86_64 0.2.9 7.00 38.00 45.00 NOTE
r-patched-linux-x86_64 0.2.9 1.46 21.05 22.51 OK
r-patched-solaris-sparc 0.2.9 292.90 OK
r-patched-solaris-x86 0.2.9 63.00 OK
r-release-linux-x86_64 0.2.9 1.44 21.21 22.65 OK
r-release-osx-x86_64-mavericks 0.2.9 OK
r-release-windows-ix86+x86_64 0.2.9 7.00 35.00 42.00 OK
r-oldrel-windows-ix86+x86_64 0.2.9 11.00 58.00 69.00 OK

Check Details

Version: 0.2.9
Check: R code for possible problems
Result: NOTE
    FillIn: no visible global function definition for ‘cor’
    ma: no visible global function definition for ‘ts’
    ma: no visible global function definition for ‘ksmooth’
    ma: no visible global function definition for ‘tsp<-’
    ma: no visible global function definition for ‘tsp’
    shift: no visible global function definition for ‘tail’
    shift: no visible global function definition for ‘head’
    Undefined global functions or variables:
     cor head ksmooth tail ts tsp tsp<-
    Consider adding
     importFrom("stats", "cor", "ksmooth", "ts", "tsp", "tsp<-")
     importFrom("utils", "head", "tail")
    to your NAMESPACE.
Flavors: r-devel-linux-x86_64-debian-clang, r-devel-linux-x86_64-debian-gcc, r-devel-linux-x86_64-fedora-clang, r-devel-linux-x86_64-fedora-gcc, r-devel-windows-ix86+x86_64