CRAN Package Check Results for Package DataLoader

Last updated on 2021-04-18 07:48:29 CEST.

Flavor Version Tinstall Tcheck Ttotal Status Flags
r-devel-linux-x86_64-debian-clang 1.3 8.47 77.51 85.98 NOTE
r-devel-linux-x86_64-debian-gcc 1.3 7.47 59.39 66.86 NOTE
r-devel-linux-x86_64-fedora-clang 1.3 112.73 NOTE
r-devel-linux-x86_64-fedora-gcc 1.3 101.76 NOTE
r-devel-windows-ix86+x86_64 1.3 17.00 81.00 98.00 NOTE
r-devel-windows-x86_64-gcc10-UCRT 1.3 NOTE
r-patched-linux-x86_64 1.3 8.41 73.74 82.15 OK
r-patched-solaris-x86 1.3 111.10 OK
r-release-linux-x86_64 1.3 7.92 74.06 81.98 OK
r-release-macos-x86_64 1.3 OK
r-release-windows-ix86+x86_64 1.3 20.00 83.00 103.00 OK
r-oldrel-macos-x86_64 1.3 OK
r-oldrel-windows-ix86+x86_64 1.3 10.00 81.00 91.00 OK

Check Details

Version: 1.3
Check: LazyData
Result: NOTE
     'LazyData' is specified without a 'data' directory
Flavors: r-devel-linux-x86_64-debian-clang, r-devel-linux-x86_64-debian-gcc, r-devel-linux-x86_64-fedora-clang, r-devel-linux-x86_64-fedora-gcc, r-devel-windows-ix86+x86_64, r-devel-windows-x86_64-gcc10-UCRT