CRAN Package Check Results for Package DataVisualizations

Last updated on 2022-12-04 01:53:10 CET.

Flavor Version Tinstall Tcheck Ttotal Status Flags
r-devel-linux-x86_64-debian-clang 1.2.3 54.67 301.98 356.65 OK
r-devel-linux-x86_64-debian-gcc 1.2.3 43.72 223.32 267.04 OK
r-devel-linux-x86_64-fedora-clang 1.2.3 474.32 NOTE
r-devel-linux-x86_64-fedora-gcc 1.2.3 495.21 OK
r-devel-windows-x86_64 1.2.3 307.00 338.00 645.00 NOTE
r-patched-linux-x86_64 1.2.3 56.36 293.14 349.50 OK
r-release-linux-x86_64 1.2.3 45.41 304.77 350.18 OK
r-release-macos-arm64 1.2.3 153.00 NOTE
r-release-macos-x86_64 1.2.3 151.00 NOTE
r-release-windows-x86_64 1.2.3 200.00 468.00 668.00 NOTE
r-oldrel-macos-arm64 1.2.3 134.00 NOTE
r-oldrel-macos-x86_64 1.2.3 151.00 NOTE
r-oldrel-windows-ix86+x86_64 1.2.3 135.00 374.00 509.00 NOTE

Check Details

Version: 1.2.3
Check: Rd cross-references
Result: NOTE
    Undeclared package ‘FCPS’ in Rd xrefs
Flavor: r-devel-linux-x86_64-fedora-clang

Version: 1.2.3
Check: installed package size
Result: NOTE
     installed size is 5.6Mb
     sub-directories of 1Mb or more:
     doc 3.2Mb
     libs 1.0Mb
Flavors: r-devel-windows-x86_64, r-release-macos-arm64, r-release-macos-x86_64, r-release-windows-x86_64, r-oldrel-macos-arm64, r-oldrel-macos-x86_64, r-oldrel-windows-ix86+x86_64