CRAN Package Check Results for Package DataVisualizations

Last updated on 2022-07-05 10:48:52 CEST.

Flavor Version Tinstall Tcheck Ttotal Status Flags
r-devel-linux-x86_64-debian-clang 1.2.3 58.63 295.33 353.96 OK
r-devel-linux-x86_64-debian-gcc 1.2.3 41.85 220.69 262.54 OK
r-devel-linux-x86_64-fedora-clang 1.2.3 462.13 NOTE
r-devel-linux-x86_64-fedora-gcc 1.2.3 481.70 OK
r-devel-windows-x86_64 1.2.3 326.00 324.00 650.00 NOTE
r-patched-linux-x86_64 1.2.3 49.85 299.78 349.63 OK
r-release-linux-x86_64 1.2.3 50.25 292.11 342.36 OK
r-release-macos-arm64 1.2.3 153.00 NOTE
r-release-macos-x86_64 1.2.3 151.00 NOTE
r-release-windows-x86_64 1.2.3 239.00 327.00 566.00 NOTE
r-oldrel-macos-arm64 1.2.3 134.00 NOTE
r-oldrel-macos-x86_64 1.2.3 151.00 NOTE
r-oldrel-windows-ix86+x86_64 1.2.3 141.00 367.00 508.00 NOTE

Check Details

Version: 1.2.3
Check: installed package size
Result: NOTE
     installed size is 5.7Mb
     sub-directories of 1Mb or more:
     doc 3.2Mb
     libs 1.1Mb
Flavors: r-devel-linux-x86_64-fedora-clang, r-devel-windows-x86_64, r-release-macos-arm64, r-release-macos-x86_64, r-release-windows-x86_64, r-oldrel-macos-arm64, r-oldrel-macos-x86_64, r-oldrel-windows-ix86+x86_64

Version: 1.2.3
Check: Rd cross-references
Result: NOTE
    Undeclared package ‘FCPS’ in Rd xrefs
Flavor: r-devel-linux-x86_64-fedora-clang