CRAN Package Check Results for Package DatabaseConnector

Last updated on 2024-07-21 02:55:28 CEST.

Flavor Version Tinstall Tcheck Ttotal Status Flags
r-devel-linux-x86_64-debian-clang 6.3.2 13.66 122.41 136.07 OK
r-devel-linux-x86_64-debian-gcc 6.3.2 8.84 93.08 101.92 OK
r-devel-linux-x86_64-fedora-clang 6.3.2 182.93 OK
r-devel-linux-x86_64-fedora-gcc 6.3.2 175.34 OK
r-devel-windows-x86_64 6.3.2 12.00 150.00 162.00 NOTE
r-patched-linux-x86_64 6.3.2 24.34 118.54 142.88 OK
r-release-linux-x86_64 6.3.2 7.66 119.88 127.54 OK
r-release-macos-arm64 6.3.2 59.00 OK
r-release-macos-x86_64 6.3.2 94.00 OK
r-release-windows-x86_64 6.3.2 13.00 147.00 160.00 OK
r-oldrel-macos-arm64 6.3.2 64.00 OK
r-oldrel-macos-x86_64 6.3.2 103.00 OK
r-oldrel-windows-x86_64 6.3.2 16.00 171.00 187.00 OK

Check Details

Version: 6.3.2
Check: Rd cross-references
Result: NOTE Found the following Rd file(s) with Rd \link{} targets missing package anchors: computeDataHash.Rd: dbConnect connect.Rd: dbConnect createConnectionDetails.Rd: dbConnect dbAppendTable-DatabaseConnectorConnection-character-method.Rd: DBIConnection-class dbClearResult-DatabaseConnectorDbiResult-method.Rd: DBIResult-class dbClearResult-DatabaseConnectorJdbcResult-method.Rd: DBIResult-class dbColumnInfo-DatabaseConnectorDbiResult-method.Rd: DBIResult-class dbColumnInfo-DatabaseConnectorJdbcResult-method.Rd: DBIResult-class dbCreateTable-DatabaseConnectorConnection-method.Rd: DBIConnection-class dbDisconnect-DatabaseConnectorConnection-method.Rd: DBIConnection-class dbExecute-DatabaseConnectorConnection-character-method.Rd: DBIConnection-class dbExistsTable-DatabaseConnectorConnection-character-method.Rd: DBIConnection-class dbFetch-DatabaseConnectorDbiResult-method.Rd: DBIResult-class dbFetch-DatabaseConnectorJdbcResult-method.Rd: DBIResult-class dbGetInfo-DatabaseConnectorConnection-method.Rd: DBIDriver-class, DBIConnection-class, DBIResult-class, DBIObject-class dbGetInfo-DatabaseConnectorDriver-method.Rd: DBIDriver-class, DBIConnection-class, DBIResult-class, DBIObject-class dbGetQuery-DatabaseConnectorConnection-character-method.Rd: DBIConnection-class dbGetRowCount-DatabaseConnectorDbiResult-method.Rd: DBIResult-class dbGetRowCount-DatabaseConnectorJdbcResult-method.Rd: DBIResult-class dbGetRowsAffected-DatabaseConnectorDbiResult-method.Rd: DBIResult-class dbGetRowsAffected-DatabaseConnectorJdbcResult-method.Rd: DBIResult-class dbGetStatement-DatabaseConnectorDbiResult-method.Rd: DBIResult-class dbGetStatement-DatabaseConnectorJdbcResult-method.Rd: DBIResult-class dbHasCompleted-DatabaseConnectorDbiResult-method.Rd: DBIResult-class dbHasCompleted-DatabaseConnectorJdbcResult-method.Rd: DBIResult-class dbIsValid-DatabaseConnectorDbiConnection-method.Rd: DBIObject-class, DBIDriver-class, DBIConnection-class, DBIResult-class dbIsValid-DatabaseConnectorJdbcConnection-method.Rd: DBIObject-class, DBIDriver-class, DBIConnection-class, DBIResult-class dbListFields-DatabaseConnectorConnection-character-method.Rd: DBIConnection-class dbListTables-DatabaseConnectorConnection-method.Rd: DBIConnection-class dbReadTable-DatabaseConnectorConnection-character-method.Rd: DBIConnection-class dbRemoveTable-DatabaseConnectorConnection-ANY-method.Rd: DBIConnection-class dbSendQuery-DatabaseConnectorDbiConnection-character-method.Rd: DBIConnection-class, DBIResult-class dbSendQuery-DatabaseConnectorJdbcConnection-character-method.Rd: DBIConnection-class, DBIResult-class dbSendStatement-DatabaseConnectorConnection-character-method.Rd: DBIConnection-class, DBIResult-class dbWriteTable-DatabaseConnectorConnection-ANY-method.Rd: DBIConnection-class dbms.Rd: dbConnect disconnect.Rd: dbConnect dropEmulatedTempTables.Rd: dbConnect executeSql.Rd: dbConnect existsTable.Rd: dbConnect getTableNames.Rd: dbConnect insertTable.Rd: dbConnect lowLevelExecuteSql.Rd: dbConnect lowLevelQuerySql.Rd: dbConnect lowLevelQuerySqlToAndromeda.Rd: dbConnect querySql.Rd: dbConnect querySqlToAndromeda.Rd: dbConnect renderTranslateExecuteSql.Rd: dbConnect renderTranslateQueryApplyBatched.Rd: dbConnect renderTranslateQuerySql.Rd: dbConnect renderTranslateQuerySqlToAndromeda.Rd: dbConnect Please provide package anchors for all Rd \link{} targets not in the package itself and the base packages. Flavor: r-devel-windows-x86_64