Last updated on 2022-07-03 22:50:32 CEST.
Flavor | Version | Tinstall | Tcheck | Ttotal | Status | Flags |
---|---|---|---|---|---|---|
r-devel-linux-x86_64-debian-clang | 1.8.2 | 14.15 | 64.58 | 78.73 | OK | |
r-devel-linux-x86_64-debian-gcc | 1.8.2 | 10.21 | 47.21 | 57.42 | OK | |
r-devel-linux-x86_64-fedora-clang | 1.8.2 | 102.90 | NOTE | |||
r-devel-linux-x86_64-fedora-gcc | 1.8.2 | 108.88 | NOTE | |||
r-devel-windows-x86_64 | 1.8.2 | 100.00 | 90.00 | 190.00 | OK | |
r-patched-linux-x86_64 | 1.8.2 | 12.13 | 59.10 | 71.23 | OK | |
r-release-linux-x86_64 | 1.8.2 | 15.65 | 59.38 | 75.03 | OK | |
r-release-macos-arm64 | 1.8.2 | 26.00 | NOTE | |||
r-release-macos-x86_64 | 1.8.2 | 54.00 | NOTE | |||
r-release-windows-x86_64 | 1.8.2 | 92.00 | 87.00 | 179.00 | OK | |
r-oldrel-macos-arm64 | 1.8.2 | 28.00 | NOTE | |||
r-oldrel-macos-x86_64 | 1.8.2 | 38.00 | NOTE | |||
r-oldrel-windows-ix86+x86_64 | 1.8.2 | 31.00 | 87.00 | 118.00 | OK |
Version: 1.8.2
Check: data for non-ASCII characters
Result: NOTE
Note: found 8 marked Latin-1 strings
Flavors: r-devel-linux-x86_64-fedora-clang, r-devel-linux-x86_64-fedora-gcc, r-release-macos-arm64, r-release-macos-x86_64, r-oldrel-macos-arm64, r-oldrel-macos-x86_64