CRAN Package Check Results for Package Davies

Last updated on 2015-03-31 03:48:27.

Flavor Version Tinstall Tcheck Ttotal Status Flags
r-devel-linux-x86_64-debian-clang 1.1-8 0.62 12.92 13.54 NOTE
r-devel-linux-x86_64-debian-gcc 1.1-8 0.65 13.19 13.84 NOTE
r-devel-linux-x86_64-fedora-clang 1.1-8 26.40 NOTE
r-devel-linux-x86_64-fedora-gcc 1.1-8 25.37 NOTE
r-devel-osx-x86_64-clang 1.1-8 32.93 NOTE
r-prerel-windows-ix86+x86_64 1.1-8 4.00 21.00 25.00 NOTE
r-prerel-linux-x86_64 1.1-8 0.58 12.99 13.58 NOTE
r-prerel-solaris-sparc 1.1-8 177.90 NOTE
r-prerel-solaris-x86 1.1-8 34.70 NOTE
r-release-linux-x86_64 1.1-8 0.64 13.73 14.36 NOTE
r-release-osx-x86_64-mavericks 1.1-8 OK
r-release-windows-ix86+x86_64 1.1-8 4.00 29.00 33.00 OK
r-oldrel-windows-ix86+x86_64 1.1-8 2.00 22.00 24.00 OK

Check Details

Version: 1.1-8
Check: DESCRIPTION meta-information
Result: NOTE
    Malformed Description field: should contain one or more complete sentences.
Flavors: r-devel-linux-x86_64-debian-clang, r-devel-linux-x86_64-debian-gcc, r-devel-linux-x86_64-fedora-clang, r-devel-linux-x86_64-fedora-gcc, r-devel-osx-x86_64-clang, r-prerel-windows-ix86+x86_64, r-prerel-linux-x86_64, r-prerel-solaris-sparc, r-prerel-solaris-x86

Version: 1.1-8
Check: Rd line widths
Result: NOTE
    Rd file 'davies.moment.Rd':
     \examples lines wider than 100 characters:
     leg.txt <- expression(lambda[2]==0.001,lambda[2]==0.01,lambda[2]==0.02,lambda[2]==0.05,lambda[2]==0.1,lambda[2]==0.14)
    
    These lines will be truncated in the PDF manual.
Flavors: r-devel-linux-x86_64-debian-clang, r-devel-linux-x86_64-debian-gcc, r-devel-linux-x86_64-fedora-clang, r-devel-linux-x86_64-fedora-gcc, r-prerel-linux-x86_64, r-release-linux-x86_64