CRAN Package Check Results for Package Davies

Last updated on 2014-04-24 03:47:42.

Flavor Version Tinstall Tcheck Ttotal Status Flags
r-devel-linux-x86_64-debian-clang 1.1-8 0.64 13.58 14.22 OK
r-devel-linux-x86_64-debian-gcc 1.1-8 0.64 14.30 14.94 OK
r-devel-linux-x86_64-fedora-clang 1.1-8 28.02 NOTE
r-devel-linux-x86_64-fedora-gcc 1.1-8 26.76 NOTE
r-devel-osx-x86_64-clang 1.1-8 29.15 OK
r-devel-osx-x86_64-gcc 1.1-8 OK
r-devel-windows-ix86+x86_64 1.1-8 2.00 20.00 22.00 OK
r-patched-linux-x86_64 1.1-8 0.64 13.77 14.41 OK
r-patched-solaris-sparc 1.1-8 165.30 OK
r-patched-solaris-x86 1.1-8 37.50 OK
r-release-linux-ix86 1.1-8 2.00 28.00 30.00 OK
r-release-linux-x86_64 1.1-8 0.64 13.88 14.53 OK
r-release-osx-x86_64-mavericks 1.1-8 OK
r-release-windows-ix86+x86_64 1.1-8 5.00 30.00 35.00 OK
r-oldrel-windows-ix86+x86_64 1.1-8 2.00 22.00 24.00 OK

Check Details

Version: 1.1-8
Check: Rd line widths
Result: NOTE
    Rd file 'davies.moment.Rd':
     \examples lines wider than 100 characters:
     leg.txt <- expression(lambda[2]==0.001,lambda[2]==0.01,lambda[2]==0.02,lambda[2]==0.05,lambda[2]==0.1,lambda[2]==0.14)
    
    These lines will be truncated in the PDF manual.
Flavors: r-devel-linux-x86_64-fedora-clang, r-devel-linux-x86_64-fedora-gcc