CRAN Package Check Results for Package Davies

Last updated on 2014-09-20 19:47:15.

Flavor Version Tinstall Tcheck Ttotal Status Flags
r-devel-linux-x86_64-debian-clang 1.1-8 0.58 13.44 14.03 NOTE
r-devel-linux-x86_64-debian-gcc 1.1-8 0.69 13.22 13.91 NOTE
r-devel-linux-x86_64-fedora-clang 1.1-8 27.36 NOTE
r-devel-linux-x86_64-fedora-gcc 1.1-8 28.94 NOTE
r-devel-osx-x86_64-clang 1.1-8 30.90 OK
r-devel-windows-ix86+x86_64 1.1-8 2.00 19.00 21.00 OK
r-patched-linux-x86_64 1.1-8 0.61 13.46 14.07 NOTE
r-patched-solaris-sparc 1.1-8 166.90 OK
r-patched-solaris-x86 1.1-8 36.60 OK
r-release-linux-ix86 1.1-8 0.92 20.04 20.96 OK
r-release-linux-x86_64 1.1-8 0.74 13.50 14.24 NOTE
r-release-osx-x86_64-mavericks 1.1-8 OK
r-release-windows-ix86+x86_64 1.1-8 4.00 22.00 26.00 OK
r-oldrel-windows-ix86+x86_64 1.1-8 2.00 22.00 24.00 OK

Check Details

Version: 1.1-8
Check: Rd line widths
Result: NOTE
    Rd file 'davies.moment.Rd':
     \examples lines wider than 100 characters:
     leg.txt <- expression(lambda[2]==0.001,lambda[2]==0.01,lambda[2]==0.02,lambda[2]==0.05,lambda[2]==0.1,lambda[2]==0.14)
    
    These lines will be truncated in the PDF manual.
Flavors: r-devel-linux-x86_64-debian-clang, r-devel-linux-x86_64-debian-gcc, r-devel-linux-x86_64-fedora-clang, r-devel-linux-x86_64-fedora-gcc, r-patched-linux-x86_64, r-release-linux-x86_64