CRAN Package Check Results for Package Davies

Last updated on 2015-04-27 03:47:17.

Flavor Version Tinstall Tcheck Ttotal Status Flags
r-devel-linux-x86_64-debian-clang 1.1-8 0.60 13.74 14.34 NOTE
r-devel-linux-x86_64-debian-gcc 1.1-8 0.60 13.12 13.72 NOTE
r-devel-linux-x86_64-fedora-clang 1.1-8 26.61 NOTE
r-devel-linux-x86_64-fedora-gcc 1.1-8 25.15 NOTE
r-devel-osx-x86_64-clang 1.1-8 28.92 NOTE
r-devel-windows-ix86+x86_64 1.1-8 3.00 23.00 26.00 NOTE
r-patched-linux-x86_64 1.1-8 0.59 12.88 13.46 NOTE
r-patched-solaris-sparc 1.1-8 177.90 NOTE
r-patched-solaris-x86 1.1-8 34.90 NOTE
r-release-linux-x86_64 1.1-8 0.60 13.01 13.61 NOTE
r-release-osx-x86_64-mavericks 1.1-8 NOTE
r-release-osx-x86_64-snowleopard 1.1-8 NOTE
r-release-windows-ix86+x86_64 1.1-8 2.00 18.00 20.00 NOTE
r-oldrel-windows-ix86+x86_64 1.1-8 4.00 29.00 33.00 OK

Check Details

Version: 1.1-8
Check: DESCRIPTION meta-information
Result: NOTE
    Malformed Description field: should contain one or more complete sentences.
Flavors: r-devel-linux-x86_64-debian-clang, r-devel-linux-x86_64-debian-gcc, r-devel-linux-x86_64-fedora-clang, r-devel-linux-x86_64-fedora-gcc, r-devel-osx-x86_64-clang, r-devel-windows-ix86+x86_64, r-patched-solaris-sparc, r-patched-solaris-x86, r-release-osx-x86_64-mavericks, r-release-osx-x86_64-snowleopard, r-release-windows-ix86+x86_64

Version: 1.1-8
Check: Rd line widths
Result: NOTE
    Rd file 'davies.moment.Rd':
     \examples lines wider than 100 characters:
     leg.txt <- expression(lambda[2]==0.001,lambda[2]==0.01,lambda[2]==0.02,lambda[2]==0.05,lambda[2]==0.1,lambda[2]==0.14)
    
    These lines will be truncated in the PDF manual.
Flavors: r-devel-linux-x86_64-debian-clang, r-devel-linux-x86_64-debian-gcc, r-devel-linux-x86_64-fedora-clang, r-devel-linux-x86_64-fedora-gcc