CRAN Package Check Results for Package Davies

Last updated on 2015-01-31 20:46:44.

Flavor Version Tinstall Tcheck Ttotal Status Flags
r-devel-linux-x86_64-debian-clang 1.1-8 0.61 13.23 13.84 NOTE
r-devel-linux-x86_64-debian-gcc 1.1-8 0.60 12.84 13.44 NOTE
r-devel-linux-x86_64-fedora-clang 1.1-8 28.68 NOTE
r-devel-linux-x86_64-fedora-gcc 1.1-8 29.94 NOTE
r-devel-osx-x86_64-clang 1.1-8 31.78 OK
r-devel-windows-ix86+x86_64 1.1-8 3.00 24.00 27.00 OK
r-patched-linux-x86_64 1.1-8 0.67 13.92 14.59 NOTE
r-patched-solaris-sparc 1.1-8 187.50 OK
r-patched-solaris-x86 1.1-8 38.70 OK
r-release-linux-ix86 1.1-8 0.93 20.52 21.45 NOTE
r-release-linux-x86_64 1.1-8 0.64 13.70 14.34 NOTE
r-release-osx-x86_64-mavericks 1.1-8 OK
r-release-windows-ix86+x86_64 1.1-8 2.00 24.00 26.00 OK
r-oldrel-windows-ix86+x86_64 1.1-8 2.00 22.00 24.00 OK

Check Details

Version: 1.1-8
Check: Rd line widths
Result: NOTE
    Rd file 'davies.moment.Rd':
     \examples lines wider than 100 characters:
     leg.txt <- expression(lambda[2]==0.001,lambda[2]==0.01,lambda[2]==0.02,lambda[2]==0.05,lambda[2]==0.1,lambda[2]==0.14)
    
    These lines will be truncated in the PDF manual.
Flavors: r-devel-linux-x86_64-debian-clang, r-devel-linux-x86_64-debian-gcc, r-devel-linux-x86_64-fedora-clang, r-devel-linux-x86_64-fedora-gcc, r-patched-linux-x86_64, r-release-linux-ix86, r-release-linux-x86_64