CRAN Package Check Results for Package Davies

Last updated on 2015-09-03 23:47:27.

Flavor Version Tinstall Tcheck Ttotal Status Flags
r-devel-linux-x86_64-debian-clang 1.1-8 0.54 12.46 13.00 NOTE
r-devel-linux-x86_64-debian-gcc 1.1-8 0.54 12.54 13.08 NOTE
r-devel-linux-x86_64-fedora-clang 1.1-8 25.21 NOTE
r-devel-linux-x86_64-fedora-gcc 1.1-8 24.25 NOTE
r-devel-osx-x86_64-clang 1.1-8 24.49 NOTE
r-devel-windows-ix86+x86_64 1.1-8 2.00 26.00 28.00 NOTE
r-patched-linux-x86_64 1.1-8 0.61 12.79 13.40 NOTE
r-patched-solaris-sparc 1.1-8 175.30 NOTE
r-patched-solaris-x86 1.1-8 35.80 NOTE
r-release-linux-x86_64 1.1-8 0.79 12.79 13.58 NOTE
r-release-osx-x86_64-mavericks 1.1-8 NOTE
r-release-windows-ix86+x86_64 1.1-8 3.00 35.00 38.00 NOTE
r-oldrel-windows-ix86+x86_64 1.1-8 4.00 29.00 33.00 OK

Check Details

Version: 1.1-8
Check: DESCRIPTION meta-information
Result: NOTE
    Malformed Description field: should contain one or more complete sentences.
Flavors: r-devel-linux-x86_64-debian-clang, r-devel-linux-x86_64-debian-gcc, r-devel-linux-x86_64-fedora-clang, r-devel-linux-x86_64-fedora-gcc, r-devel-osx-x86_64-clang, r-devel-windows-ix86+x86_64, r-patched-linux-x86_64, r-patched-solaris-sparc, r-patched-solaris-x86, r-release-linux-x86_64, r-release-osx-x86_64-mavericks, r-release-windows-ix86+x86_64

Version: 1.1-8
Check: R code for possible problems
Result: NOTE
    davies.start: no visible global function definition for ‘quantile’
    fit.davies.p: no visible global function definition for ‘plot’
    fit.davies.p: no visible global function definition for ‘points’
    fit.davies.q: no visible global function definition for ‘plot’
    fit.davies.q: no visible global function definition for ‘points’
    least.squares: no visible global function definition for ‘optim’
    maximum.likelihood: no visible global function definition for ‘optim’
    pdavies: no visible global function definition for ‘uniroot’
    pgld: no visible global function definition for ‘uniroot’
    plotcf: no visible global function definition for ‘plot’
    plotcf: no visible global function definition for ‘points’
    plotcf: no visible global function definition for ‘lines’
    rdavies: no visible global function definition for ‘runif’
    rgld: no visible global function definition for ‘runif’
    rstupid: no visible global function definition for ‘rbinom’
    rstupid: no visible global function definition for ‘runif’
    twolines.vert: no visible global function definition for ‘plot’
    twolines.vert: no visible global function definition for ‘lines’
    twolines.vert: no visible global function definition for ‘segments’
    Undefined global functions or variables:
     lines optim plot points quantile rbinom runif segments uniroot
    Consider adding
     importFrom("graphics", "lines", "plot", "points", "segments")
     importFrom("stats", "optim", "quantile", "rbinom", "runif", "uniroot")
    to your NAMESPACE.
Flavors: r-devel-linux-x86_64-debian-clang, r-devel-linux-x86_64-debian-gcc, r-devel-linux-x86_64-fedora-clang, r-devel-linux-x86_64-fedora-gcc, r-devel-windows-ix86+x86_64

Version: 1.1-8
Check: Rd line widths
Result: NOTE
    Rd file 'davies.moment.Rd':
     \examples lines wider than 100 characters:
     leg.txt <- expression(lambda[2]==0.001,lambda[2]==0.01,lambda[2]==0.02,lambda[2]==0.05,lambda[2]==0.1,lambda[2]==0.14)
    
    These lines will be truncated in the PDF manual.
Flavors: r-devel-linux-x86_64-debian-clang, r-devel-linux-x86_64-debian-gcc, r-devel-linux-x86_64-fedora-clang, r-devel-linux-x86_64-fedora-gcc, r-patched-linux-x86_64, r-release-linux-x86_64