CRAN Package Check Results for Package Davies

Last updated on 2014-11-29 03:51:51.

Flavor Version Tinstall Tcheck Ttotal Status Flags
r-devel-linux-x86_64-debian-clang 1.1-8 0.63 13.58 14.20 NOTE
r-devel-linux-x86_64-debian-gcc 1.1-8 0.62 13.35 13.96 NOTE
r-devel-linux-x86_64-fedora-clang 1.1-8 31.60 NOTE
r-devel-linux-x86_64-fedora-gcc 1.1-8 29.50 NOTE
r-devel-osx-x86_64-clang 1.1-8 30.58 OK
r-devel-windows-ix86+x86_64 1.1-8 2.00 22.00 24.00 OK
r-patched-linux-x86_64 1.1-8 0.64 14.08 14.72 NOTE
r-patched-solaris-sparc 1.1-8 166.90 OK
r-patched-solaris-x86 1.1-8 38.60 OK
r-release-linux-ix86 1.1-8 0.90 20.30 21.21 OK
r-release-linux-x86_64 1.1-8 0.67 13.81 14.48 NOTE
r-release-osx-x86_64-mavericks 1.1-8 OK
r-release-windows-ix86+x86_64 1.1-8 2.00 24.00 26.00 OK
r-oldrel-windows-ix86+x86_64 1.1-8 2.00 22.00 24.00 OK

Check Details

Version: 1.1-8
Check: Rd line widths
Result: NOTE
    Rd file 'davies.moment.Rd':
     \examples lines wider than 100 characters:
     leg.txt <- expression(lambda[2]==0.001,lambda[2]==0.01,lambda[2]==0.02,lambda[2]==0.05,lambda[2]==0.1,lambda[2]==0.14)
    
    These lines will be truncated in the PDF manual.
Flavors: r-devel-linux-x86_64-debian-clang, r-devel-linux-x86_64-debian-gcc, r-devel-linux-x86_64-fedora-clang, r-devel-linux-x86_64-fedora-gcc, r-patched-linux-x86_64, r-release-linux-x86_64