CRAN Package Check Results for Package DealGPL570

Last updated on 2020-09-23 15:27:59 CEST.

Flavor Version Tinstall Tcheck Ttotal Status Flags
r-devel-linux-x86_64-debian-clang 0.2.0 8.48 69.79 78.27 OK
r-devel-linux-x86_64-debian-gcc 0.2.0 6.14 53.05 59.19 OK
r-devel-linux-x86_64-fedora-clang 0.2.0 104.78 OK
r-devel-linux-x86_64-fedora-gcc 0.2.0 106.43 OK
r-devel-windows-ix86+x86_64 0.2.0 19.00 90.00 109.00 OK
r-patched-linux-x86_64 0.2.0 7.97 64.91 72.88 OK
r-patched-solaris-x86 0.2.0 129.90 OK
r-release-linux-x86_64 0.2.0 6.74 64.35 71.09 OK
r-release-macos-x86_64 0.2.0 OK
r-release-windows-ix86+x86_64 0.2.0 28.00 101.00 129.00 OK
r-oldrel-macos-x86_64 0.2.0 OK
r-oldrel-windows-ix86+x86_64 0.2.0 2.00 7.00 9.00 ERROR

Check Details

Version: 0.2.0
Check: whether package can be installed
Result: ERROR
    Installation failed.
Flavor: r-oldrel-windows-ix86+x86_64