Last updated on 2022-05-29 06:51:29 CEST.
Flavor | Version | Tinstall | Tcheck | Ttotal | Status | Flags |
---|---|---|---|---|---|---|
r-devel-linux-x86_64-debian-clang | 0.30.0 | 6.48 | 237.88 | 244.36 | OK | |
r-devel-linux-x86_64-debian-gcc | 0.30.0 | 6.14 | 173.56 | 179.70 | OK | |
r-devel-linux-x86_64-fedora-clang | 0.30.0 | 280.29 | NOTE | |||
r-devel-linux-x86_64-fedora-gcc | 0.30.0 | 279.58 | OK | |||
r-devel-windows-x86_64 | 0.30.0 | 87.00 | 256.00 | 343.00 | OK | |
r-patched-linux-x86_64 | 0.30.0 | 11.42 | 222.70 | 234.12 | OK | |
r-release-linux-x86_64 | 0.30.0 | 5.37 | 223.98 | 229.35 | OK | |
r-release-macos-arm64 | 0.30.0 | 73.00 | OK | |||
r-release-macos-x86_64 | 0.30.0 | 103.00 | OK | |||
r-release-windows-x86_64 | 0.30.0 | 96.00 | 258.00 | 354.00 | OK | |
r-oldrel-macos-arm64 | 0.30.0 | 76.00 | OK | |||
r-oldrel-macos-x86_64 | 0.30.0 | 101.00 | OK | |||
r-oldrel-windows-ix86+x86_64 | 0.30.0 | 25.00 | 259.00 | 284.00 | OK |
Version: 0.30.0
Check: Rd cross-references
Result: NOTE
Undeclared package ‘future’ in Rd xrefs
Flavor: r-devel-linux-x86_64-fedora-clang