CRAN Package Check Results for Package Deducer

Last updated on 2014-04-20 03:47:26.

Flavor Version Tinstall Tcheck Ttotal Status Flags
r-devel-linux-x86_64-debian-clang 0.7-6.1 5.22 79.75 84.97 NOTE
r-devel-linux-x86_64-debian-gcc 0.7-6.1 5.22 77.43 82.64 NOTE
r-devel-linux-x86_64-fedora-clang 0.7-6.1 153.53 NOTE
r-devel-linux-x86_64-fedora-gcc 0.7-6.1 143.47 NOTE
r-devel-macosx-x86_64-clang 0.7-6.1 135.11 NOTE
r-devel-macosx-x86_64-gcc 0.7-6.1 ERROR
r-devel-windows-ix86+x86_64 0.7-6.1 16.00 109.00 125.00 NOTE
r-patched-linux-x86_64 0.7-6.1 5.10 77.98 83.08 NOTE
r-patched-solaris-sparc 0.7-6.1 795.50 NOTE
r-patched-solaris-x86 0.7-6.1 183.40 NOTE
r-release-linux-ix86 NOTE
r-release-linux-x86_64 0.7-6.1 5.16 76.55 81.72 NOTE
r-release-macosx-x86_64 0.7-6.1 ERROR
r-release-windows-ix86+x86_64 0.7-6.1 25.00 117.00 142.00 NOTE
r-oldrel-windows-ix86+x86_64 0.7-6.1 17.00 106.00 123.00 NOTE

Check Details

Version: 0.7-6.1
Check: package dependencies
Result: NOTE
    Depends: includes the non-default packages:
     ‘rJava’ ‘ggplot2’ ‘scales’ ‘JGR’ ‘car’ ‘multcomp’ ‘effects’ ‘foreign’
     ‘plyr’ ‘e1071’ ‘MASS’
    Adding so many packages to the search path is excessive and importing
    selectively is preferable.
Flavors: r-devel-linux-x86_64-debian-clang, r-devel-linux-x86_64-debian-gcc, r-devel-linux-x86_64-fedora-clang, r-devel-linux-x86_64-fedora-gcc, r-devel-macosx-x86_64-clang, r-devel-windows-ix86+x86_64, r-patched-linux-x86_64, r-patched-solaris-sparc, r-patched-solaris-x86, r-release-linux-ix86, r-release-linux-x86_64, r-release-windows-ix86+x86_64

Version: 0.7-6.1
Check: R code for possible problems
Result: NOTE
    File ‘Deducer/R/zzz.R’:
     .onLoad calls:
     packageStartupMessage("\nNote: Problem initiating rJava. The Java GUI will not be available.\n")
     packageStartupMessage("\nLoading Deducer without GUI. If you wish the GUI to load, run options(DeducerNoGUI=FALSE) before loading Deducer\n")
     packageStartupMessage("\nNOTE: Environmental variable NOAWT set. Loading Deducer without GUI.\n")
     packageStartupMessage("\nNote: Problem initiating JRI. The Java GUI will not be available.\n")
     packageStartupMessage("\nNote: Problem initiating JRI. Make sure you built R with shared libraries The Java GUI will not be available.\n")
     packageStartupMessage("Note: Unable to start Deducer's Java class. The Java GUI will not be available.")
     packageStartupMessage("\n\nDeducer has been loaded from within the Windows Rgui. \n\t\t\t\tFor the best experience, you are encouraged to use JGR console which can be\n\t\t\t\tdownloaded from: http://jgr.markushelbig.org/\n")
     packageStartupMessage("\n\nNote Non-JGR console detected:\n\tDeducer is best used from within JGR (http://jgr.markushelbig.org/).\n\t\t\t\t\t\t\tTo Bring up GUI dialogs, type deducer().\n")
    
    See section ‘Good practice’ in '?.onAttach'.
Flavors: r-devel-linux-x86_64-debian-clang, r-devel-linux-x86_64-debian-gcc, r-devel-linux-x86_64-fedora-clang, r-devel-linux-x86_64-fedora-gcc, r-devel-macosx-x86_64-clang, r-devel-windows-ix86+x86_64, r-patched-linux-x86_64, r-patched-solaris-sparc, r-patched-solaris-x86, r-release-linux-ix86, r-release-linux-x86_64, r-release-windows-ix86+x86_64, r-oldrel-windows-ix86+x86_64

Version: 0.7-6.1
Check: top-level files
Result: NOTE
    Non-standard file/directory found at top level:
     ‘javasrc’
Flavors: r-devel-linux-x86_64-fedora-clang, r-devel-linux-x86_64-fedora-gcc

Version: 0.7-6.1
Check: Rd line widths
Result: NOTE
    Rd file 'descriptive.table.Rd':
     \usage lines wider than 90 characters:
     "25th Percentile","75th Percentile",
     "Minimum","Maximum","Skew","Kurtosis","Valid N"),func.additional)
    
    Rd file 'devel.Rd':
     \usage lines wider than 90 characters:
     addComponent(container, component, top, right, bottom, left, topType = "REL", rightType = "REL", bottomType = "REL", leftType = "REL")
    
    Rd file 'print.contin.table.Rd':
     \usage lines wider than 90 characters:
     expected.n=FALSE,residuals=FALSE,std.residuals=FALSE,
    
    Rd file 'rocplot.Rd':
     \examples lines wider than 100 characters:
     model.glm <- glm(formula=income>5930.5 ~ education + women + type,family=binomial(),data=Prestige,na.action=na.omit)
    
    These lines will be truncated in the PDF manual.
Flavors: r-devel-linux-x86_64-fedora-clang, r-devel-linux-x86_64-fedora-gcc

Version: 0.7-6.1
Check: package dependencies
Result: ERROR
    Packages required but not available: ‘ggplot2’ ‘scales’ ‘car’ ‘multcomp’
    
    Packages suggested but not available for checking: ‘lawstat’ ‘Hmisc’
    
    Depends: includes the non-default packages:
     ‘rJava’ ‘ggplot2’ ‘scales’ ‘JGR’ ‘car’ ‘multcomp’ ‘effects’ ‘foreign’
     ‘plyr’ ‘e1071’ ‘MASS’
    Adding so many packages to the search path is excessive and importing
    selectively is preferable.
    
    See the information on DESCRIPTION files in the chapter ‘Creating R
    packages’ of the ‘Writing R Extensions’ manual.
Flavor: r-devel-macosx-x86_64-gcc

Version: 0.7-6.1
Check: package dependencies
Result: ERROR
    Package required but not available: ‘multcomp’
    
    Depends: includes the non-default packages:
     ‘rJava’ ‘ggplot2’ ‘scales’ ‘JGR’ ‘car’ ‘multcomp’ ‘effects’ ‘foreign’
     ‘plyr’ ‘e1071’ ‘MASS’
    Adding so many packages to the search path is excessive and importing
    selectively is preferable.
    
    See the information on DESCRIPTION files in the chapter ‘Creating R
    packages’ of the ‘Writing R Extensions’ manual.
Flavor: r-release-macosx-x86_64