CRAN Package Check Results for Package Deducer

Last updated on 2016-05-03 13:47:29.

Flavor Version Tinstall Tcheck Ttotal Status Flags
r-devel-linux-x86_64-debian-gcc 0.7-9 6.73 75.85 82.58 OK
r-devel-linux-x86_64-fedora-clang 0.7-9 155.92 OK
r-devel-linux-x86_64-fedora-gcc 0.7-9 150.90 OK
r-devel-osx-x86_64-clang 0.7-9 168.06 OK
r-devel-windows-ix86+x86_64 0.7-9 19.00 125.00 144.00 OK
r-patched-linux-x86_64 0.7-9 6.90 72.94 79.84 OK
r-patched-solaris-sparc 0.7-9 908.90 OK
r-patched-solaris-x86 0.7-9 191.30 OK
r-release-linux-x86_64 0.7-9 6.99 83.47 90.46 OK
r-release-osx-x86_64-mavericks 0.7-9 OK
r-release-windows-ix86+x86_64 0.7-9 20.00 133.00 153.00 ERROR
r-oldrel-windows-ix86+x86_64 0.7-9 47.00 273.00 320.00 OK

Check Details

Version: 0.7-9
Check: examples
Result: ERROR
    Running examples in 'Deducer-Ex.R' failed
    The error most likely occurred in:
    
    > ### Name: summarylm
    > ### Title: Summary table for a linear model
    > ### Aliases: summarylm
    >
    > ### ** Examples
    >
    > ctl <- c(4.17,5.58,5.18,6.11,4.50,4.61,5.17,4.53,5.33,5.14)
    > trt <- c(4.81,4.17,4.41,3.59,5.87,3.83,6.03,4.89,4.32,4.69)
    > group <- gl(2,10,20, labels=c("Ctl","Trt"))
    > weight <- c((ctl-mean(ctl))*10+mean(ctl), trt)
    > lm.D9 <- lm(weight ~ group)
    > summarylm(lm.D9,white.adjust=TRUE)
Flavor: r-release-windows-ix86+x86_64