CRAN Package Check Results for Package Deducer

Last updated on 2015-07-07 06:46:28.

Flavor Version Tinstall Tcheck Ttotal Status Flags
r-devel-linux-x86_64-debian-clang 0.7-7 6.19 71.78 77.97 NOTE
r-devel-linux-x86_64-debian-gcc 0.7-7 6.26 72.24 78.51 NOTE
r-devel-linux-x86_64-fedora-clang 0.7-7 162.26 NOTE
r-devel-linux-x86_64-fedora-gcc 0.7-7 154.56 NOTE
r-devel-osx-x86_64-clang 0.7-7 135.76 NOTE
r-devel-windows-ix86+x86_64 0.7-7 19.00 107.00 126.00 NOTE
r-patched-linux-x86_64 0.7-7 5.98 70.69 76.66 NOTE
r-patched-solaris-sparc 0.7-7 962.60 NOTE
r-patched-solaris-x86 0.7-7 217.30 NOTE
r-release-linux-x86_64 0.7-7 6.08 73.02 79.11 NOTE
r-release-osx-x86_64-mavericks 0.7-7 OK
r-release-windows-ix86+x86_64 0.7-7 25.00 114.00 139.00 OK
r-oldrel-windows-ix86+x86_64 0.7-7 33.00 178.00 211.00 OK

Check Details

Version: 0.7-7
Check: S3 generic/method consistency
Result: NOTE
    Found the following apparent S3 methods exported but not registered:
     as.matrix.cor.matrix plot.cor.matrix print.contin.table
     print.contin.tests print.contingency.tables print.cor.matrix
     print.freq.table print.multi.test sort.data.frame summary.lm
    See section ‘Registering S3 methods’ in the ‘Writing R Extensions’
    manual.
Flavors: r-devel-linux-x86_64-debian-clang, r-devel-linux-x86_64-debian-gcc, r-devel-linux-x86_64-fedora-clang, r-devel-linux-x86_64-fedora-gcc, r-devel-osx-x86_64-clang, r-patched-linux-x86_64, r-patched-solaris-sparc, r-patched-solaris-x86, r-release-linux-x86_64

Version: 0.7-7
Check: R code for possible problems
Result: NOTE
    add.chi.squared : <anonymous>: no visible global function definition
     for ‘chisq.test’
    add.correlation : corr: no visible global function definition for
     ‘cor.test’
    add.fishers.exact : <anonymous>: no visible global function definition
     for ‘fisher.test’
    add.kruskal : krusk.rows: no visible global function definition for
     ‘kruskal.test’
    add.kruskal : krusk.cols: no visible global function definition for
     ‘kruskal.test’
    add.mantel.haenszel : <anonymous>: no visible global function
     definition for ‘mantelhaen.test’
    chi.noncentral.conf: no visible global function definition for ‘pchisq’
    contingency.tables : single.table: no visible global function
     definition for ‘chisq.test’
    cor.matrix: no visible binding for global variable ‘cor.test’
    cor.matrix: no visible global function definition for ‘na.omit’
    deducer: no visible global function definition for ‘menu’
    descriptive.table : <anonymous>: no visible global function definition
     for ‘sd’
    descriptive.table : <anonymous>: no visible global function definition
     for ‘median’
    descriptive.table : <anonymous>: no visible global function definition
     for ‘quantile’
    ggcorplot : ezLev: no visible global function definition for ‘relevel’
    ggcorplot: no visible global function definition for ‘sd’
    ggcorplot: no visible global function definition for ‘na.omit’
    ggcorplot: no visible binding for global variable ‘cor’
    k.sample.test: no visible binding for global variable ‘oneway.test’
    k.sample.test: no visible global function definition for ‘na.omit’
    likelihood.test: no visible global function definition for
     ‘complete.cases’
    likelihood.test: no visible global function definition for ‘pchisq’
    one.sample.test: no visible binding for global variable ‘t.test’
    one.sample.test: no visible global function definition for ‘na.omit’
    onesample.plot: no visible global function definition for ‘sd’
    onesample.plot: no visible global function definition for ‘na.omit’
    oneway.plot: no visible global function definition for ‘sd’
    oneway.plot: no visible global function definition for ‘na.omit’
    perm.t.test: no visible global function definition for ‘na.omit’
    perm.t.test: no visible binding for global variable ‘var’
    plot.cor.matrix: no visible binding for global variable ‘cor’
    print.contin.table: no visible global function definition for
     ‘capture.output’
    sort.data.frame: no visible global function definition for ‘as.formula’
    summary.lm: no visible global function definition for ‘coef’
    summary.lm: no visible global function definition for ‘pt’
    two.sample.test: no visible binding for global variable ‘t.test’
    two.sample.test: no visible global function definition for ‘na.omit’
    Undefined global functions or variables:
     as.formula capture.output chisq.test coef complete.cases cor cor.test
     fisher.test kruskal.test mantelhaen.test median menu na.omit
     oneway.test pchisq pt quantile relevel sd t.test var
Flavors: r-devel-linux-x86_64-debian-clang, r-devel-linux-x86_64-debian-gcc, r-devel-linux-x86_64-fedora-clang, r-devel-linux-x86_64-fedora-gcc

Version: 0.7-7
Check: R code for possible problems
Result: NOTE
    .onLoad: no visible global function definition for 'winMenuAdd'
    .onLoad: no visible global function definition for 'winMenuAddItem'
    add.chi.squared : <anonymous>: no visible global function definition
     for 'chisq.test'
    add.correlation : corr: no visible global function definition for
     'cor.test'
    add.fishers.exact : <anonymous>: no visible global function definition
     for 'fisher.test'
    add.kruskal : krusk.rows: no visible global function definition for
     'kruskal.test'
    add.kruskal : krusk.cols: no visible global function definition for
     'kruskal.test'
    add.mantel.haenszel : <anonymous>: no visible global function
     definition for 'mantelhaen.test'
    chi.noncentral.conf: no visible global function definition for 'pchisq'
    contingency.tables : single.table: no visible global function
     definition for 'chisq.test'
    cor.matrix: no visible binding for global variable 'cor.test'
    cor.matrix: no visible global function definition for 'na.omit'
    deducer: no visible global function definition for 'menu'
    descriptive.table : <anonymous>: no visible global function definition
     for 'sd'
    descriptive.table : <anonymous>: no visible global function definition
     for 'median'
    descriptive.table : <anonymous>: no visible global function definition
     for 'quantile'
    ggcorplot : ezLev: no visible global function definition for 'relevel'
    ggcorplot: no visible global function definition for 'sd'
    ggcorplot: no visible global function definition for 'na.omit'
    ggcorplot: no visible binding for global variable 'cor'
    k.sample.test: no visible binding for global variable 'oneway.test'
    k.sample.test: no visible global function definition for 'na.omit'
    likelihood.test: no visible global function definition for
     'complete.cases'
    likelihood.test: no visible global function definition for 'pchisq'
    one.sample.test: no visible binding for global variable 't.test'
    one.sample.test: no visible global function definition for 'na.omit'
    onesample.plot: no visible global function definition for 'sd'
    onesample.plot: no visible global function definition for 'na.omit'
    oneway.plot: no visible global function definition for 'sd'
    oneway.plot: no visible global function definition for 'na.omit'
    perm.t.test: no visible global function definition for 'na.omit'
    perm.t.test: no visible binding for global variable 'var'
    plot.cor.matrix: no visible binding for global variable 'cor'
    print.contin.table: no visible global function definition for
     'capture.output'
    sort.data.frame: no visible global function definition for 'as.formula'
    summary.lm: no visible global function definition for 'coef'
    summary.lm: no visible global function definition for 'pt'
    two.sample.test: no visible binding for global variable 't.test'
    two.sample.test: no visible global function definition for 'na.omit'
    Undefined global functions or variables:
     as.formula capture.output chisq.test coef complete.cases cor cor.test
     fisher.test kruskal.test mantelhaen.test median menu na.omit
     oneway.test pchisq pt quantile relevel sd t.test var winMenuAdd
     winMenuAddItem
Flavor: r-devel-windows-ix86+x86_64