CRAN Package Check Results for Package Deducer

Last updated on 2015-04-18 19:51:18.

Flavor Version Tinstall Tcheck Ttotal Status Flags
r-devel-linux-x86_64-debian-clang 0.7-7 7.22 72.63 79.85 NOTE
r-devel-linux-x86_64-debian-gcc 0.7-7 7.28 70.86 78.14 NOTE
r-devel-linux-x86_64-fedora-clang 0.7-7 162.70 NOTE
r-devel-linux-x86_64-fedora-gcc 0.7-7 172.27 NOTE
r-devel-osx-x86_64-clang 0.7-7 144.06 NOTE
r-patched-linux-x86_64 0.7-7 6.16 75.94 82.11 NOTE
r-patched-solaris-sparc 0.7-7 924.30 OK
r-patched-solaris-x86 0.7-7 204.50 OK
r-release-linux-x86_64 0.7-7 5.85 70.76 76.61 NOTE
r-release-osx-x86_64-mavericks 0.7-7 ERROR
r-release-osx-x86_64-snowleopard 0.7-7 ERROR
r-release-windows-ix86+x86_64 0.7-7 18.00 97.00 115.00 OK
r-oldrel-windows-ix86+x86_64 0.7-7 40.00 164.00 204.00 OK

Check Details

Version: 0.7-7
Check: S3 generic/method consistency
Result: NOTE
    Found the following apparent S3 methods exported but not registered:
     as.matrix.cor.matrix plot.cor.matrix print.contin.table
     print.contin.tests print.contingency.tables print.cor.matrix
     print.freq.table print.multi.test sort.data.frame summary.lm
    See section ‘Registering S3 methods’ in the ‘Writing R Extensions’
    manual.
Flavors: r-devel-linux-x86_64-debian-clang, r-devel-linux-x86_64-debian-gcc, r-devel-linux-x86_64-fedora-clang, r-devel-linux-x86_64-fedora-gcc, r-devel-osx-x86_64-clang, r-patched-linux-x86_64, r-release-linux-x86_64

Version: 0.7-7
Check: package dependencies
Result: ERROR
    Package required but not available: ‘multcomp’
    
    See section ‘The DESCRIPTION file’ in the ‘Writing R Extensions’
    manual.
Flavor: r-release-osx-x86_64-mavericks

Version: 0.7-7
Check: package dependencies
Result: ERROR
    Packages required but not available: ‘ggplot2’ ‘car’ ‘scales’ ‘multcomp’
    
    Packages suggested but not available for checking:
     ‘lawstat’ ‘Hmisc’ ‘XLConnect’
    
    See section ‘The DESCRIPTION file’ in the ‘Writing R Extensions’
    manual.
Flavor: r-release-osx-x86_64-snowleopard