CRAN Package Check Results for Package Deducer

Last updated on 2015-08-29 20:47:55.

Flavor Version Tinstall Tcheck Ttotal Status Flags
r-devel-linux-x86_64-debian-clang 0.7-7 6.12 73.78 79.90 NOTE
r-devel-linux-x86_64-debian-gcc 0.7-7 6.32 71.77 78.09 NOTE
r-devel-linux-x86_64-fedora-clang 0.7-7 163.96 NOTE
r-devel-linux-x86_64-fedora-gcc 0.7-7 156.86 NOTE
r-devel-osx-x86_64-clang 0.7-7 126.13 NOTE
r-devel-windows-ix86+x86_64 0.7-7 32.00 120.00 152.00 NOTE
r-patched-linux-x86_64 0.7-7 7.03 75.32 82.35 NOTE
r-patched-solaris-sparc 0.7-7 970.80 NOTE
r-patched-solaris-x86 0.7-7 230.70 NOTE
r-release-linux-x86_64 0.7-7 6.77 77.06 83.83 NOTE
r-release-osx-x86_64-mavericks 0.7-7 OK
r-release-windows-ix86+x86_64 0.7-7 26.00 128.00 154.00 OK
r-oldrel-windows-ix86+x86_64 0.7-7 47.00 191.00 238.00 OK

Check Details

Version: 0.7-7
Check: S3 generic/method consistency
Result: NOTE
    Found the following apparent S3 methods exported but not registered:
     as.matrix.cor.matrix plot.cor.matrix print.contin.table
     print.contin.tests print.contingency.tables print.cor.matrix
     print.freq.table print.multi.test sort.data.frame summary.lm
    See section ‘Registering S3 methods’ in the ‘Writing R Extensions’
    manual.
Flavors: r-devel-linux-x86_64-debian-clang, r-devel-linux-x86_64-debian-gcc, r-devel-linux-x86_64-fedora-clang, r-devel-linux-x86_64-fedora-gcc, r-devel-osx-x86_64-clang, r-patched-linux-x86_64, r-patched-solaris-sparc, r-patched-solaris-x86, r-release-linux-x86_64

Version: 0.7-7
Check: R code for possible problems
Result: NOTE
    add.chi.squared : <anonymous>: no visible global function definition
     for ‘chisq.test’
    add.correlation : corr: no visible global function definition for
     ‘cor.test’
    add.fishers.exact : <anonymous>: no visible global function definition
     for ‘fisher.test’
    add.kruskal : krusk.rows: no visible global function definition for
     ‘kruskal.test’
    add.kruskal : krusk.cols: no visible global function definition for
     ‘kruskal.test’
    add.mantel.haenszel : <anonymous>: no visible global function
     definition for ‘mantelhaen.test’
    chi.noncentral.conf: no visible global function definition for ‘pchisq’
    contingency.tables : single.table: no visible global function
     definition for ‘chisq.test’
    cor.matrix: no visible binding for global variable ‘cor.test’
    cor.matrix: no visible global function definition for ‘na.omit’
    deducer: no visible global function definition for ‘menu’
    descriptive.table : <anonymous>: no visible global function definition
     for ‘sd’
    descriptive.table : <anonymous>: no visible global function definition
     for ‘median’
    descriptive.table : <anonymous>: no visible global function definition
     for ‘quantile’
    ggcorplot : ezLev: no visible global function definition for ‘relevel’
    ggcorplot: no visible global function definition for ‘sd’
    ggcorplot: no visible global function definition for ‘na.omit’
    ggcorplot: no visible binding for global variable ‘cor’
    k.sample.test: no visible binding for global variable ‘oneway.test’
    k.sample.test: no visible global function definition for ‘na.omit’
    likelihood.test: no visible global function definition for
     ‘complete.cases’
    likelihood.test: no visible global function definition for ‘pchisq’
    one.sample.test: no visible binding for global variable ‘t.test’
    one.sample.test: no visible global function definition for ‘na.omit’
    onesample.plot: no visible global function definition for ‘sd’
    onesample.plot: no visible global function definition for ‘na.omit’
    oneway.plot: no visible global function definition for ‘sd’
    oneway.plot: no visible global function definition for ‘na.omit’
    perm.t.test: no visible global function definition for ‘na.omit’
    perm.t.test: no visible binding for global variable ‘var’
    plot.cor.matrix: no visible binding for global variable ‘cor’
    print.contin.table: no visible global function definition for
     ‘capture.output’
    sort.data.frame: no visible global function definition for ‘as.formula’
    summary.lm: no visible global function definition for ‘coef’
    summary.lm: no visible global function definition for ‘pt’
    two.sample.test: no visible binding for global variable ‘t.test’
    two.sample.test: no visible global function definition for ‘na.omit’
    Undefined global functions or variables:
     as.formula capture.output chisq.test coef complete.cases cor cor.test
     fisher.test kruskal.test mantelhaen.test median menu na.omit
     oneway.test pchisq pt quantile relevel sd t.test var
    Consider adding
     importFrom("stats", "as.formula", "chisq.test", "coef",
     "complete.cases", "cor", "cor.test", "fisher.test",
     "kruskal.test", "mantelhaen.test", "median", "na.omit",
     "oneway.test", "pchisq", "pt", "quantile", "relevel", "sd",
     "t.test", "var")
     importFrom("utils", "capture.output", "menu")
    to your NAMESPACE.
Flavors: r-devel-linux-x86_64-debian-clang, r-devel-linux-x86_64-debian-gcc, r-devel-linux-x86_64-fedora-clang, r-devel-linux-x86_64-fedora-gcc

Version: 0.7-7
Check: R code for possible problems
Result: NOTE
    .onLoad: no visible global function definition for 'winMenuAdd'
    .onLoad: no visible global function definition for 'winMenuAddItem'
    add.chi.squared : <anonymous>: no visible global function definition
     for 'chisq.test'
    add.correlation : corr: no visible global function definition for
     'cor.test'
    add.fishers.exact : <anonymous>: no visible global function definition
     for 'fisher.test'
    add.kruskal : krusk.rows: no visible global function definition for
     'kruskal.test'
    add.kruskal : krusk.cols: no visible global function definition for
     'kruskal.test'
    add.mantel.haenszel : <anonymous>: no visible global function
     definition for 'mantelhaen.test'
    chi.noncentral.conf: no visible global function definition for 'pchisq'
    contingency.tables : single.table: no visible global function
     definition for 'chisq.test'
    cor.matrix: no visible binding for global variable 'cor.test'
    cor.matrix: no visible global function definition for 'na.omit'
    deducer: no visible global function definition for 'menu'
    descriptive.table : <anonymous>: no visible global function definition
     for 'sd'
    descriptive.table : <anonymous>: no visible global function definition
     for 'median'
    descriptive.table : <anonymous>: no visible global function definition
     for 'quantile'
    ggcorplot : ezLev: no visible global function definition for 'relevel'
    ggcorplot: no visible global function definition for 'sd'
    ggcorplot: no visible global function definition for 'na.omit'
    ggcorplot: no visible binding for global variable 'cor'
    k.sample.test: no visible binding for global variable 'oneway.test'
    k.sample.test: no visible global function definition for 'na.omit'
    likelihood.test: no visible global function definition for
     'complete.cases'
    likelihood.test: no visible global function definition for 'pchisq'
    one.sample.test: no visible binding for global variable 't.test'
    one.sample.test: no visible global function definition for 'na.omit'
    onesample.plot: no visible global function definition for 'sd'
    onesample.plot: no visible global function definition for 'na.omit'
    oneway.plot: no visible global function definition for 'sd'
    oneway.plot: no visible global function definition for 'na.omit'
    perm.t.test: no visible global function definition for 'na.omit'
    perm.t.test: no visible binding for global variable 'var'
    plot.cor.matrix: no visible binding for global variable 'cor'
    print.contin.table: no visible global function definition for
     'capture.output'
    sort.data.frame: no visible global function definition for 'as.formula'
    summary.lm: no visible global function definition for 'coef'
    summary.lm: no visible global function definition for 'pt'
    two.sample.test: no visible binding for global variable 't.test'
    two.sample.test: no visible global function definition for 'na.omit'
    Undefined global functions or variables:
     as.formula capture.output chisq.test coef complete.cases cor cor.test
     fisher.test kruskal.test mantelhaen.test median menu na.omit
     oneway.test pchisq pt quantile relevel sd t.test var winMenuAdd
     winMenuAddItem
    Consider adding
     importFrom("stats", "as.formula", "chisq.test", "coef",
     "complete.cases", "cor", "cor.test", "fisher.test",
     "kruskal.test", "mantelhaen.test", "median", "na.omit",
     "oneway.test", "pchisq", "pt", "quantile", "relevel", "sd",
     "t.test", "var")
     importFrom("utils", "capture.output", "menu", "winMenuAdd",
     "winMenuAddItem")
    to your NAMESPACE.
Flavor: r-devel-windows-ix86+x86_64