CRAN Package Check Results for Package Deducer

Last updated on 2016-07-24 17:48:58.

Flavor Version Tinstall Tcheck Ttotal Status Flags
r-devel-linux-x86_64-debian-clang 0.7-9 7.46 91.73 99.19 OK
r-devel-linux-x86_64-debian-gcc 0.7-9 7.73 95.15 102.88 OK
r-devel-linux-x86_64-fedora-clang 0.7-9 158.48 OK
r-devel-linux-x86_64-fedora-gcc 0.7-9 150.71 OK
r-devel-osx-x86_64-clang 0.7-9 123.41 OK
r-devel-windows-ix86+x86_64 0.7-9 19.00 131.00 150.00 OK
r-patched-linux-x86_64 0.7-9 9.06 94.14 103.20 OK
r-patched-solaris-sparc 0.7-9 920.60 OK
r-patched-solaris-x86 0.7-9 191.80 OK
r-release-linux-x86_64 0.7-9 7.99 94.66 102.65 OK
r-release-osx-x86_64-mavericks 0.7-9 OK
r-release-windows-ix86+x86_64 0.7-9 22.00 160.00 182.00 OK
r-oldrel-windows-ix86+x86_64 0.7-9 25.00 172.00 197.00 ERROR

Check Details

Version: 0.7-9
Check: examples
Result: ERROR
    Running examples in 'Deducer-Ex.R' failed
    The error most likely occurred in:
    
    > ### Name: summarylm
    > ### Title: Summary table for a linear model
    > ### Aliases: summarylm
    >
    > ### ** Examples
    >
    > ctl <- c(4.17,5.58,5.18,6.11,4.50,4.61,5.17,4.53,5.33,5.14)
    > trt <- c(4.81,4.17,4.41,3.59,5.87,3.83,6.03,4.89,4.32,4.69)
    > group <- gl(2,10,20, labels=c("Ctl","Trt"))
    > weight <- c((ctl-mean(ctl))*10+mean(ctl), trt)
    > lm.D9 <- lm(weight ~ group)
    > summarylm(lm.D9,white.adjust=TRUE)
Flavor: r-oldrel-windows-ix86+x86_64