CRAN Package Check Results for Package Deducer

Last updated on 2015-03-05 17:49:02.

Flavor Version Tinstall Tcheck Ttotal Status Flags
r-devel-linux-x86_64-debian-clang 0.7-7 6.69 76.42 83.11 NOTE
r-devel-linux-x86_64-debian-gcc 0.7-7 6.28 74.41 80.68 NOTE
r-devel-linux-x86_64-fedora-clang 0.7-7 160.91 NOTE
r-devel-linux-x86_64-fedora-gcc 0.7-7 151.68 NOTE
r-devel-osx-x86_64-clang 0.7-7 154.19 NOTE
r-devel-windows-ix86+x86_64 0.7-7 16.00 107.00 123.00 OK
r-patched-linux-x86_64 0.7-7 10.53 113.63 124.16 OK
r-patched-solaris-sparc 0.7-7 1403.50 OK
r-patched-solaris-x86 0.7-7 307.40 OK
r-release-linux-ix86 0.7-7 11.18 118.06 129.24 OK
r-release-linux-x86_64 0.7-7 12.03 111.75 123.78 OK
r-release-osx-x86_64-mavericks 0.7-7 OK
r-release-osx-x86_64-snowleopard 0.7-7 OK
r-release-windows-ix86+x86_64 0.7-7 27.00 172.00 199.00 OK
r-oldrel-windows-ix86+x86_64 0.7-7 27.00 167.00 194.00 OK

Check Details

Version: 0.7-7
Check: S3 generic/method consistency
Result: NOTE
    Found the following apparent S3 methods exported but not registered:
     as.matrix.cor.matrix plot.cor.matrix print.contin.table
     print.contin.tests print.contingency.tables print.cor.matrix
     print.freq.table print.multi.test sort.data.frame summary.lm
    See section ‘Registering S3 methods’ in the ‘Writing R Extensions’
    manual.
Flavors: r-devel-linux-x86_64-debian-clang, r-devel-linux-x86_64-debian-gcc, r-devel-linux-x86_64-fedora-clang, r-devel-linux-x86_64-fedora-gcc, r-devel-osx-x86_64-clang