CRAN Package Check Results for Package Deducer

Last updated on 2015-05-28 17:47:44.

Flavor Version Tinstall Tcheck Ttotal Status Flags
r-devel-linux-x86_64-debian-clang 0.7-7 6.28 73.19 79.47 NOTE
r-devel-linux-x86_64-debian-gcc 0.7-7 6.29 71.45 77.74 NOTE
r-devel-linux-x86_64-fedora-clang 0.7-7 171.63 NOTE
r-devel-linux-x86_64-fedora-gcc 0.7-7 155.67 NOTE
r-devel-osx-x86_64-clang 0.7-7 129.11 NOTE
r-devel-windows-ix86+x86_64 0.7-7 20.00 112.00 132.00 OK
r-patched-linux-x86_64 0.7-7 6.02 70.77 76.79 NOTE
r-patched-solaris-sparc 0.7-7 962.60 NOTE
r-patched-solaris-x86 0.7-7 213.60 NOTE
r-release-linux-x86_64 0.7-7 6.04 71.04 77.09 NOTE
r-release-osx-x86_64-mavericks 0.7-7 OK
r-release-osx-x86_64-snowleopard 0.7-7 ERROR
r-release-windows-ix86+x86_64 0.7-7 20.00 109.00 129.00 OK
r-oldrel-windows-ix86+x86_64 0.7-7 34.00 168.00 202.00 OK

Check Details

Version: 0.7-7
Check: S3 generic/method consistency
Result: NOTE
    Found the following apparent S3 methods exported but not registered:
     as.matrix.cor.matrix plot.cor.matrix print.contin.table
     print.contin.tests print.contingency.tables print.cor.matrix
     print.freq.table print.multi.test sort.data.frame summary.lm
    See section ‘Registering S3 methods’ in the ‘Writing R Extensions’
    manual.
Flavors: r-devel-linux-x86_64-debian-clang, r-devel-linux-x86_64-debian-gcc, r-devel-linux-x86_64-fedora-clang, r-devel-linux-x86_64-fedora-gcc, r-devel-osx-x86_64-clang, r-patched-linux-x86_64, r-patched-solaris-sparc, r-patched-solaris-x86, r-release-linux-x86_64

Version: 0.7-7
Check: package dependencies
Result: ERROR
    Packages required but not available: ‘ggplot2’ ‘car’ ‘scales’ ‘multcomp’
    
    Packages suggested but not available for checking:
     ‘lawstat’ ‘Hmisc’ ‘XLConnect’
    
    See section ‘The DESCRIPTION file’ in the ‘Writing R Extensions’
    manual.
Flavor: r-release-osx-x86_64-snowleopard