CRAN Package Check Results for Package Deducer

Last updated on 2015-01-25 09:51:25.

Flavor Version Tinstall Tcheck Ttotal Status Flags
r-devel-linux-x86_64-debian-clang 0.7-7 8.48 97.79 106.28 OK
r-devel-linux-x86_64-debian-gcc 0.7-7 8.12 94.80 102.92 OK
r-devel-linux-x86_64-fedora-clang 0.7-7 233.51 NOTE
r-devel-linux-x86_64-fedora-gcc 0.7-7 216.35 NOTE
r-devel-osx-x86_64-clang 0.7-7 203.03 NOTE
r-devel-windows-ix86+x86_64 0.7-7 26.00 143.00 169.00 OK
r-patched-linux-x86_64 0.7-7 8.94 99.59 108.53 OK
r-patched-solaris-sparc 0.7-7 1329.00 OK
r-patched-solaris-x86 0.7-7 292.40 OK
r-release-linux-ix86 0.7-7 9.94 112.29 122.24 OK
r-release-linux-x86_64 0.7-7 8.63 101.46 110.08 OK
r-release-osx-x86_64-mavericks 0.7-7 OK
r-release-osx-x86_64-snowleopard 0.7-7 OK
r-release-windows-ix86+x86_64 0.7-7 30.00 156.00 186.00 OK
r-oldrel-windows-ix86+x86_64 0.7-7 26.00 158.00 184.00 OK

Check Details

Version: 0.7-7
Check: S3 generic/method consistency
Result: NOTE
    Found the following apparent S3 methods exported but not registered:
     as.matrix.cor.matrix print.contin.table print.contin.tests
     print.contingency.tables print.cor.matrix print.freq.table
     print.multi.test sort.data.frame summary.lm plot.cor.matrix
    See section ‘Registering S3 methods’ in the ‘Writing R Extensions’
    manual.
Flavors: r-devel-linux-x86_64-fedora-clang, r-devel-linux-x86_64-fedora-gcc, r-devel-osx-x86_64-clang