CRAN Package Check Results for Package Deducer

Last updated on 2016-08-27 21:46:39.

Flavor Version Tinstall Tcheck Ttotal Status Flags
r-devel-linux-x86_64-debian-clang 0.7-9 7.00 79.43 86.43 OK
r-devel-linux-x86_64-debian-gcc 0.7-9 6.47 77.21 83.68 OK
r-devel-linux-x86_64-fedora-clang 0.7-9 156.38 OK
r-devel-linux-x86_64-fedora-gcc 0.7-9 157.00 OK
r-devel-osx-x86_64-clang 0.7-9 124.04 OK
r-devel-windows-ix86+x86_64 0.7-9 28.00 165.00 193.00 OK
r-patched-linux-x86_64 0.7-9 6.77 75.44 82.21 OK
r-patched-solaris-sparc 0.7-9 920.60 OK
r-patched-solaris-x86 0.7-9 190.20 OK
r-release-linux-x86_64 0.7-9 7.06 79.19 86.25 OK
r-release-osx-x86_64-mavericks 0.7-9 OK
r-release-windows-ix86+x86_64 0.7-9 25.00 124.00 149.00 OK
r-oldrel-windows-ix86+x86_64 0.7-9 20.00 131.00 151.00 ERROR

Check Details

Version: 0.7-9
Check: examples
Result: ERROR
    Running examples in 'Deducer-Ex.R' failed
    The error most likely occurred in:
    
    > ### Name: summarylm
    > ### Title: Summary table for a linear model
    > ### Aliases: summarylm
    >
    > ### ** Examples
    >
    > ctl <- c(4.17,5.58,5.18,6.11,4.50,4.61,5.17,4.53,5.33,5.14)
    > trt <- c(4.81,4.17,4.41,3.59,5.87,3.83,6.03,4.89,4.32,4.69)
    > group <- gl(2,10,20, labels=c("Ctl","Trt"))
    > weight <- c((ctl-mean(ctl))*10+mean(ctl), trt)
    > lm.D9 <- lm(weight ~ group)
    > summarylm(lm.D9,white.adjust=TRUE)
Flavor: r-oldrel-windows-ix86+x86_64