CRAN Package Check Results for Package DeducerExtras

Last updated on 2015-08-30 19:46:57.

Flavor Version Tinstall Tcheck Ttotal Status Flags
r-devel-linux-x86_64-debian-clang 1.7 5.34 58.78 64.12 NOTE
r-devel-linux-x86_64-debian-gcc 1.7 5.72 58.69 64.40 NOTE
r-devel-linux-x86_64-fedora-clang 1.7 131.39 NOTE
r-devel-linux-x86_64-fedora-gcc 1.7 127.03 NOTE
r-devel-osx-x86_64-clang 1.7 105.21 NOTE
r-devel-windows-ix86+x86_64 1.7 24.00 97.00 121.00 NOTE
r-patched-linux-x86_64 1.7 5.67 61.03 66.70 NOTE
r-patched-solaris-sparc 1.7 774.80 NOTE
r-patched-solaris-x86 1.7 188.40 NOTE
r-release-linux-x86_64 1.7 6.21 59.54 65.76 NOTE
r-release-osx-x86_64-mavericks 1.7 NOTE
r-release-windows-ix86+x86_64 1.7 22.00 97.00 119.00 NOTE
r-oldrel-windows-ix86+x86_64 1.7 45.00 181.00 226.00 NOTE

Check Details

Version: 1.7
Check: dependencies in R code
Result: NOTE
    'library' or 'require' call to ‘irr’ which was already attached by Depends.
     Please remove these calls from your code.
    'library' or 'require' call to ‘rgl’ in package code.
     Please use :: or requireNamespace() instead.
     See section 'Suggested packages' in the 'Writing R Extensions' manual.
Flavors: r-devel-linux-x86_64-debian-clang, r-devel-linux-x86_64-debian-gcc, r-devel-linux-x86_64-fedora-clang, r-devel-linux-x86_64-fedora-gcc, r-devel-osx-x86_64-clang, r-devel-windows-ix86+x86_64, r-patched-linux-x86_64, r-patched-solaris-sparc, r-patched-solaris-x86, r-release-linux-x86_64, r-release-osx-x86_64-mavericks, r-release-windows-ix86+x86_64, r-oldrel-windows-ix86+x86_64

Version: 1.7
Check: S3 generic/method consistency
Result: NOTE
    Found the following apparent S3 methods exported but not registered:
     predict.kmeans
    See section ‘Registering S3 methods’ in the ‘Writing R Extensions’
    manual.
Flavors: r-devel-linux-x86_64-debian-clang, r-devel-linux-x86_64-debian-gcc, r-devel-linux-x86_64-fedora-clang, r-devel-linux-x86_64-fedora-gcc, r-devel-osx-x86_64-clang, r-patched-linux-x86_64, r-patched-solaris-sparc, r-patched-solaris-x86, r-release-linux-x86_64

Version: 1.7
Check: R code for possible problems
Result: NOTE
    .make3dScatterPlotDialog: no visible global function definition for
     ‘install.packages’
    .makePackageDataDialog: no visible global function definition for
     ‘data’
    .makeVignetteDialog: no visible global function definition for
     ‘vignette’
    .onLoad: no visible binding for global variable ‘jgr.addMenuItem’
    .onLoad : gui.addSeperator: no visible global function definition for
     ‘jgr.addMenuSeparator’
    applyModel: no visible global function definition for ‘predict’
    predict.kmeans : <anonymous>: no visible global function definition for
     ‘dist’
    Undefined global functions or variables:
     data dist install.packages jgr.addMenuItem jgr.addMenuSeparator
     predict vignette
    Consider adding
     importFrom("stats", "dist", "predict")
     importFrom("utils", "data", "install.packages", "vignette")
    to your NAMESPACE.
Flavors: r-devel-linux-x86_64-debian-clang, r-devel-linux-x86_64-debian-gcc, r-devel-linux-x86_64-fedora-clang, r-devel-linux-x86_64-fedora-gcc

Version: 1.7
Check: R code for possible problems
Result: NOTE
    .onLoad: no visible binding for global variable ‘jgr.addMenuItem’
    .onLoad : gui.addSeperator: no visible global function definition for
     ‘jgr.addMenuSeparator’
    Undefined global functions or variables:
     jgr.addMenuItem jgr.addMenuSeparator
Flavor: r-devel-osx-x86_64-clang

Version: 1.7
Check: R code for possible problems
Result: NOTE
    .make3dScatterPlotDialog: no visible global function definition for
     'install.packages'
    .makePackageDataDialog: no visible global function definition for
     'data'
    .makeVignetteDialog: no visible global function definition for
     'vignette'
    .onLoad: no visible global function definition for 'winMenuAdd'
    .onLoad: no visible binding for global variable 'winMenuAddItem'
    .onLoad: no visible binding for global variable 'jgr.addMenuItem'
    .onLoad : gui.addSeperator: no visible global function definition for
     'jgr.addMenuSeparator'
    applyModel: no visible global function definition for 'predict'
    predict.kmeans : <anonymous>: no visible global function definition for
     'dist'
    Undefined global functions or variables:
     data dist install.packages jgr.addMenuItem jgr.addMenuSeparator
     predict vignette winMenuAdd winMenuAddItem
    Consider adding
     importFrom("stats", "dist", "predict")
     importFrom("utils", "data", "install.packages", "vignette",
     "winMenuAdd", "winMenuAddItem")
    to your NAMESPACE.
Flavor: r-devel-windows-ix86+x86_64

Version: 1.7
Check: R code for possible problems
Result: NOTE
    .onLoad: no visible binding for global variable ‘jgr.addMenuItem’
    .onLoad : gui.addSeperator: no visible global function definition for
     ‘jgr.addMenuSeparator’
Flavors: r-patched-linux-x86_64, r-patched-solaris-sparc, r-patched-solaris-x86, r-release-linux-x86_64, r-release-osx-x86_64-mavericks, r-release-windows-ix86+x86_64, r-oldrel-windows-ix86+x86_64