CRAN Package Check Results for Package DeducerExtras

Last updated on 2014-09-02 13:46:52.

Flavor Version Tinstall Tcheck Ttotal Status Flags
r-devel-linux-x86_64-debian-clang 1.7 3.66 50.29 53.95 NOTE
r-devel-linux-x86_64-debian-gcc 1.7 3.54 49.72 53.26 NOTE
r-devel-linux-x86_64-fedora-clang 1.7 103.22 NOTE
r-devel-linux-x86_64-fedora-gcc 1.7 100.45 NOTE
r-devel-osx-x86_64-clang 1.7 84.27 NOTE
r-devel-windows-ix86+x86_64 1.7 14.00 77.00 91.00 NOTE
r-patched-linux-x86_64 1.7 3.72 51.75 55.47 NOTE
r-patched-solaris-sparc 1.7 565.60 NOTE
r-patched-solaris-x86 1.7 130.40 NOTE
r-release-linux-ix86 1.7 4.46 59.00 63.46 NOTE
r-release-linux-x86_64 1.7 4.02 51.80 55.82 NOTE
r-release-osx-x86_64-mavericks 1.7 NOTE
r-release-osx-x86_64-snowleopard 1.7 NOTE
r-release-windows-ix86+x86_64 1.7 16.00 82.00 98.00 NOTE
r-oldrel-windows-ix86+x86_64 1.7 14.00 91.00 105.00 NOTE

Check Details

Version: 1.7
Check: dependencies in R code
Result: NOTE
    'library' or 'require' call to ‘irr’ which was already attached by Depends.
     Please remove these calls from your code.
    See the information on DESCRIPTION files in the chapter ‘Creating R
    packages’ of the ‘Writing R Extensions’ manual.
Flavors: r-devel-linux-x86_64-debian-clang, r-devel-linux-x86_64-debian-gcc, r-devel-linux-x86_64-fedora-clang, r-devel-linux-x86_64-fedora-gcc, r-devel-osx-x86_64-clang, r-devel-windows-ix86+x86_64, r-patched-linux-x86_64, r-patched-solaris-sparc, r-patched-solaris-x86, r-release-linux-ix86, r-release-linux-x86_64, r-release-osx-x86_64-mavericks, r-release-osx-x86_64-snowleopard, r-release-windows-ix86+x86_64, r-oldrel-windows-ix86+x86_64

Version: 1.7
Check: R code for possible problems
Result: NOTE
    .onLoad: no visible binding for global variable ‘jgr.addMenuItem’
    .onLoad : gui.addSeperator: no visible global function definition for
     ‘jgr.addMenuSeparator’
Flavors: r-devel-linux-x86_64-debian-clang, r-devel-linux-x86_64-debian-gcc, r-devel-linux-x86_64-fedora-clang, r-devel-linux-x86_64-fedora-gcc, r-devel-osx-x86_64-clang, r-devel-windows-ix86+x86_64