CRAN Package Check Results for Package DeducerExtras

Last updated on 2015-07-01 13:47:09.

Flavor Version Tinstall Tcheck Ttotal Status Flags
r-devel-linux-x86_64-debian-clang 1.7 5.44 55.96 61.40 NOTE
r-devel-linux-x86_64-debian-gcc 1.7 5.31 56.28 61.59 NOTE
r-devel-linux-x86_64-fedora-clang 1.7 129.85 NOTE
r-devel-linux-x86_64-fedora-gcc 1.7 123.63 NOTE
r-devel-osx-x86_64-clang 1.7 105.76 NOTE
r-devel-windows-ix86+x86_64 1.7 18.00 85.00 103.00 NOTE
r-patched-linux-x86_64 1.7 5.74 54.88 60.62 NOTE
r-patched-solaris-sparc 1.7 753.40 NOTE
r-patched-solaris-x86 1.7 174.00 NOTE
r-release-linux-x86_64 1.7 5.40 56.44 61.84 NOTE
r-release-osx-x86_64-mavericks 1.7 NOTE
r-release-windows-ix86+x86_64 1.7 15.00 90.00 105.00 NOTE
r-oldrel-windows-ix86+x86_64 1.7 34.00 160.00 194.00 NOTE

Check Details

Version: 1.7
Check: dependencies in R code
Result: NOTE
    'library' or 'require' call to ‘irr’ which was already attached by Depends.
     Please remove these calls from your code.
    'library' or 'require' call to ‘rgl’ in package code.
     Please use :: or requireNamespace() instead.
     See section 'Suggested packages' in the 'Writing R Extensions' manual.
Flavors: r-devel-linux-x86_64-debian-clang, r-devel-linux-x86_64-debian-gcc, r-devel-linux-x86_64-fedora-clang, r-devel-linux-x86_64-fedora-gcc, r-devel-osx-x86_64-clang, r-devel-windows-ix86+x86_64, r-patched-linux-x86_64, r-patched-solaris-sparc, r-patched-solaris-x86, r-release-linux-x86_64, r-release-osx-x86_64-mavericks, r-release-windows-ix86+x86_64, r-oldrel-windows-ix86+x86_64

Version: 1.7
Check: S3 generic/method consistency
Result: NOTE
    Found the following apparent S3 methods exported but not registered:
     predict.kmeans
    See section ‘Registering S3 methods’ in the ‘Writing R Extensions’
    manual.
Flavors: r-devel-linux-x86_64-debian-clang, r-devel-linux-x86_64-debian-gcc, r-devel-linux-x86_64-fedora-clang, r-devel-linux-x86_64-fedora-gcc, r-devel-osx-x86_64-clang, r-patched-linux-x86_64, r-patched-solaris-sparc, r-patched-solaris-x86, r-release-linux-x86_64

Version: 1.7
Check: R code for possible problems
Result: NOTE
    .make3dScatterPlotDialog: no visible global function definition for
     ‘install.packages’
    .makePackageDataDialog: Error while checking: invalid ‘envir’ argument
    .makeVignetteDialog: no visible global function definition for
     ‘vignette’
    .onLoad: no visible binding for global variable ‘jgr.addMenuItem’
    .onLoad : gui.addSeperator: no visible global function definition for
     ‘jgr.addMenuSeparator’
    applyModel: no visible global function definition for ‘predict’
    predict.kmeans : <anonymous>: no visible global function definition for
     ‘dist’
Flavors: r-devel-linux-x86_64-debian-clang, r-devel-linux-x86_64-debian-gcc, r-devel-linux-x86_64-fedora-clang, r-devel-linux-x86_64-fedora-gcc

Version: 1.7
Check: R code for possible problems
Result: NOTE
    .onLoad: no visible binding for global variable ‘jgr.addMenuItem’
    .onLoad : gui.addSeperator: no visible global function definition for
     ‘jgr.addMenuSeparator’
Flavors: r-devel-osx-x86_64-clang, r-patched-linux-x86_64, r-patched-solaris-sparc, r-patched-solaris-x86, r-release-linux-x86_64, r-release-osx-x86_64-mavericks, r-release-windows-ix86+x86_64, r-oldrel-windows-ix86+x86_64

Version: 1.7
Check: R code for possible problems
Result: NOTE
    .make3dScatterPlotDialog: no visible global function definition for
     'install.packages'
    .makePackageDataDialog: Error while checking: invalid 'envir' argument
    .makeVignetteDialog: no visible global function definition for
     'vignette'
    .onLoad: no visible global function definition for 'winMenuAdd'
    .onLoad: no visible binding for global variable 'winMenuAddItem'
    .onLoad: no visible binding for global variable 'jgr.addMenuItem'
    .onLoad : gui.addSeperator: no visible global function definition for
     'jgr.addMenuSeparator'
    applyModel: no visible global function definition for 'predict'
    predict.kmeans : <anonymous>: no visible global function definition for
     'dist'
Flavor: r-devel-windows-ix86+x86_64