CRAN Package Check Results for Package DeducerExtras

Last updated on 2014-11-21 17:48:00.

Flavor Version Tinstall Tcheck Ttotal Status Flags
r-devel-linux-x86_64-debian-clang 1.7 3.96 50.08 54.05 NOTE
r-devel-linux-x86_64-debian-gcc 1.7 3.64 50.36 54.00 NOTE
r-devel-linux-x86_64-fedora-clang 1.7 110.48 NOTE
r-devel-linux-x86_64-fedora-gcc 1.7 99.10 NOTE
r-devel-osx-x86_64-clang 1.7 93.55 NOTE
r-devel-windows-ix86+x86_64 1.7 14.00 79.00 93.00 NOTE
r-patched-linux-x86_64 1.7 3.83 52.30 56.12 NOTE
r-patched-solaris-sparc 1.7 547.40 NOTE
r-patched-solaris-x86 1.7 137.90 NOTE
r-release-linux-ix86 1.7 4.65 59.06 63.71 NOTE
r-release-linux-x86_64 1.7 3.77 52.58 56.35 NOTE
r-release-osx-x86_64-mavericks 1.7 NOTE
r-release-osx-x86_64-snowleopard 1.7 NOTE
r-release-windows-ix86+x86_64 1.7 26.00 86.00 112.00 NOTE
r-oldrel-windows-ix86+x86_64 1.7 18.00 82.00 100.00 NOTE

Check Details

Version: 1.7
Check: dependencies in R code
Result: NOTE
    'library' or 'require' call to ‘irr’ which was already attached by Depends.
     Please remove these calls from your code.
    See the information on DESCRIPTION files in the chapter ‘Creating R
    packages’ of the ‘Writing R Extensions’ manual.
Flavors: r-devel-linux-x86_64-debian-clang, r-devel-linux-x86_64-debian-gcc, r-devel-linux-x86_64-fedora-clang, r-devel-linux-x86_64-fedora-gcc, r-devel-osx-x86_64-clang, r-devel-windows-ix86+x86_64, r-patched-linux-x86_64, r-patched-solaris-sparc, r-patched-solaris-x86, r-release-linux-ix86, r-release-linux-x86_64, r-release-osx-x86_64-mavericks, r-release-osx-x86_64-snowleopard, r-release-windows-ix86+x86_64, r-oldrel-windows-ix86+x86_64

Version: 1.7
Check: R code for possible problems
Result: NOTE
    .onLoad: no visible binding for global variable ‘jgr.addMenuItem’
    .onLoad : gui.addSeperator: no visible global function definition for
     ‘jgr.addMenuSeparator’
Flavors: r-devel-linux-x86_64-debian-clang, r-devel-linux-x86_64-debian-gcc, r-devel-linux-x86_64-fedora-clang, r-devel-linux-x86_64-fedora-gcc, r-devel-osx-x86_64-clang, r-devel-windows-ix86+x86_64, r-patched-linux-x86_64, r-patched-solaris-sparc, r-patched-solaris-x86, r-release-linux-ix86, r-release-linux-x86_64, r-release-windows-ix86+x86_64