CRAN Package Check Results for Package DeducerExtras

Last updated on 2014-07-25 12:47:30.

Flavor Version Tinstall Tcheck Ttotal Status Flags
r-devel-linux-x86_64-debian-clang 1.7 3.59 50.75 54.34 NOTE
r-devel-linux-x86_64-debian-gcc 1.7 3.63 49.88 53.51 NOTE
r-devel-linux-x86_64-fedora-clang 1.7 104.85 NOTE
r-devel-linux-x86_64-fedora-gcc 1.7 101.70 NOTE
r-devel-osx-x86_64-clang 1.7 85.75 NOTE
r-devel-windows-ix86+x86_64 1.7 14.00 78.00 92.00 NOTE
r-patched-linux-x86_64 1.7 4.28 51.44 55.72 NOTE
r-patched-solaris-sparc 1.7 618.30 NOTE
r-patched-solaris-x86 1.7 131.70 NOTE
r-release-linux-ix86 1.7 4.47 58.76 63.23 NOTE
r-release-linux-x86_64 1.7 3.90 53.61 57.50 NOTE
r-release-osx-x86_64-mavericks 1.7 NOTE
r-release-osx-x86_64-snowleopard 1.7 NOTE
r-release-windows-ix86+x86_64 1.7 15.00 83.00 98.00 NOTE
r-oldrel-windows-ix86+x86_64 1.7 15.00 81.00 96.00 NOTE

Check Details

Version: 1.7
Check: dependencies in R code
Result: NOTE
    'library' or 'require' call to ‘irr’ which was already attached by Depends.
     Please remove these calls from your code.
    See the information on DESCRIPTION files in the chapter ‘Creating R
    packages’ of the ‘Writing R Extensions’ manual.
Flavors: r-devel-linux-x86_64-debian-clang, r-devel-linux-x86_64-debian-gcc, r-devel-linux-x86_64-fedora-clang, r-devel-linux-x86_64-fedora-gcc, r-devel-osx-x86_64-clang, r-devel-windows-ix86+x86_64, r-patched-linux-x86_64, r-patched-solaris-sparc, r-patched-solaris-x86, r-release-linux-ix86, r-release-linux-x86_64, r-release-osx-x86_64-mavericks, r-release-osx-x86_64-snowleopard, r-release-windows-ix86+x86_64, r-oldrel-windows-ix86+x86_64