CRAN Package Check Results for Package DeducerExtras

Last updated on 2014-04-20 21:46:46.

Flavor Version Tinstall Tcheck Ttotal Status Flags
r-devel-linux-x86_64-debian-clang 1.7 4.38 62.47 66.85 NOTE
r-devel-linux-x86_64-debian-gcc 1.7 4.45 62.13 66.58 NOTE
r-devel-linux-x86_64-fedora-clang 1.7 116.72 NOTE
r-devel-linux-x86_64-fedora-gcc 1.7 110.60 NOTE
r-devel-macosx-x86_64-clang 1.7 112.97 NOTE
r-devel-macosx-x86_64-gcc 1.7 ERROR
r-devel-windows-ix86+x86_64 1.7 16.00 83.00 99.00 NOTE
r-patched-linux-x86_64 1.7 4.32 61.38 65.70 NOTE
r-patched-solaris-sparc 1.7 618.30 NOTE
r-patched-solaris-x86 1.7 146.10 NOTE
r-release-linux-ix86 NOTE
r-release-linux-x86_64 1.7 4.56 61.14 65.69 NOTE
r-release-macosx-x86_64 1.7 ERROR
r-release-windows-ix86+x86_64 1.7 22.00 89.00 111.00 NOTE
r-oldrel-windows-ix86+x86_64 1.7 19.00 88.00 107.00 NOTE

Check Details

Version: 1.7
Check: dependencies in R code
Result: NOTE
    'library' or 'require' call to ‘irr’ which was already attached by Depends.
     Please remove these calls from your code.
    See the information on DESCRIPTION files in the chapter ‘Creating R
    packages’ of the ‘Writing R Extensions’ manual.
Flavors: r-devel-linux-x86_64-debian-clang, r-devel-linux-x86_64-debian-gcc, r-devel-linux-x86_64-fedora-clang, r-devel-linux-x86_64-fedora-gcc, r-devel-macosx-x86_64-clang, r-devel-windows-ix86+x86_64, r-patched-linux-x86_64, r-patched-solaris-sparc, r-patched-solaris-x86, r-release-linux-ix86, r-release-linux-x86_64, r-release-windows-ix86+x86_64, r-oldrel-windows-ix86+x86_64

Version: 1.7
Check: package dependencies
Result: ERROR
    Package required but not available: ‘Deducer’
    
    See the information on DESCRIPTION files in the chapter ‘Creating R
    packages’ of the ‘Writing R Extensions’ manual.
Flavors: r-devel-macosx-x86_64-gcc, r-release-macosx-x86_64