CRAN Package Check Results for Package DeducerExtras

Last updated on 2014-10-21 17:49:11.

Flavor Version Tinstall Tcheck Ttotal Status Flags
r-devel-linux-x86_64-debian-clang 1.7 3.69 50.10 53.79 NOTE
r-devel-linux-x86_64-debian-gcc 1.7 3.54 51.07 54.61 NOTE
r-devel-linux-x86_64-fedora-clang 1.7 105.80 NOTE
r-devel-linux-x86_64-fedora-gcc 1.7 98.09 NOTE
r-devel-osx-x86_64-clang 1.7 89.98 NOTE
r-devel-windows-ix86+x86_64 1.7 14.00 77.00 91.00 NOTE
r-patched-linux-x86_64 1.7 3.85 50.86 54.71 NOTE
r-patched-solaris-sparc 1.7 547.40 NOTE
r-patched-solaris-x86 1.7 133.50 NOTE
r-release-linux-ix86 1.7 4.66 62.75 67.41 NOTE
r-release-linux-x86_64 1.7 3.94 52.38 56.32 NOTE
r-release-osx-x86_64-mavericks 1.7 NOTE
r-release-osx-x86_64-snowleopard 1.7 NOTE
r-release-windows-ix86+x86_64 1.7 18.00 81.00 99.00 NOTE
r-oldrel-windows-ix86+x86_64 1.7 18.00 88.00 106.00 NOTE

Check Details

Version: 1.7
Check: dependencies in R code
Result: NOTE
    'library' or 'require' call to ‘irr’ which was already attached by Depends.
     Please remove these calls from your code.
    See the information on DESCRIPTION files in the chapter ‘Creating R
    packages’ of the ‘Writing R Extensions’ manual.
Flavors: r-devel-linux-x86_64-debian-clang, r-devel-linux-x86_64-debian-gcc, r-devel-linux-x86_64-fedora-clang, r-devel-linux-x86_64-fedora-gcc, r-devel-osx-x86_64-clang, r-devel-windows-ix86+x86_64, r-patched-linux-x86_64, r-patched-solaris-sparc, r-patched-solaris-x86, r-release-linux-ix86, r-release-linux-x86_64, r-release-osx-x86_64-mavericks, r-release-osx-x86_64-snowleopard, r-release-windows-ix86+x86_64, r-oldrel-windows-ix86+x86_64

Version: 1.7
Check: R code for possible problems
Result: NOTE
    .onLoad: no visible binding for global variable ‘jgr.addMenuItem’
    .onLoad : gui.addSeperator: no visible global function definition for
     ‘jgr.addMenuSeparator’
Flavors: r-devel-linux-x86_64-debian-clang, r-devel-linux-x86_64-debian-gcc, r-devel-linux-x86_64-fedora-clang, r-devel-linux-x86_64-fedora-gcc, r-devel-osx-x86_64-clang, r-devel-windows-ix86+x86_64, r-patched-linux-x86_64, r-patched-solaris-sparc, r-patched-solaris-x86