CRAN Package Check Results for Package DeducerExtras

Last updated on 2014-08-28 06:46:40.

Flavor Version Tinstall Tcheck Ttotal Status Flags
r-devel-linux-x86_64-debian-clang 1.7 3.58 50.52 54.10 NOTE
r-devel-linux-x86_64-debian-gcc 1.7 3.76 50.28 54.05 NOTE
r-devel-linux-x86_64-fedora-clang 1.7 103.22 NOTE
r-devel-linux-x86_64-fedora-gcc 1.7 98.70 NOTE
r-devel-osx-x86_64-clang 1.7 85.33 NOTE
r-devel-windows-ix86+x86_64 1.7 12.00 78.00 90.00 NOTE
r-patched-linux-x86_64 1.7 4.16 51.41 55.57 NOTE
r-patched-solaris-sparc 1.7 565.60 NOTE
r-patched-solaris-x86 1.7 132.00 NOTE
r-release-linux-ix86 1.7 4.48 59.00 63.48 NOTE
r-release-linux-x86_64 1.7 3.91 52.92 56.83 NOTE
r-release-osx-x86_64-mavericks 1.7 NOTE
r-release-osx-x86_64-snowleopard 1.7 NOTE
r-release-windows-ix86+x86_64 1.7 18.00 89.00 107.00 NOTE
r-oldrel-windows-ix86+x86_64 1.7 15.00 87.00 102.00 NOTE

Check Details

Version: 1.7
Check: dependencies in R code
Result: NOTE
    'library' or 'require' call to ‘irr’ which was already attached by Depends.
     Please remove these calls from your code.
    See the information on DESCRIPTION files in the chapter ‘Creating R
    packages’ of the ‘Writing R Extensions’ manual.
Flavors: r-devel-linux-x86_64-debian-clang, r-devel-linux-x86_64-debian-gcc, r-devel-linux-x86_64-fedora-clang, r-devel-linux-x86_64-fedora-gcc, r-devel-osx-x86_64-clang, r-devel-windows-ix86+x86_64, r-patched-linux-x86_64, r-patched-solaris-sparc, r-patched-solaris-x86, r-release-linux-ix86, r-release-linux-x86_64, r-release-osx-x86_64-mavericks, r-release-osx-x86_64-snowleopard, r-release-windows-ix86+x86_64, r-oldrel-windows-ix86+x86_64

Version: 1.7
Check: R code for possible problems
Result: NOTE
    .onLoad: no visible binding for global variable ‘jgr.addMenuItem’
    .onLoad : gui.addSeperator: no visible global function definition for
     ‘jgr.addMenuSeparator’
Flavors: r-devel-linux-x86_64-debian-clang, r-devel-linux-x86_64-debian-gcc, r-devel-linux-x86_64-fedora-clang, r-devel-linux-x86_64-fedora-gcc, r-devel-osx-x86_64-clang, r-devel-windows-ix86+x86_64