CRAN Package Check Results for Package DeducerExtras

Last updated on 2014-12-21 11:46:32.

Flavor Version Tinstall Tcheck Ttotal Status Flags
r-devel-linux-x86_64-debian-clang 1.7 7.35 81.57 88.92 NOTE
r-devel-linux-x86_64-debian-gcc 1.7 7.17 80.40 87.57 NOTE
r-devel-linux-x86_64-fedora-clang 1.7 200.25 NOTE
r-devel-linux-x86_64-fedora-gcc 1.7 180.35 NOTE
r-devel-osx-x86_64-clang 1.7 156.94 NOTE
r-devel-windows-ix86+x86_64 1.7 26.00 130.00 156.00 NOTE
r-patched-linux-x86_64 1.7 7.26 85.30 92.56 NOTE
r-patched-solaris-sparc 1.7 547.40 NOTE
r-patched-solaris-x86 1.7 252.10 NOTE
r-release-linux-ix86 1.7 8.30 92.43 100.73 NOTE
r-release-linux-x86_64 1.7 7.67 83.70 91.37 NOTE
r-release-osx-x86_64-mavericks 1.7 NOTE
r-release-osx-x86_64-snowleopard 1.7 NOTE
r-release-windows-ix86+x86_64 1.7 24.00 135.00 159.00 NOTE
r-oldrel-windows-ix86+x86_64 1.7 24.00 125.00 149.00 NOTE

Check Details

Version: 1.7
Check: dependencies in R code
Result: NOTE
    'library' or 'require' call to ‘irr’ which was already attached by Depends.
     Please remove these calls from your code.
    See the information on DESCRIPTION files in the chapter ‘Creating R
    packages’ of the ‘Writing R Extensions’ manual.
Flavors: r-devel-linux-x86_64-debian-clang, r-devel-linux-x86_64-debian-gcc, r-devel-linux-x86_64-fedora-clang, r-devel-linux-x86_64-fedora-gcc, r-devel-osx-x86_64-clang, r-devel-windows-ix86+x86_64, r-patched-linux-x86_64, r-patched-solaris-sparc, r-patched-solaris-x86, r-release-linux-ix86, r-release-linux-x86_64, r-release-osx-x86_64-mavericks, r-release-osx-x86_64-snowleopard, r-release-windows-ix86+x86_64, r-oldrel-windows-ix86+x86_64

Version: 1.7
Check: R code for possible problems
Result: NOTE
    .onLoad: no visible binding for global variable ‘jgr.addMenuItem’
    .onLoad : gui.addSeperator: no visible global function definition for
     ‘jgr.addMenuSeparator’
Flavors: r-devel-linux-x86_64-debian-clang, r-devel-linux-x86_64-debian-gcc, r-devel-linux-x86_64-fedora-clang, r-devel-linux-x86_64-fedora-gcc, r-devel-osx-x86_64-clang, r-devel-windows-ix86+x86_64, r-patched-linux-x86_64, r-patched-solaris-sparc, r-patched-solaris-x86, r-release-linux-ix86, r-release-linux-x86_64, r-release-windows-ix86+x86_64