CRAN Package Check Results for Package DeducerExtras

Last updated on 2015-05-22 09:47:31.

Flavor Version Tinstall Tcheck Ttotal Status Flags
r-devel-linux-x86_64-debian-clang 1.7 5.28 56.76 62.04 NOTE
r-devel-linux-x86_64-debian-gcc 1.7 5.17 55.24 60.41 NOTE
r-devel-linux-x86_64-fedora-clang 1.7 131.61 NOTE
r-devel-linux-x86_64-fedora-gcc 1.7 123.76 NOTE
r-devel-osx-x86_64-clang 1.7 101.33 NOTE
r-devel-windows-ix86+x86_64 1.7 17.00 84.00 101.00 NOTE
r-patched-linux-x86_64 1.7 5.16 54.41 59.58 NOTE
r-patched-solaris-sparc 1.7 723.80 NOTE
r-patched-solaris-x86 1.7 175.10 NOTE
r-release-linux-x86_64 1.7 5.41 55.62 61.03 NOTE
r-release-osx-x86_64-mavericks 1.7 NOTE
r-release-osx-x86_64-snowleopard 1.7 ERROR
r-release-windows-ix86+x86_64 1.7 17.00 84.00 101.00 NOTE
r-oldrel-windows-ix86+x86_64 1.7 31.00 142.00 173.00 NOTE

Check Details

Version: 1.7
Check: dependencies in R code
Result: NOTE
    'library' or 'require' call to ‘irr’ which was already attached by Depends.
     Please remove these calls from your code.
    'library' or 'require' call to ‘rgl’ in package code.
     Please use :: or requireNamespace() instead.
     See section 'Suggested packages' in the 'Writing R Extensions' manual.
Flavors: r-devel-linux-x86_64-debian-clang, r-devel-linux-x86_64-debian-gcc, r-devel-linux-x86_64-fedora-clang, r-devel-linux-x86_64-fedora-gcc, r-devel-osx-x86_64-clang, r-devel-windows-ix86+x86_64, r-patched-linux-x86_64, r-patched-solaris-sparc, r-patched-solaris-x86, r-release-linux-x86_64, r-release-osx-x86_64-mavericks, r-release-windows-ix86+x86_64, r-oldrel-windows-ix86+x86_64

Version: 1.7
Check: S3 generic/method consistency
Result: NOTE
    Found the following apparent S3 methods exported but not registered:
     predict.kmeans
    See section ‘Registering S3 methods’ in the ‘Writing R Extensions’
    manual.
Flavors: r-devel-linux-x86_64-debian-clang, r-devel-linux-x86_64-debian-gcc, r-devel-linux-x86_64-fedora-clang, r-devel-linux-x86_64-fedora-gcc, r-devel-osx-x86_64-clang, r-patched-linux-x86_64, r-patched-solaris-x86, r-release-linux-x86_64

Version: 1.7
Check: R code for possible problems
Result: NOTE
    .onLoad: no visible binding for global variable ‘jgr.addMenuItem’
    .onLoad : gui.addSeperator: no visible global function definition for
     ‘jgr.addMenuSeparator’
Flavors: r-devel-linux-x86_64-debian-clang, r-devel-linux-x86_64-debian-gcc, r-devel-linux-x86_64-fedora-clang, r-devel-linux-x86_64-fedora-gcc, r-devel-osx-x86_64-clang, r-devel-windows-ix86+x86_64, r-patched-linux-x86_64, r-patched-solaris-sparc, r-patched-solaris-x86, r-release-linux-x86_64, r-release-osx-x86_64-mavericks, r-release-windows-ix86+x86_64, r-oldrel-windows-ix86+x86_64

Version: 1.7
Check: package dependencies
Result: ERROR
    Package required but not available: ‘Deducer’
    
    See section ‘The DESCRIPTION file’ in the ‘Writing R Extensions’
    manual.
Flavor: r-release-osx-x86_64-snowleopard