CRAN Package Check Results for Package DeducerPlugInExample

Last updated on 2015-05-07 08:47:24.

Flavor Version Tinstall Tcheck Ttotal Status Flags
r-devel-linux-x86_64-debian-clang 0.2-0 5.52 45.16 50.68 NOTE
r-devel-linux-x86_64-debian-gcc 0.2-0 5.54 44.33 49.88 NOTE
r-devel-linux-x86_64-fedora-clang 0.2-0 104.78 NOTE
r-devel-linux-x86_64-fedora-gcc 0.2-0 101.78 NOTE
r-devel-osx-x86_64-clang 0.2-0 88.62 NOTE
r-devel-windows-ix86+x86_64 0.2-0 15.00 67.00 82.00 NOTE
r-patched-linux-x86_64 0.2-0 5.33 43.26 48.58 NOTE
r-patched-solaris-sparc 0.2-0 610.50 NOTE
r-patched-solaris-x86 0.2-0 140.70 NOTE
r-release-linux-x86_64 0.2-0 5.12 43.23 48.35 NOTE
r-release-osx-x86_64-mavericks 0.2-0 NOTE
r-release-osx-x86_64-snowleopard 0.2-0 ERROR
r-release-windows-ix86+x86_64 0.2-0 14.00 65.00 79.00 NOTE
r-oldrel-windows-ix86+x86_64 0.2-0 31.00 122.00 153.00 NOTE

Check Details

Version: 0.2-0
Check: dependencies in R code
Result: NOTE
    Package in Depends field not imported from: ‘Deducer’
     These packages need to be imported from (in the NAMESPACE file)
     for when this namespace is loaded but not attached.
Flavors: r-devel-linux-x86_64-debian-clang, r-devel-linux-x86_64-debian-gcc, r-devel-linux-x86_64-fedora-clang, r-devel-linux-x86_64-fedora-gcc, r-devel-osx-x86_64-clang, r-devel-windows-ix86+x86_64, r-patched-linux-x86_64, r-patched-solaris-sparc, r-patched-solaris-x86, r-release-linux-x86_64, r-release-osx-x86_64-mavericks, r-release-windows-ix86+x86_64, r-oldrel-windows-ix86+x86_64

Version: 0.2-0
Check: R code for possible problems
Result: NOTE
    .factorAnalysisRunFunction: no visible global function definition for
     ‘execute’
    .onLoad: no visible binding for global variable ‘.deducer’
    .onLoad: no visible global function definition for ‘.jnull’
    .onLoad: no visible global function definition for ‘.jpackage’
    .onLoad: no visible global function definition for ‘.registerDialog’
    .onLoad: no visible global function definition for ‘deducer.addMenu’
    .onLoad: no visible global function definition for
     ‘deducer.addMenuItem’
    .onLoad: no visible binding for global variable ‘.windowsGUI’
    .onLoad: no visible binding for global variable ‘.jgr’
    .onLoad: no visible global function definition for ‘jgr.addMenu’
    .onLoad: no visible global function definition for ‘jgr.addMenuItem’
    makeFactorAnalysisDialog: no visible binding for global variable
     ‘SimpleRDialog’
    makeFactorAnalysisDialog: no visible binding for global variable
     ‘VariableSelectorWidget’
    makeFactorAnalysisDialog: no visible global function definition for
     ‘addComponent’
    makeFactorAnalysisDialog: no visible binding for global variable
     ‘VariableListWidget’
    makeFactorAnalysisDialog: no visible binding for global variable
     ‘CheckBoxesWidget’
    makeFactorAnalysisDialog: no visible global function definition for
     ‘toJava’
    makeListExampleDialog: no visible binding for global variable
     ‘ListWidget’
    makeListExampleDialog: no visible global function definition for
     ‘setSize’
    makeListExampleDialog: no visible binding for global variable
     ‘AddRemoveButtons’
    makeListExampleDialog: no visible binding for global variable
     ‘SimpleRDialog’
    makeListExampleDialog: no visible global function definition for
     ‘addComponent’
    makeListExampleDialog: no visible global function definition for
     ‘toJava’
    makeScatterPlotDialog: no visible global function definition for ‘J’
Flavors: r-devel-linux-x86_64-debian-clang, r-devel-linux-x86_64-debian-gcc, r-devel-linux-x86_64-fedora-clang, r-devel-linux-x86_64-fedora-gcc, r-devel-osx-x86_64-clang, r-devel-windows-ix86+x86_64, r-patched-linux-x86_64, r-patched-solaris-sparc, r-patched-solaris-x86, r-release-linux-x86_64, r-release-osx-x86_64-mavericks, r-release-windows-ix86+x86_64, r-oldrel-windows-ix86+x86_64

Version: 0.2-0
Check: package dependencies
Result: ERROR
    Package required but not available: ‘Deducer’
    
    See section ‘The DESCRIPTION file’ in the ‘Writing R Extensions’
    manual.
Flavor: r-release-osx-x86_64-snowleopard