CRAN Package Check Results for Package DeducerPlugInExample

Last updated on 2015-08-04 23:48:07.

Flavor Version Tinstall Tcheck Ttotal Status Flags
r-devel-linux-x86_64-debian-clang 0.2-0 5.43 46.61 52.04 NOTE
r-devel-linux-x86_64-debian-gcc 0.2-0 5.32 45.08 50.40 NOTE
r-devel-linux-x86_64-fedora-clang 0.2-0 111.90 NOTE
r-devel-linux-x86_64-fedora-gcc 0.2-0 105.40 NOTE
r-devel-osx-x86_64-clang 0.2-0 81.92 NOTE
r-devel-windows-ix86+x86_64 0.2-0 26.00 76.00 102.00 NOTE
r-patched-linux-x86_64 0.2-0 5.87 45.45 51.32 NOTE
r-patched-solaris-sparc 0.2-0 619.10 NOTE
r-patched-solaris-x86 0.2-0 147.10 NOTE
r-release-linux-x86_64 0.2-0 5.34 46.04 51.38 NOTE
r-release-osx-x86_64-mavericks 0.2-0 NOTE
r-release-windows-ix86+x86_64 0.2-0 27.00 77.00 104.00 NOTE
r-oldrel-windows-ix86+x86_64 0.2-0 37.00 154.00 191.00 NOTE

Check Details

Version: 0.2-0
Check: dependencies in R code
Result: NOTE
    Package in Depends field not imported from: ‘Deducer’
     These packages need to be imported from (in the NAMESPACE file)
     for when this namespace is loaded but not attached.
Flavors: r-devel-linux-x86_64-debian-clang, r-devel-linux-x86_64-debian-gcc, r-devel-linux-x86_64-fedora-clang, r-devel-linux-x86_64-fedora-gcc, r-devel-osx-x86_64-clang, r-devel-windows-ix86+x86_64, r-patched-linux-x86_64, r-patched-solaris-sparc, r-patched-solaris-x86, r-release-linux-x86_64, r-release-osx-x86_64-mavericks, r-release-windows-ix86+x86_64, r-oldrel-windows-ix86+x86_64

Version: 0.2-0
Check: R code for possible problems
Result: NOTE
    .factorAnalysisRunFunction: no visible global function definition for
     ‘execute’
    .onLoad: no visible binding for global variable ‘.deducer’
    .onLoad: no visible global function definition for ‘.jnull’
    .onLoad: no visible global function definition for ‘.jpackage’
    .onLoad: no visible global function definition for ‘.registerDialog’
    .onLoad: no visible global function definition for ‘deducer.addMenu’
    .onLoad: no visible global function definition for
     ‘deducer.addMenuItem’
    .onLoad: no visible binding for global variable ‘.windowsGUI’
    .onLoad: no visible binding for global variable ‘.jgr’
    .onLoad: no visible global function definition for ‘jgr.addMenu’
    .onLoad: no visible global function definition for ‘jgr.addMenuItem’
    makeFactorAnalysisDialog: no visible global function definition for
     ‘new’
    makeFactorAnalysisDialog: no visible binding for global variable
     ‘SimpleRDialog’
    makeFactorAnalysisDialog: no visible binding for global variable
     ‘VariableSelectorWidget’
    makeFactorAnalysisDialog: no visible global function definition for
     ‘addComponent’
    makeFactorAnalysisDialog: no visible binding for global variable
     ‘VariableListWidget’
    makeFactorAnalysisDialog: no visible binding for global variable
     ‘CheckBoxesWidget’
    makeFactorAnalysisDialog: no visible global function definition for
     ‘toJava’
    makeListExampleDialog: no visible global function definition for ‘new’
    makeListExampleDialog: no visible binding for global variable
     ‘ListWidget’
    makeListExampleDialog: no visible global function definition for
     ‘setSize’
    makeListExampleDialog: no visible binding for global variable
     ‘AddRemoveButtons’
    makeListExampleDialog: no visible binding for global variable
     ‘SimpleRDialog’
    makeListExampleDialog: no visible global function definition for
     ‘addComponent’
    makeListExampleDialog: no visible global function definition for
     ‘toJava’
    makeScatterPlotDialog: no visible global function definition for ‘J’
    makeScatterPlotDialog: no visible global function definition for ‘new’
    Undefined global functions or variables:
     .deducer .jgr .jnull .jpackage .registerDialog .windowsGUI
     AddRemoveButtons CheckBoxesWidget J ListWidget SimpleRDialog
     VariableListWidget VariableSelectorWidget addComponent
     deducer.addMenu deducer.addMenuItem execute jgr.addMenu
     jgr.addMenuItem new setSize toJava
    Consider adding
     importFrom("methods", "new")
    to your NAMESPACE.
Flavors: r-devel-linux-x86_64-debian-clang, r-devel-linux-x86_64-debian-gcc, r-devel-linux-x86_64-fedora-clang, r-devel-linux-x86_64-fedora-gcc

Version: 0.2-0
Check: R code for possible problems
Result: NOTE
    .factorAnalysisRunFunction: no visible global function definition for
     ‘execute’
    .onLoad: no visible binding for global variable ‘.deducer’
    .onLoad: no visible global function definition for ‘.jnull’
    .onLoad: no visible global function definition for ‘.jpackage’
    .onLoad: no visible global function definition for ‘.registerDialog’
    .onLoad: no visible global function definition for ‘deducer.addMenu’
    .onLoad: no visible global function definition for
     ‘deducer.addMenuItem’
    .onLoad: no visible binding for global variable ‘.windowsGUI’
    .onLoad: no visible binding for global variable ‘.jgr’
    .onLoad: no visible global function definition for ‘jgr.addMenu’
    .onLoad: no visible global function definition for ‘jgr.addMenuItem’
    makeFactorAnalysisDialog: no visible binding for global variable
     ‘SimpleRDialog’
    makeFactorAnalysisDialog: no visible binding for global variable
     ‘VariableSelectorWidget’
    makeFactorAnalysisDialog: no visible global function definition for
     ‘addComponent’
    makeFactorAnalysisDialog: no visible binding for global variable
     ‘VariableListWidget’
    makeFactorAnalysisDialog: no visible binding for global variable
     ‘CheckBoxesWidget’
    makeFactorAnalysisDialog: no visible global function definition for
     ‘toJava’
    makeListExampleDialog: no visible binding for global variable
     ‘ListWidget’
    makeListExampleDialog: no visible global function definition for
     ‘setSize’
    makeListExampleDialog: no visible binding for global variable
     ‘AddRemoveButtons’
    makeListExampleDialog: no visible binding for global variable
     ‘SimpleRDialog’
    makeListExampleDialog: no visible global function definition for
     ‘addComponent’
    makeListExampleDialog: no visible global function definition for
     ‘toJava’
    makeScatterPlotDialog: no visible global function definition for ‘J’
    Undefined global functions or variables:
     .deducer .jgr .jnull .jpackage .registerDialog .windowsGUI
     AddRemoveButtons CheckBoxesWidget J ListWidget SimpleRDialog
     VariableListWidget VariableSelectorWidget addComponent
     deducer.addMenu deducer.addMenuItem execute jgr.addMenu
     jgr.addMenuItem setSize toJava
Flavor: r-devel-osx-x86_64-clang

Version: 0.2-0
Check: R code for possible problems
Result: NOTE
    .factorAnalysisRunFunction: no visible global function definition for
     'execute'
    .onLoad: no visible binding for global variable '.deducer'
    .onLoad: no visible global function definition for '.jnull'
    .onLoad: no visible global function definition for '.jpackage'
    .onLoad: no visible global function definition for '.registerDialog'
    .onLoad: no visible global function definition for 'deducer.addMenu'
    .onLoad: no visible global function definition for
     'deducer.addMenuItem'
    .onLoad: no visible binding for global variable '.windowsGUI'
    .onLoad: no visible global function definition for 'winMenuAdd'
    .onLoad: no visible global function definition for 'winMenuAddItem'
    .onLoad: no visible binding for global variable '.jgr'
    .onLoad: no visible global function definition for 'jgr.addMenu'
    .onLoad: no visible global function definition for 'jgr.addMenuItem'
    makeFactorAnalysisDialog: no visible global function definition for
     'new'
    makeFactorAnalysisDialog: no visible binding for global variable
     'SimpleRDialog'
    makeFactorAnalysisDialog: no visible binding for global variable
     'VariableSelectorWidget'
    makeFactorAnalysisDialog: no visible global function definition for
     'addComponent'
    makeFactorAnalysisDialog: no visible binding for global variable
     'VariableListWidget'
    makeFactorAnalysisDialog: no visible binding for global variable
     'CheckBoxesWidget'
    makeFactorAnalysisDialog: no visible global function definition for
     'toJava'
    makeListExampleDialog: no visible global function definition for 'new'
    makeListExampleDialog: no visible binding for global variable
     'ListWidget'
    makeListExampleDialog: no visible global function definition for
     'setSize'
    makeListExampleDialog: no visible binding for global variable
     'AddRemoveButtons'
    makeListExampleDialog: no visible binding for global variable
     'SimpleRDialog'
    makeListExampleDialog: no visible global function definition for
     'addComponent'
    makeListExampleDialog: no visible global function definition for
     'toJava'
    makeScatterPlotDialog: no visible global function definition for 'J'
    makeScatterPlotDialog: no visible global function definition for 'new'
    Undefined global functions or variables:
     .deducer .jgr .jnull .jpackage .registerDialog .windowsGUI
     AddRemoveButtons CheckBoxesWidget J ListWidget SimpleRDialog
     VariableListWidget VariableSelectorWidget addComponent
     deducer.addMenu deducer.addMenuItem execute jgr.addMenu
     jgr.addMenuItem new setSize toJava winMenuAdd winMenuAddItem
    Consider adding
     importFrom("methods", "new")
     importFrom("utils", "winMenuAdd", "winMenuAddItem")
    to your NAMESPACE.
Flavor: r-devel-windows-ix86+x86_64

Version: 0.2-0
Check: R code for possible problems
Result: NOTE
    .factorAnalysisRunFunction: no visible global function definition for
     ‘execute’
    .onLoad: no visible binding for global variable ‘.deducer’
    .onLoad: no visible global function definition for ‘.jnull’
    .onLoad: no visible global function definition for ‘.jpackage’
    .onLoad: no visible global function definition for ‘.registerDialog’
    .onLoad: no visible global function definition for ‘deducer.addMenu’
    .onLoad: no visible global function definition for
     ‘deducer.addMenuItem’
    .onLoad: no visible binding for global variable ‘.windowsGUI’
    .onLoad: no visible binding for global variable ‘.jgr’
    .onLoad: no visible global function definition for ‘jgr.addMenu’
    .onLoad: no visible global function definition for ‘jgr.addMenuItem’
    makeFactorAnalysisDialog: no visible binding for global variable
     ‘SimpleRDialog’
    makeFactorAnalysisDialog: no visible binding for global variable
     ‘VariableSelectorWidget’
    makeFactorAnalysisDialog: no visible global function definition for
     ‘addComponent’
    makeFactorAnalysisDialog: no visible binding for global variable
     ‘VariableListWidget’
    makeFactorAnalysisDialog: no visible binding for global variable
     ‘CheckBoxesWidget’
    makeFactorAnalysisDialog: no visible global function definition for
     ‘toJava’
    makeListExampleDialog: no visible binding for global variable
     ‘ListWidget’
    makeListExampleDialog: no visible global function definition for
     ‘setSize’
    makeListExampleDialog: no visible binding for global variable
     ‘AddRemoveButtons’
    makeListExampleDialog: no visible binding for global variable
     ‘SimpleRDialog’
    makeListExampleDialog: no visible global function definition for
     ‘addComponent’
    makeListExampleDialog: no visible global function definition for
     ‘toJava’
    makeScatterPlotDialog: no visible global function definition for ‘J’
Flavors: r-patched-linux-x86_64, r-patched-solaris-sparc, r-patched-solaris-x86, r-release-linux-x86_64, r-release-osx-x86_64-mavericks, r-release-windows-ix86+x86_64, r-oldrel-windows-ix86+x86_64