CRAN Package Check Results for Package DeducerPlugInExample

Last updated on 2014-04-25 05:47:14.

Flavor Version Tinstall Tcheck Ttotal Status Flags
r-devel-linux-x86_64-debian-clang 0.2-0 4.59 52.39 56.98 NOTE
r-devel-linux-x86_64-debian-gcc 0.2-0 4.54 51.12 55.66 NOTE
r-devel-linux-x86_64-fedora-clang 0.2-0 99.35 NOTE
r-devel-linux-x86_64-fedora-gcc 0.2-0 94.70 NOTE
r-devel-osx-x86_64-clang 0.2-0 99.65 NOTE
r-devel-osx-x86_64-gcc 0.2-0 ERROR
r-devel-windows-ix86+x86_64 0.2-0 14.00 70.00 84.00 NOTE
r-patched-linux-x86_64 0.2-0 4.12 50.50 54.63 NOTE
r-patched-solaris-sparc 0.2-0 527.90 NOTE
r-patched-solaris-x86 0.2-0 129.70 NOTE
r-release-linux-ix86 0.2-0 7.00 85.00 92.00 NOTE
r-release-linux-x86_64 0.2-0 4.49 50.56 55.05 NOTE
r-release-osx-x86_64-mavericks 0.2-0 NOTE
r-release-osx-x86_64-snowleopard 0.2-0 NOTE
r-release-windows-ix86+x86_64 0.2-0 15.00 74.00 89.00 NOTE
r-oldrel-windows-ix86+x86_64 0.2-0 17.00 78.00 95.00 NOTE

Check Details

Version: 0.2-0
Check: dependencies in R code
Result: NOTE
    Package in Depends field not imported from: ‘Deducer’
     These packages need to be imported from (in the NAMESPACE file)
     for when this namespace is loaded but not attached.
    See the information on DESCRIPTION files in the chapter ‘Creating R
    packages’ of the ‘Writing R Extensions’ manual.
Flavors: r-devel-linux-x86_64-debian-clang, r-devel-linux-x86_64-debian-gcc, r-devel-linux-x86_64-fedora-clang, r-devel-linux-x86_64-fedora-gcc, r-devel-osx-x86_64-clang, r-devel-windows-ix86+x86_64, r-patched-linux-x86_64, r-patched-solaris-sparc, r-patched-solaris-x86, r-release-linux-ix86, r-release-linux-x86_64, r-release-osx-x86_64-mavericks, r-release-osx-x86_64-snowleopard, r-release-windows-ix86+x86_64, r-oldrel-windows-ix86+x86_64

Version: 0.2-0
Check: package dependencies
Result: ERROR
    Package required but not available: ‘Deducer’
    
    See the information on DESCRIPTION files in the chapter ‘Creating R
    packages’ of the ‘Writing R Extensions’ manual.
Flavor: r-devel-osx-x86_64-gcc