CRAN Package Check Results for Package DeducerPlugInScaling

Last updated on 2014-07-24 05:48:24.

Flavor Version Tinstall Tcheck Ttotal Status Flags
r-devel-linux-x86_64-debian-clang 0.1-0 3.70 52.23 55.92 NOTE
r-devel-linux-x86_64-debian-gcc 0.1-0 3.76 52.17 55.94 NOTE
r-devel-linux-x86_64-fedora-clang 0.1-0 113.26 NOTE
r-devel-linux-x86_64-fedora-gcc 0.1-0 107.81 NOTE
r-devel-osx-x86_64-clang 0.1-0 89.91 NOTE
r-devel-windows-ix86+x86_64 0.1-0 16.00 82.00 98.00 NOTE
r-patched-linux-x86_64 0.1-0 3.86 52.44 56.30 NOTE
r-patched-solaris-sparc 0.1-0 655.00 NOTE
r-patched-solaris-x86 0.1-0 136.50 NOTE
r-release-linux-ix86 0.1-0 4.68 60.74 65.42 NOTE
r-release-linux-x86_64 0.1-0 4.02 54.82 58.83 NOTE
r-release-osx-x86_64-mavericks 0.1-0 NOTE
r-release-osx-x86_64-snowleopard 0.1-0 NOTE
r-release-windows-ix86+x86_64 0.1-0 18.00 90.00 108.00 NOTE
r-oldrel-windows-ix86+x86_64 0.1-0 15.00 88.00 103.00 NOTE

Check Details

Version: 0.1-0
Check: package dependencies
Result: NOTE
    Depends: includes the non-default packages:
     ‘Deducer’ ‘psych’ ‘GPArotation’ ‘mvnormtest’ ‘irr’ ‘klaR’
    Adding so many packages to the search path is excessive and importing
    selectively is preferable.
Flavors: r-devel-linux-x86_64-debian-clang, r-devel-linux-x86_64-debian-gcc, r-devel-linux-x86_64-fedora-clang, r-devel-linux-x86_64-fedora-gcc, r-devel-osx-x86_64-clang, r-devel-windows-ix86+x86_64, r-patched-linux-x86_64, r-patched-solaris-sparc, r-patched-solaris-x86, r-release-linux-ix86, r-release-linux-x86_64, r-release-osx-x86_64-mavericks, r-release-osx-x86_64-snowleopard, r-release-windows-ix86+x86_64

Version: 0.1-0
Check: dependencies in R code
Result: NOTE
    'library' or 'require' call to ‘klaR’ which was already attached by Depends.
     Please remove these calls from your code.
    See the information on DESCRIPTION files in the chapter ‘Creating R
    packages’ of the ‘Writing R Extensions’ manual.
Flavors: r-devel-linux-x86_64-debian-clang, r-devel-linux-x86_64-debian-gcc, r-devel-linux-x86_64-fedora-clang, r-devel-linux-x86_64-fedora-gcc, r-devel-osx-x86_64-clang, r-devel-windows-ix86+x86_64, r-patched-linux-x86_64, r-patched-solaris-sparc, r-patched-solaris-x86, r-release-linux-ix86, r-release-linux-x86_64, r-release-osx-x86_64-mavericks, r-release-osx-x86_64-snowleopard, r-release-windows-ix86+x86_64, r-oldrel-windows-ix86+x86_64