CRAN Package Check Results for Package DeducerPlugInScaling

Last updated on 2016-07-29 22:49:06.

Flavor Version Tinstall Tcheck Ttotal Status Flags
r-devel-linux-x86_64-debian-clang 0.1-0 5.37 60.88 66.25 NOTE
r-devel-linux-x86_64-debian-gcc 0.1-0 5.76 63.36 69.12 NOTE
r-devel-linux-x86_64-fedora-clang 0.1-0 150.27 NOTE
r-devel-linux-x86_64-fedora-gcc 0.1-0 120.33 NOTE
r-devel-osx-x86_64-clang 0.1-0 97.53 NOTE
r-devel-windows-ix86+x86_64 0.1-0 16.00 109.00 125.00 NOTE
r-patched-linux-x86_64 0.1-0 6.46 68.94 75.41 NOTE
r-patched-solaris-sparc 0.1-0 704.20 NOTE
r-patched-solaris-x86 0.1-0 155.00 NOTE
r-release-linux-x86_64 0.1-0 7.37 72.40 79.77 NOTE
r-release-osx-x86_64-mavericks 0.1-0 NOTE
r-release-windows-ix86+x86_64 0.1-0 26.00 100.00 126.00 NOTE
r-oldrel-windows-ix86+x86_64 0.1-0 22.00 151.00 173.00 NOTE

Check Details

Version: 0.1-0
Check: package dependencies
Result: NOTE
    Depends: includes the non-default packages:
     ‘Deducer’ ‘psych’ ‘GPArotation’ ‘mvnormtest’ ‘irr’ ‘klaR’
    Adding so many packages to the search path is excessive and importing
    selectively is preferable.
Flavors: r-devel-linux-x86_64-debian-clang, r-devel-linux-x86_64-debian-gcc, r-devel-linux-x86_64-fedora-clang, r-devel-linux-x86_64-fedora-gcc, r-devel-osx-x86_64-clang, r-devel-windows-ix86+x86_64, r-patched-linux-x86_64, r-patched-solaris-sparc, r-patched-solaris-x86, r-release-linux-x86_64, r-release-osx-x86_64-mavericks, r-release-windows-ix86+x86_64, r-oldrel-windows-ix86+x86_64

Version: 0.1-0
Check: dependencies in R code
Result: NOTE
    'library' or 'require' call to ‘klaR’ which was already attached by Depends.
     Please remove these calls from your code.
Flavors: r-devel-linux-x86_64-debian-clang, r-devel-linux-x86_64-debian-gcc, r-devel-linux-x86_64-fedora-clang, r-devel-linux-x86_64-fedora-gcc, r-devel-osx-x86_64-clang, r-devel-windows-ix86+x86_64, r-patched-linux-x86_64, r-patched-solaris-sparc, r-patched-solaris-x86, r-release-linux-x86_64, r-release-osx-x86_64-mavericks, r-release-windows-ix86+x86_64, r-oldrel-windows-ix86+x86_64

Version: 0.1-0
Check: R code for possible problems
Result: NOTE
    .makeICCDialog: no visible global function definition for ‘J’
    .makeICCDialog: no visible global function definition for ‘new’
    .makeICCDialog: no visible global function definition for ‘.jnull’
    .makeNewFactorAnalysisDialog: no visible global function definition for
     ‘new’
    .makeNewFactorAnalysisDialog: no visible global function definition for
     ‘J’
    .makeNewFactorAnalysisDialog: no visible global function definition for
     ‘toJava’
    .makeNewLDADialog: no visible global function definition for ‘new’
    .makeNewLDADialog: no visible global function definition for ‘J’
    .makeNewLDADialog : linkSubDialog: no visible global function
     definition for ‘new’
    .makeNewLDADialog : linkSubDialog: no visible global function
     definition for ‘toJava’
    .makeNewLDADialog: no visible global function definition for ‘toJava’
    .makeNewReliabilityDialog: no visible global function definition for
     ‘new’
    .makeNewReliabilityDialog: no visible global function definition for
     ‘toJava’
    .onLoad: no visible global function definition for ‘.jnull’
    .onLoad: no visible global function definition for ‘jgr.getMenuNames’
    .onLoad: no visible global function definition for ‘jgr.insertMenu’
    .onLoad: no visible global function definition for ‘jgr.addMenu’
    .onLoad: no visible global function definition for ‘jgr.addMenuItem’
    Undefined global functions or variables:
     .jnull J jgr.addMenu jgr.addMenuItem jgr.getMenuNames jgr.insertMenu
     new toJava
    Consider adding
     importFrom("methods", "new")
    to your NAMESPACE file (and ensure that your DESCRIPTION Imports field
    contains 'methods').
Flavors: r-devel-linux-x86_64-debian-clang, r-devel-linux-x86_64-debian-gcc, r-devel-linux-x86_64-fedora-clang, r-devel-linux-x86_64-fedora-gcc, r-devel-osx-x86_64-clang, r-patched-linux-x86_64, r-patched-solaris-sparc, r-patched-solaris-x86, r-release-linux-x86_64, r-release-osx-x86_64-mavericks

Version: 0.1-0
Check: R code for possible problems
Result: NOTE
    .makeICCDialog: no visible global function definition for 'J'
    .makeICCDialog: no visible global function definition for 'new'
    .makeICCDialog: no visible global function definition for '.jnull'
    .makeNewFactorAnalysisDialog: no visible global function definition for
     'new'
    .makeNewFactorAnalysisDialog: no visible global function definition for
     'J'
    .makeNewFactorAnalysisDialog: no visible global function definition for
     'toJava'
    .makeNewLDADialog: no visible global function definition for 'new'
    .makeNewLDADialog: no visible global function definition for 'J'
    .makeNewLDADialog : linkSubDialog: no visible global function
     definition for 'new'
    .makeNewLDADialog : linkSubDialog: no visible global function
     definition for 'toJava'
    .makeNewLDADialog: no visible global function definition for 'toJava'
    .makeNewReliabilityDialog: no visible global function definition for
     'new'
    .makeNewReliabilityDialog: no visible global function definition for
     'toJava'
    .onLoad: no visible global function definition for '.jnull'
    .onLoad: no visible global function definition for 'winMenuAdd'
    .onLoad: no visible global function definition for 'winMenuAddItem'
    .onLoad: no visible global function definition for 'jgr.getMenuNames'
    .onLoad: no visible global function definition for 'jgr.insertMenu'
    .onLoad: no visible global function definition for 'jgr.addMenu'
    .onLoad: no visible global function definition for 'jgr.addMenuItem'
    Undefined global functions or variables:
     .jnull J jgr.addMenu jgr.addMenuItem jgr.getMenuNames jgr.insertMenu
     new toJava winMenuAdd winMenuAddItem
    Consider adding
     importFrom("methods", "new")
     importFrom("utils", "winMenuAdd", "winMenuAddItem")
    to your NAMESPACE file (and ensure that your DESCRIPTION Imports field
    contains 'methods').
Flavors: r-devel-windows-ix86+x86_64, r-release-windows-ix86+x86_64

Version: 0.1-0
Check: R code for possible problems
Result: NOTE
    .makeICCDialog: no visible global function definition for 'J'
    .makeICCDialog: no visible global function definition for '.jnull'
    .makeNewFactorAnalysisDialog: no visible global function definition for
     'J'
    .makeNewFactorAnalysisDialog: no visible global function definition for
     'toJava'
    .makeNewLDADialog: no visible global function definition for 'J'
    .makeNewLDADialog : linkSubDialog: no visible global function
     definition for 'toJava'
    .makeNewLDADialog: no visible global function definition for 'toJava'
    .makeNewReliabilityDialog: no visible global function definition for
     'toJava'
    .onLoad: no visible global function definition for '.jnull'
    .onLoad: no visible global function definition for 'jgr.getMenuNames'
    .onLoad: no visible global function definition for 'jgr.insertMenu'
    .onLoad: no visible global function definition for 'jgr.addMenu'
    .onLoad: no visible global function definition for 'jgr.addMenuItem'
Flavor: r-oldrel-windows-ix86+x86_64