CRAN Package Check Results for Package DeducerSpatial

Last updated on 2014-12-20 01:49:14.

Flavor Version Tinstall Tcheck Ttotal Status Flags
r-devel-linux-x86_64-debian-clang 0.7 10.58 118.10 128.69 NOTE
r-devel-linux-x86_64-debian-gcc 0.7 11.36 111.72 123.08 NOTE
r-devel-linux-x86_64-fedora-clang 0.7 284.40 NOTE
r-devel-linux-x86_64-fedora-gcc 0.7 253.64 NOTE
r-devel-osx-x86_64-clang 0.7 222.39 NOTE
r-devel-windows-ix86+x86_64 0.7 37.00 181.00 218.00 NOTE
r-patched-linux-x86_64 0.7 11.14 120.16 131.30 NOTE
r-patched-solaris-sparc 0.7 1007.30 NOTE
r-patched-solaris-x86 0.7 404.10 NOTE
r-release-linux-ix86 0.7 12.22 156.00 168.22 NOTE
r-release-linux-x86_64 0.7 11.19 121.43 132.62 NOTE
r-release-osx-x86_64-mavericks 0.7 ERROR
r-release-osx-x86_64-snowleopard 0.7 NOTE
r-release-windows-ix86+x86_64 0.7 35.00 187.00 222.00 NOTE
r-oldrel-windows-ix86+x86_64 0.7 34.00 179.00 213.00 NOTE

Check Details

Version: 0.7
Check: package dependencies
Result: NOTE
    Depends: includes the non-default packages:
     ‘JavaGD’ ‘Deducer’ ‘sp’ ‘maptools’ ‘OpenStreetMap’ ‘scales’ ‘rgdal’
    Adding so many packages to the search path is excessive and importing
    selectively is preferable.
Flavors: r-devel-linux-x86_64-debian-clang, r-devel-linux-x86_64-debian-gcc, r-devel-linux-x86_64-fedora-clang, r-devel-linux-x86_64-fedora-gcc, r-devel-osx-x86_64-clang, r-devel-windows-ix86+x86_64, r-patched-linux-x86_64, r-patched-solaris-sparc, r-patched-solaris-x86, r-release-linux-ix86, r-release-linux-x86_64, r-release-osx-x86_64-snowleopard, r-release-windows-ix86+x86_64

Version: 0.7
Check: DESCRIPTION meta-information
Result: NOTE
    Package listed in more than one of Depends, Imports, Suggests, Enhances:
     ‘UScensus2010’
    A package should be listed in only one of these fields.
Flavors: r-devel-linux-x86_64-debian-clang, r-devel-linux-x86_64-debian-gcc, r-devel-linux-x86_64-fedora-clang, r-devel-linux-x86_64-fedora-gcc, r-devel-osx-x86_64-clang, r-devel-windows-ix86+x86_64, r-patched-linux-x86_64, r-patched-solaris-sparc, r-patched-solaris-x86, r-release-linux-ix86, r-release-linux-x86_64, r-release-osx-x86_64-snowleopard, r-release-windows-ix86+x86_64, r-oldrel-windows-ix86+x86_64

Version: 0.7
Check: top-level files
Result: NOTE
    Non-standard file/directory found at top level:
     ‘org’
Flavors: r-devel-linux-x86_64-debian-clang, r-devel-linux-x86_64-debian-gcc, r-devel-linux-x86_64-fedora-clang, r-devel-linux-x86_64-fedora-gcc, r-patched-linux-x86_64, r-release-linux-x86_64

Version: 0.7
Check: dependencies in R code
Result: NOTE
    Namespace in Imports field not imported from: ‘UScensus2010’
     All declared Imports should be used.
    Packages in Depends field not imported from:
     ‘JavaGD’ ‘OpenStreetMap’ ‘maptools’ ‘rgdal’ ‘scales’ ‘sp’
     These packages need to be imported from (in the NAMESPACE file)
     for when this namespace is loaded but not attached.
    See the information on DESCRIPTION files in the chapter ‘Creating R
    packages’ of the ‘Writing R Extensions’ manual.
Flavors: r-devel-linux-x86_64-debian-clang, r-devel-linux-x86_64-debian-gcc, r-devel-linux-x86_64-fedora-clang, r-devel-linux-x86_64-fedora-gcc, r-devel-osx-x86_64-clang, r-devel-windows-ix86+x86_64, r-patched-linux-x86_64, r-patched-solaris-sparc, r-patched-solaris-x86, r-release-linux-ix86, r-release-linux-x86_64, r-release-osx-x86_64-snowleopard, r-release-windows-ix86+x86_64, r-oldrel-windows-ix86+x86_64

Version: 0.7
Check: R code for possible problems
Result: NOTE
    .containedBy: no visible global function definition for
     ‘projectMercator’
    .makeCensusDialog: no visible global function definition for ‘J’
    .makeCensusDialog: no visible global function definition for ‘.jnull’
    .onLoad: no visible global function definition for ‘.jnull’
    .onLoad: no visible global function definition for ‘.jpackage’
    .onLoad: no visible global function definition for ‘.jengine’
    .onLoad: no visible global function definition for ‘J’
    .subsetLines: no visible global function definition for
     ‘projectMercator’
    .subsetPoints: no visible global function definition for
     ‘projectMercator’
    .subsetPoly: no visible global function definition for
     ‘projectMercator’
    spatialBubblePlot: no visible global function definition for
     ‘coordinates’
    spatialChoropleth: no visible global function definition for
     ‘manual_pal’
    spatialChoropleth: no visible global function definition for
     ‘gradient_n_pal’
    spatialChoropleth: no visible global function definition for ‘cscale’
    spatialColoredPoints: no visible global function definition for
     ‘manual_pal’
    spatialColoredPoints: no visible global function definition for
     ‘gradient_n_pal’
    spatialColoredPoints: no visible global function definition for
     ‘cscale’
    spatialTextPlot: no visible global function definition for
     ‘coordinates’
Flavors: r-devel-linux-x86_64-debian-clang, r-devel-linux-x86_64-debian-gcc, r-devel-linux-x86_64-fedora-clang, r-devel-linux-x86_64-fedora-gcc, r-devel-osx-x86_64-clang, r-devel-windows-ix86+x86_64, r-patched-linux-x86_64, r-patched-solaris-sparc, r-patched-solaris-x86, r-release-linux-ix86, r-release-linux-x86_64, r-release-windows-ix86+x86_64

Version: 0.7
Check: Rd line widths
Result: NOTE
    Rd file 'loadCensusData.Rd':
     \usage lines wider than 90 characters:
     year=c("2010","2000"), verbose=TRUE, osmTransform=TRUE, envir = .GlobalEnv)
    
    Rd file 'spatialTextPlot.Rd':
     \examples lines wider than 100 characters:
     plot.window(c(-1.3160249151515616E7,-1.3155204307648793E7),c(3992993.9205893227,3996691.5618326175), xaxs = 'i', yaxs = 'i')
     plot(openmap(c(33.760525217369974,-118.22052955627441),c(33.73290566922855,-118.17521095275879),14,'bing'),add=TRUE)
    
    These lines will be truncated in the PDF manual.
Flavors: r-devel-linux-x86_64-debian-clang, r-devel-linux-x86_64-debian-gcc, r-devel-linux-x86_64-fedora-clang, r-devel-linux-x86_64-fedora-gcc, r-patched-linux-x86_64, r-release-linux-x86_64

Version: 0.7
Check: package dependencies
Result: ERROR
    Packages required but not available: ‘OpenStreetMap’ ‘rgdal’
    
    Depends: includes the non-default packages:
     ‘JavaGD’ ‘Deducer’ ‘sp’ ‘maptools’ ‘OpenStreetMap’ ‘scales’ ‘rgdal’
    Adding so many packages to the search path is excessive and importing
    selectively is preferable.
    
    See the information on DESCRIPTION files in the chapter ‘Creating R
    packages’ of the ‘Writing R Extensions’ manual.
Flavor: r-release-osx-x86_64-mavericks