CRAN Package Check Results for Package DeducerSpatial

Last updated on 2015-07-02 17:47:09.

Flavor Version Tinstall Tcheck Ttotal Status Flags
r-devel-linux-x86_64-debian-clang 0.7 8.16 78.86 87.02 NOTE
r-devel-linux-x86_64-debian-gcc 0.7 7.67 77.89 85.56 NOTE
r-devel-linux-x86_64-fedora-clang 0.7 180.77 NOTE
r-devel-linux-x86_64-fedora-gcc 0.7 174.84 NOTE
r-devel-osx-x86_64-clang 0.7 146.25 NOTE
r-devel-windows-ix86+x86_64 0.7 23.00 125.00 148.00 NOTE
r-patched-linux-x86_64 0.7 7.70 82.62 90.32 NOTE
r-patched-solaris-sparc 0.7 1066.90 NOTE
r-patched-solaris-x86 0.7 260.20 NOTE
r-release-linux-x86_64 0.7 7.67 77.28 84.95 NOTE
r-release-osx-x86_64-mavericks 0.7 NOTE
r-release-windows-ix86+x86_64 0.7 22.00 129.00 151.00 NOTE
r-oldrel-windows-ix86+x86_64 0.7 52.00 214.00 266.00 NOTE

Check Details

Version: 0.7
Check: package dependencies
Result: NOTE
    Depends: includes the non-default packages:
     ‘JavaGD’ ‘Deducer’ ‘sp’ ‘maptools’ ‘OpenStreetMap’ ‘scales’ ‘rgdal’
    Adding so many packages to the search path is excessive and importing
    selectively is preferable.
Flavors: r-devel-linux-x86_64-debian-clang, r-devel-linux-x86_64-debian-gcc, r-devel-linux-x86_64-fedora-clang, r-devel-linux-x86_64-fedora-gcc, r-devel-osx-x86_64-clang, r-devel-windows-ix86+x86_64, r-patched-linux-x86_64, r-patched-solaris-sparc, r-patched-solaris-x86, r-release-linux-x86_64, r-release-osx-x86_64-mavericks, r-release-windows-ix86+x86_64, r-oldrel-windows-ix86+x86_64

Version: 0.7
Check: DESCRIPTION meta-information
Result: NOTE
    Package listed in more than one of Depends, Imports, Suggests, Enhances:
     ‘UScensus2010’
    A package should be listed in only one of these fields.
Flavors: r-devel-linux-x86_64-debian-clang, r-devel-linux-x86_64-debian-gcc, r-devel-linux-x86_64-fedora-clang, r-devel-linux-x86_64-fedora-gcc, r-devel-osx-x86_64-clang, r-devel-windows-ix86+x86_64, r-patched-linux-x86_64, r-patched-solaris-sparc, r-patched-solaris-x86, r-release-linux-x86_64, r-release-osx-x86_64-mavericks, r-release-windows-ix86+x86_64, r-oldrel-windows-ix86+x86_64

Version: 0.7
Check: top-level files
Result: NOTE
    Non-standard file/directory found at top level:
     ‘org’
Flavors: r-devel-linux-x86_64-debian-clang, r-devel-linux-x86_64-debian-gcc, r-devel-linux-x86_64-fedora-clang, r-devel-linux-x86_64-fedora-gcc, r-patched-linux-x86_64, r-release-linux-x86_64

Version: 0.7
Check: dependencies in R code
Result: NOTE
    'library' or 'require' call to ‘UScensus2010’ in package code.
     Please use :: or requireNamespace() instead.
     See section 'Suggested packages' in the 'Writing R Extensions' manual.
    Namespace in Imports field not imported from: ‘UScensus2010’
     All declared Imports should be used.
    Packages in Depends field not imported from:
     ‘JavaGD’ ‘OpenStreetMap’ ‘maptools’ ‘rgdal’ ‘scales’ ‘sp’
     These packages need to be imported from (in the NAMESPACE file)
     for when this namespace is loaded but not attached.
Flavors: r-devel-linux-x86_64-debian-clang, r-devel-linux-x86_64-debian-gcc, r-devel-linux-x86_64-fedora-clang, r-devel-linux-x86_64-fedora-gcc, r-devel-osx-x86_64-clang, r-devel-windows-ix86+x86_64, r-patched-linux-x86_64, r-patched-solaris-sparc, r-patched-solaris-x86, r-release-linux-x86_64, r-release-osx-x86_64-mavericks, r-release-windows-ix86+x86_64, r-oldrel-windows-ix86+x86_64

Version: 0.7
Check: R code for possible problems
Result: NOTE
    .containedBy: no visible global function definition for
     ‘projectMercator’
    .makeCensusDialog: no visible global function definition for ‘J’
    .makeCensusDialog: no visible global function definition for ‘new’
    .makeCensusDialog: no visible global function definition for ‘.jnull’
    .onLoad: no visible global function definition for ‘.jnull’
    .onLoad: no visible global function definition for ‘.jpackage’
    .onLoad: no visible global function definition for ‘.jengine’
    .onLoad: no visible global function definition for ‘J’
    .subsetLines: no visible global function definition for
     ‘projectMercator’
    .subsetPoints: no visible global function definition for
     ‘projectMercator’
    .subsetPoly: no visible global function definition for
     ‘projectMercator’
    loadCensusData: no visible global function definition for
     ‘install.packages’
    loadCensusData: Error while checking: invalid ‘envir’ argument
    spatialBubblePlot: no visible global function definition for ‘slot’
    spatialBubblePlot: no visible global function definition for
     ‘coordinates’
    spatialBubblePlot: no visible global function definition for ‘symbols’
    spatialChoropleth: no visible global function definition for ‘slot’
    spatialChoropleth: no visible binding for global variable ‘heat.colors’
    spatialChoropleth : palette: no visible global function definition for
     ‘rainbow’
    spatialChoropleth: no visible global function definition for
     ‘manual_pal’
    spatialChoropleth: no visible global function definition for
     ‘gradient_n_pal’
    spatialChoropleth: no visible global function definition for
     ‘heat.colors’
    spatialChoropleth: no visible global function definition for ‘cscale’
    spatialChoropleth: no visible global function definition for ‘quantile’
    spatialChoropleth: no visible global function definition for ‘plot’
    spatialChoropleth: no visible global function definition for ‘title’
    spatialChoropleth: no visible global function definition for ‘legend’
    spatialColoredPoints: no visible global function definition for ‘slot’
    spatialColoredPoints : palette: no visible global function definition
     for ‘rainbow’
    spatialColoredPoints: no visible global function definition for
     ‘manual_pal’
    spatialColoredPoints: no visible global function definition for ‘plot’
    spatialColoredPoints: no visible global function definition for
     ‘legend’
    spatialColoredPoints: no visible global function definition for
     ‘gradient_n_pal’
    spatialColoredPoints: no visible global function definition for
     ‘heat.colors’
    spatialColoredPoints: no visible global function definition for
     ‘cscale’
    spatialColoredPoints: no visible global function definition for
     ‘quantile’
    spatialTextPlot: no visible global function definition for
     ‘coordinates’
    spatialTextPlot: no visible global function definition for ‘slot’
Flavors: r-devel-linux-x86_64-debian-clang, r-devel-linux-x86_64-debian-gcc, r-devel-windows-ix86+x86_64

Version: 0.7
Check: Rd line widths
Result: NOTE
    Rd file 'loadCensusData.Rd':
     \usage lines wider than 90 characters:
     year=c("2010","2000"), verbose=TRUE, osmTransform=TRUE, envir = .GlobalEnv)
    
    Rd file 'spatialTextPlot.Rd':
     \examples lines wider than 100 characters:
     plot.window(c(-1.3160249151515616E7,-1.3155204307648793E7),c(3992993.9205893227,3996691.5618326175), xaxs = 'i', yaxs = 'i')
     plot(openmap(c(33.760525217369974,-118.22052955627441),c(33.73290566922855,-118.17521095275879),14,'bing'),add=TRUE)
    
    These lines will be truncated in the PDF manual.
Flavors: r-devel-linux-x86_64-debian-clang, r-devel-linux-x86_64-debian-gcc, r-devel-linux-x86_64-fedora-clang, r-devel-linux-x86_64-fedora-gcc, r-patched-linux-x86_64, r-release-linux-x86_64

Version: 0.7
Check: R code for possible problems
Result: NOTE
    .containedBy: no visible global function definition for
     ‘projectMercator’
    .makeCensusDialog: no visible global function definition for ‘J’
    .makeCensusDialog: no visible global function definition for ‘new’
    .makeCensusDialog: no visible global function definition for ‘.jnull’
    .onLoad: no visible global function definition for ‘.jnull’
    .onLoad: no visible global function definition for ‘.jpackage’
    .onLoad: no visible global function definition for ‘.jengine’
    .onLoad: no visible global function definition for ‘J’
    .subsetLines: no visible global function definition for
     ‘projectMercator’
    .subsetPoints: no visible global function definition for
     ‘projectMercator’
    .subsetPoly: no visible global function definition for
     ‘projectMercator’
    loadCensusData: no visible global function definition for
     ‘install.packages’
    loadCensusData: Error while checking: invalid 'envir' argument
    spatialBubblePlot: no visible global function definition for ‘slot’
    spatialBubblePlot: no visible global function definition for
     ‘coordinates’
    spatialBubblePlot: no visible global function definition for ‘symbols’
    spatialChoropleth: no visible global function definition for ‘slot’
    spatialChoropleth: no visible binding for global variable ‘heat.colors’
    spatialChoropleth : palette: no visible global function definition for
     ‘rainbow’
    spatialChoropleth: no visible global function definition for
     ‘manual_pal’
    spatialChoropleth: no visible global function definition for
     ‘gradient_n_pal’
    spatialChoropleth: no visible global function definition for
     ‘heat.colors’
    spatialChoropleth: no visible global function definition for ‘cscale’
    spatialChoropleth: no visible global function definition for ‘quantile’
    spatialChoropleth: no visible global function definition for ‘plot’
    spatialChoropleth: no visible global function definition for ‘title’
    spatialChoropleth: no visible global function definition for ‘legend’
    spatialColoredPoints: no visible global function definition for ‘slot’
    spatialColoredPoints : palette: no visible global function definition
     for ‘rainbow’
    spatialColoredPoints: no visible global function definition for
     ‘manual_pal’
    spatialColoredPoints: no visible global function definition for ‘plot’
    spatialColoredPoints: no visible global function definition for
     ‘legend’
    spatialColoredPoints: no visible global function definition for
     ‘gradient_n_pal’
    spatialColoredPoints: no visible global function definition for
     ‘heat.colors’
    spatialColoredPoints: no visible global function definition for
     ‘cscale’
    spatialColoredPoints: no visible global function definition for
     ‘quantile’
    spatialTextPlot: no visible global function definition for
     ‘coordinates’
    spatialTextPlot: no visible global function definition for ‘slot’
    Undefined global functions or variables:
     .jengine .jnull .jpackage J coordinates cscale gradient_n_pal
     heat.colors install.packages legend manual_pal new plot
     projectMercator quantile rainbow slot symbols title
Flavors: r-devel-linux-x86_64-fedora-clang, r-devel-linux-x86_64-fedora-gcc

Version: 0.7
Check: R code for possible problems
Result: NOTE
    .containedBy: no visible global function definition for
     ‘projectMercator’
    .makeCensusDialog: no visible global function definition for ‘J’
    .makeCensusDialog: no visible global function definition for ‘.jnull’
    .onLoad: no visible global function definition for ‘.jnull’
    .onLoad: no visible global function definition for ‘.jpackage’
    .onLoad: no visible global function definition for ‘.jengine’
    .onLoad: no visible global function definition for ‘J’
    .subsetLines: no visible global function definition for
     ‘projectMercator’
    .subsetPoints: no visible global function definition for
     ‘projectMercator’
    .subsetPoly: no visible global function definition for
     ‘projectMercator’
    spatialBubblePlot: no visible global function definition for
     ‘coordinates’
    spatialChoropleth: no visible global function definition for
     ‘manual_pal’
    spatialChoropleth: no visible global function definition for
     ‘gradient_n_pal’
    spatialChoropleth: no visible global function definition for ‘cscale’
    spatialColoredPoints: no visible global function definition for
     ‘manual_pal’
    spatialColoredPoints: no visible global function definition for
     ‘gradient_n_pal’
    spatialColoredPoints: no visible global function definition for
     ‘cscale’
    spatialTextPlot: no visible global function definition for
     ‘coordinates’
    Undefined global functions or variables:
     .jengine .jnull .jpackage J coordinates cscale gradient_n_pal
     manual_pal projectMercator
Flavor: r-devel-osx-x86_64-clang

Version: 0.7
Check: R code for possible problems
Result: NOTE
    .containedBy: no visible global function definition for
     ‘projectMercator’
    .makeCensusDialog: no visible global function definition for ‘J’
    .makeCensusDialog: no visible global function definition for ‘.jnull’
    .onLoad: no visible global function definition for ‘.jnull’
    .onLoad: no visible global function definition for ‘.jpackage’
    .onLoad: no visible global function definition for ‘.jengine’
    .onLoad: no visible global function definition for ‘J’
    .subsetLines: no visible global function definition for
     ‘projectMercator’
    .subsetPoints: no visible global function definition for
     ‘projectMercator’
    .subsetPoly: no visible global function definition for
     ‘projectMercator’
    spatialBubblePlot: no visible global function definition for
     ‘coordinates’
    spatialChoropleth: no visible global function definition for
     ‘manual_pal’
    spatialChoropleth: no visible global function definition for
     ‘gradient_n_pal’
    spatialChoropleth: no visible global function definition for ‘cscale’
    spatialColoredPoints: no visible global function definition for
     ‘manual_pal’
    spatialColoredPoints: no visible global function definition for
     ‘gradient_n_pal’
    spatialColoredPoints: no visible global function definition for
     ‘cscale’
    spatialTextPlot: no visible global function definition for
     ‘coordinates’
Flavors: r-patched-linux-x86_64, r-patched-solaris-sparc, r-patched-solaris-x86, r-release-linux-x86_64, r-release-osx-x86_64-mavericks, r-release-windows-ix86+x86_64, r-oldrel-windows-ix86+x86_64