CRAN Package Check Results for Package DeducerSurvival

Last updated on 2015-08-04 23:48:07.

Flavor Version Tinstall Tcheck Ttotal Status Flags
r-devel-linux-x86_64-debian-clang 0.1-0 5.65 46.68 52.33 NOTE
r-devel-linux-x86_64-debian-gcc 0.1-0 5.20 45.80 51.01 NOTE
r-devel-linux-x86_64-fedora-clang 0.1-0 111.92 NOTE
r-devel-linux-x86_64-fedora-gcc 0.1-0 103.64 NOTE
r-devel-osx-x86_64-clang 0.1-0 82.57 NOTE
r-devel-windows-ix86+x86_64 0.1-0 25.00 76.00 101.00 NOTE
r-patched-linux-x86_64 0.1-0 5.12 45.98 51.10 NOTE
r-patched-solaris-sparc 0.1-0 629.40 NOTE
r-patched-solaris-x86 0.1-0 146.40 NOTE
r-release-linux-x86_64 0.1-0 5.01 46.14 51.16 NOTE
r-release-osx-x86_64-mavericks 0.1-0 NOTE
r-release-windows-ix86+x86_64 0.1-0 25.00 77.00 102.00 NOTE
r-oldrel-windows-ix86+x86_64 0.1-0 35.00 153.00 188.00 NOTE

Check Details

Version: 0.1-0
Check: DESCRIPTION meta-information
Result: NOTE
    Malformed Description field: should contain one or more complete sentences.
Flavors: r-devel-linux-x86_64-debian-clang, r-devel-linux-x86_64-debian-gcc, r-devel-linux-x86_64-fedora-clang, r-devel-linux-x86_64-fedora-gcc, r-devel-osx-x86_64-clang, r-devel-windows-ix86+x86_64, r-patched-linux-x86_64, r-patched-solaris-sparc, r-patched-solaris-x86, r-release-linux-x86_64, r-release-osx-x86_64-mavericks, r-release-windows-ix86+x86_64

Version: 0.1-0
Check: dependencies in R code
Result: NOTE
    Package in Depends field not imported from: ‘Deducer’
     These packages need to be imported from (in the NAMESPACE file)
     for when this namespace is loaded but not attached.
Flavors: r-devel-linux-x86_64-debian-clang, r-devel-linux-x86_64-debian-gcc, r-devel-linux-x86_64-fedora-clang, r-devel-linux-x86_64-fedora-gcc, r-devel-osx-x86_64-clang, r-devel-windows-ix86+x86_64, r-patched-linux-x86_64, r-patched-solaris-sparc, r-patched-solaris-x86, r-release-linux-x86_64, r-release-osx-x86_64-mavericks, r-release-windows-ix86+x86_64, r-oldrel-windows-ix86+x86_64

Version: 0.1-0
Check: R code for possible problems
Result: NOTE
    .CompareRunFunction: no visible global function definition for
     ‘execute’
    .KMRunFunction: no visible global function definition for ‘execute’
    .onLoad: no visible binding for global variable ‘.deducer’
    .onLoad: no visible global function definition for ‘.jnull’
    .onLoad: no visible global function definition for ‘.jpackage’
    .onLoad: no visible global function definition for ‘.registerDialog’
    .onLoad: no visible global function definition for ‘deducer.addMenu’
    .onLoad: no visible global function definition for
     ‘deducer.addMenuItem’
    .onLoad: no visible binding for global variable ‘.windowsGUI’
    .onLoad: no visible binding for global variable ‘.jgr’
    .onLoad: no visible global function definition for ‘jgr.insertMenu’
    .onLoad: no visible global function definition for ‘jgr.addMenuItem’
    makeCompareDialog: no visible global function definition for ‘new’
    makeCompareDialog: no visible binding for global variable
     ‘SimpleRDialog’
    makeCompareDialog: no visible binding for global variable
     ‘VariableSelectorWidget’
    makeCompareDialog: no visible global function definition for
     ‘addComponent’
    makeCompareDialog: no visible binding for global variable
     ‘SingleVariableWidget’
    makeCompareDialog: no visible binding for global variable
     ‘ButtonGroupWidget’
    makeCompareDialog: no visible global function definition for ‘toJava’
    makeKMDialog: no visible global function definition for ‘new’
    makeKMDialog: no visible binding for global variable ‘SimpleRDialog’
    makeKMDialog: no visible binding for global variable
     ‘VariableSelectorWidget’
    makeKMDialog: no visible global function definition for ‘addComponent’
    makeKMDialog: no visible binding for global variable
     ‘SingleVariableWidget’
    makeKMDialog: no visible binding for global variable ‘TextAreaWidget’
    makeKMDialog: no visible binding for global variable
     ‘ButtonGroupWidget’
    makeKMDialog: no visible binding for global variable ‘TextFieldWidget’
    makeKMDialog: no visible global function definition for ‘toJava’
    Undefined global functions or variables:
     .deducer .jgr .jnull .jpackage .registerDialog .windowsGUI
     ButtonGroupWidget SimpleRDialog SingleVariableWidget TextAreaWidget
     TextFieldWidget VariableSelectorWidget addComponent deducer.addMenu
     deducer.addMenuItem execute jgr.addMenuItem jgr.insertMenu new toJava
    Consider adding
     importFrom("methods", "new")
    to your NAMESPACE.
Flavors: r-devel-linux-x86_64-debian-clang, r-devel-linux-x86_64-debian-gcc, r-devel-linux-x86_64-fedora-clang, r-devel-linux-x86_64-fedora-gcc

Version: 0.1-0
Check: R code for possible problems
Result: NOTE
    .CompareRunFunction: no visible global function definition for
     ‘execute’
    .KMRunFunction: no visible global function definition for ‘execute’
    .onLoad: no visible binding for global variable ‘.deducer’
    .onLoad: no visible global function definition for ‘.jnull’
    .onLoad: no visible global function definition for ‘.jpackage’
    .onLoad: no visible global function definition for ‘.registerDialog’
    .onLoad: no visible global function definition for ‘deducer.addMenu’
    .onLoad: no visible global function definition for
     ‘deducer.addMenuItem’
    .onLoad: no visible binding for global variable ‘.windowsGUI’
    .onLoad: no visible binding for global variable ‘.jgr’
    .onLoad: no visible global function definition for ‘jgr.insertMenu’
    .onLoad: no visible global function definition for ‘jgr.addMenuItem’
    makeCompareDialog: no visible binding for global variable
     ‘SimpleRDialog’
    makeCompareDialog: no visible binding for global variable
     ‘VariableSelectorWidget’
    makeCompareDialog: no visible global function definition for
     ‘addComponent’
    makeCompareDialog: no visible binding for global variable
     ‘SingleVariableWidget’
    makeCompareDialog: no visible binding for global variable
     ‘ButtonGroupWidget’
    makeCompareDialog: no visible global function definition for ‘toJava’
    makeKMDialog: no visible binding for global variable ‘SimpleRDialog’
    makeKMDialog: no visible binding for global variable
     ‘VariableSelectorWidget’
    makeKMDialog: no visible global function definition for ‘addComponent’
    makeKMDialog: no visible binding for global variable
     ‘SingleVariableWidget’
    makeKMDialog: no visible binding for global variable ‘TextAreaWidget’
    makeKMDialog: no visible binding for global variable
     ‘ButtonGroupWidget’
    makeKMDialog: no visible binding for global variable ‘TextFieldWidget’
    makeKMDialog: no visible global function definition for ‘toJava’
    Undefined global functions or variables:
     .deducer .jgr .jnull .jpackage .registerDialog .windowsGUI
     ButtonGroupWidget SimpleRDialog SingleVariableWidget TextAreaWidget
     TextFieldWidget VariableSelectorWidget addComponent deducer.addMenu
     deducer.addMenuItem execute jgr.addMenuItem jgr.insertMenu toJava
Flavor: r-devel-osx-x86_64-clang

Version: 0.1-0
Check: R code for possible problems
Result: NOTE
    .CompareRunFunction: no visible global function definition for
     'execute'
    .KMRunFunction: no visible global function definition for 'execute'
    .onLoad: no visible binding for global variable '.deducer'
    .onLoad: no visible global function definition for '.jnull'
    .onLoad: no visible global function definition for '.jpackage'
    .onLoad: no visible global function definition for '.registerDialog'
    .onLoad: no visible global function definition for 'deducer.addMenu'
    .onLoad: no visible global function definition for
     'deducer.addMenuItem'
    .onLoad: no visible binding for global variable '.windowsGUI'
    .onLoad: no visible global function definition for 'winMenuAdd'
    .onLoad: no visible global function definition for 'winMenuAddItem'
    .onLoad: no visible binding for global variable '.jgr'
    .onLoad: no visible global function definition for 'jgr.insertMenu'
    .onLoad: no visible global function definition for 'jgr.addMenuItem'
    makeCompareDialog: no visible global function definition for 'new'
    makeCompareDialog: no visible binding for global variable
     'SimpleRDialog'
    makeCompareDialog: no visible binding for global variable
     'VariableSelectorWidget'
    makeCompareDialog: no visible global function definition for
     'addComponent'
    makeCompareDialog: no visible binding for global variable
     'SingleVariableWidget'
    makeCompareDialog: no visible binding for global variable
     'ButtonGroupWidget'
    makeCompareDialog: no visible global function definition for 'toJava'
    makeKMDialog: no visible global function definition for 'new'
    makeKMDialog: no visible binding for global variable 'SimpleRDialog'
    makeKMDialog: no visible binding for global variable
     'VariableSelectorWidget'
    makeKMDialog: no visible global function definition for 'addComponent'
    makeKMDialog: no visible binding for global variable
     'SingleVariableWidget'
    makeKMDialog: no visible binding for global variable 'TextAreaWidget'
    makeKMDialog: no visible binding for global variable
     'ButtonGroupWidget'
    makeKMDialog: no visible binding for global variable 'TextFieldWidget'
    makeKMDialog: no visible global function definition for 'toJava'
    Undefined global functions or variables:
     .deducer .jgr .jnull .jpackage .registerDialog .windowsGUI
     ButtonGroupWidget SimpleRDialog SingleVariableWidget TextAreaWidget
     TextFieldWidget VariableSelectorWidget addComponent deducer.addMenu
     deducer.addMenuItem execute jgr.addMenuItem jgr.insertMenu new toJava
     winMenuAdd winMenuAddItem
    Consider adding
     importFrom("methods", "new")
     importFrom("utils", "winMenuAdd", "winMenuAddItem")
    to your NAMESPACE.
Flavor: r-devel-windows-ix86+x86_64

Version: 0.1-0
Check: R code for possible problems
Result: NOTE
    .CompareRunFunction: no visible global function definition for
     ‘execute’
    .KMRunFunction: no visible global function definition for ‘execute’
    .onLoad: no visible binding for global variable ‘.deducer’
    .onLoad: no visible global function definition for ‘.jnull’
    .onLoad: no visible global function definition for ‘.jpackage’
    .onLoad: no visible global function definition for ‘.registerDialog’
    .onLoad: no visible global function definition for ‘deducer.addMenu’
    .onLoad: no visible global function definition for
     ‘deducer.addMenuItem’
    .onLoad: no visible binding for global variable ‘.windowsGUI’
    .onLoad: no visible binding for global variable ‘.jgr’
    .onLoad: no visible global function definition for ‘jgr.insertMenu’
    .onLoad: no visible global function definition for ‘jgr.addMenuItem’
    makeCompareDialog: no visible binding for global variable
     ‘SimpleRDialog’
    makeCompareDialog: no visible binding for global variable
     ‘VariableSelectorWidget’
    makeCompareDialog: no visible global function definition for
     ‘addComponent’
    makeCompareDialog: no visible binding for global variable
     ‘SingleVariableWidget’
    makeCompareDialog: no visible binding for global variable
     ‘ButtonGroupWidget’
    makeCompareDialog: no visible global function definition for ‘toJava’
    makeKMDialog: no visible binding for global variable ‘SimpleRDialog’
    makeKMDialog: no visible binding for global variable
     ‘VariableSelectorWidget’
    makeKMDialog: no visible global function definition for ‘addComponent’
    makeKMDialog: no visible binding for global variable
     ‘SingleVariableWidget’
    makeKMDialog: no visible binding for global variable ‘TextAreaWidget’
    makeKMDialog: no visible binding for global variable
     ‘ButtonGroupWidget’
    makeKMDialog: no visible binding for global variable ‘TextFieldWidget’
    makeKMDialog: no visible global function definition for ‘toJava’
Flavors: r-patched-linux-x86_64, r-patched-solaris-sparc, r-patched-solaris-x86, r-release-linux-x86_64, r-release-osx-x86_64-mavericks, r-release-windows-ix86+x86_64, r-oldrel-windows-ix86+x86_64