CRAN Package Check Results for Package DeducerSurvival

Last updated on 2015-05-24 14:46:53.

Flavor Version Tinstall Tcheck Ttotal Status Flags
r-devel-linux-x86_64-debian-clang 0.1-0 5.18 45.80 50.98 NOTE
r-devel-linux-x86_64-debian-gcc 0.1-0 5.01 44.35 49.36 NOTE
r-devel-linux-x86_64-fedora-clang 0.1-0 106.93 NOTE
r-devel-linux-x86_64-fedora-gcc 0.1-0 102.31 NOTE
r-devel-osx-x86_64-clang 0.1-0 85.36 NOTE
r-devel-windows-ix86+x86_64 0.1-0 15.00 71.00 86.00 NOTE
r-patched-linux-x86_64 0.1-0 5.16 43.75 48.90 NOTE
r-patched-solaris-sparc 0.1-0 611.70 NOTE
r-patched-solaris-x86 0.1-0 143.10 NOTE
r-release-linux-x86_64 0.1-0 5.05 43.65 48.70 NOTE
r-release-osx-x86_64-mavericks 0.1-0 NOTE
r-release-osx-x86_64-snowleopard 0.1-0 ERROR
r-release-windows-ix86+x86_64 0.1-0 18.00 65.00 83.00 NOTE
r-oldrel-windows-ix86+x86_64 0.1-0 30.00 120.00 150.00 NOTE

Check Details

Version: 0.1-0
Check: DESCRIPTION meta-information
Result: NOTE
    Malformed Description field: should contain one or more complete sentences.
Flavors: r-devel-linux-x86_64-debian-clang, r-devel-linux-x86_64-debian-gcc, r-devel-linux-x86_64-fedora-clang, r-devel-linux-x86_64-fedora-gcc, r-devel-osx-x86_64-clang, r-devel-windows-ix86+x86_64, r-patched-linux-x86_64, r-patched-solaris-sparc, r-patched-solaris-x86, r-release-linux-x86_64, r-release-osx-x86_64-mavericks, r-release-windows-ix86+x86_64

Version: 0.1-0
Check: dependencies in R code
Result: NOTE
    Package in Depends field not imported from: ‘Deducer’
     These packages need to be imported from (in the NAMESPACE file)
     for when this namespace is loaded but not attached.
Flavors: r-devel-linux-x86_64-debian-clang, r-devel-linux-x86_64-debian-gcc, r-devel-linux-x86_64-fedora-clang, r-devel-linux-x86_64-fedora-gcc, r-devel-osx-x86_64-clang, r-devel-windows-ix86+x86_64, r-patched-linux-x86_64, r-patched-solaris-sparc, r-patched-solaris-x86, r-release-linux-x86_64, r-release-osx-x86_64-mavericks, r-release-windows-ix86+x86_64, r-oldrel-windows-ix86+x86_64

Version: 0.1-0
Check: R code for possible problems
Result: NOTE
    .CompareRunFunction: no visible global function definition for
     ‘execute’
    .KMRunFunction: no visible global function definition for ‘execute’
    .onLoad: no visible binding for global variable ‘.deducer’
    .onLoad: no visible global function definition for ‘.jnull’
    .onLoad: no visible global function definition for ‘.jpackage’
    .onLoad: no visible global function definition for ‘.registerDialog’
    .onLoad: no visible global function definition for ‘deducer.addMenu’
    .onLoad: no visible global function definition for
     ‘deducer.addMenuItem’
    .onLoad: no visible binding for global variable ‘.windowsGUI’
    .onLoad: no visible binding for global variable ‘.jgr’
    .onLoad: no visible global function definition for ‘jgr.insertMenu’
    .onLoad: no visible global function definition for ‘jgr.addMenuItem’
    makeCompareDialog: no visible binding for global variable
     ‘SimpleRDialog’
    makeCompareDialog: no visible binding for global variable
     ‘VariableSelectorWidget’
    makeCompareDialog: no visible global function definition for
     ‘addComponent’
    makeCompareDialog: no visible binding for global variable
     ‘SingleVariableWidget’
    makeCompareDialog: no visible binding for global variable
     ‘ButtonGroupWidget’
    makeCompareDialog: no visible global function definition for ‘toJava’
    makeKMDialog: no visible binding for global variable ‘SimpleRDialog’
    makeKMDialog: no visible binding for global variable
     ‘VariableSelectorWidget’
    makeKMDialog: no visible global function definition for ‘addComponent’
    makeKMDialog: no visible binding for global variable
     ‘SingleVariableWidget’
    makeKMDialog: no visible binding for global variable ‘TextAreaWidget’
    makeKMDialog: no visible binding for global variable
     ‘ButtonGroupWidget’
    makeKMDialog: no visible binding for global variable ‘TextFieldWidget’
    makeKMDialog: no visible global function definition for ‘toJava’
Flavors: r-devel-linux-x86_64-debian-clang, r-devel-linux-x86_64-debian-gcc, r-devel-linux-x86_64-fedora-clang, r-devel-linux-x86_64-fedora-gcc, r-devel-osx-x86_64-clang, r-devel-windows-ix86+x86_64, r-patched-linux-x86_64, r-patched-solaris-sparc, r-patched-solaris-x86, r-release-linux-x86_64, r-release-osx-x86_64-mavericks, r-release-windows-ix86+x86_64, r-oldrel-windows-ix86+x86_64

Version: 0.1-0
Check: package dependencies
Result: ERROR
    Package required but not available: ‘Deducer’
    
    See section ‘The DESCRIPTION file’ in the ‘Writing R Extensions’
    manual.
Flavor: r-release-osx-x86_64-snowleopard