CRAN Package Check Results for Package DeducerSurvival

Last updated on 2014-04-25 05:47:14.

Flavor Version Tinstall Tcheck Ttotal Status Flags
r-devel-linux-x86_64-debian-clang 0.1-0 4.75 51.59 56.34 NOTE
r-devel-linux-x86_64-debian-gcc 0.1-0 4.43 51.26 55.69 NOTE
r-devel-linux-x86_64-fedora-clang 0.1-0 100.24 NOTE
r-devel-linux-x86_64-fedora-gcc 0.1-0 95.67 NOTE
r-devel-osx-x86_64-clang 0.1-0 100.16 NOTE
r-devel-osx-x86_64-gcc 0.1-0 ERROR
r-devel-windows-ix86+x86_64 0.1-0 13.00 67.00 80.00 NOTE
r-patched-linux-x86_64 0.1-0 4.20 50.50 54.69 NOTE
r-patched-solaris-sparc 0.1-0 529.60 NOTE
r-patched-solaris-x86 0.1-0 130.90 NOTE
r-release-linux-ix86 0.1-0 6.00 79.00 85.00 NOTE
r-release-linux-x86_64 0.1-0 4.49 50.01 54.50 NOTE
r-release-osx-x86_64-mavericks 0.1-0 NOTE
r-release-osx-x86_64-snowleopard 0.1-0 NOTE
r-release-windows-ix86+x86_64 0.1-0 15.00 78.00 93.00 NOTE
r-oldrel-windows-ix86+x86_64 0.1-0 17.00 79.00 96.00 NOTE

Check Details

Version: 0.1-0
Check: dependencies in R code
Result: NOTE
    Package in Depends field not imported from: ‘Deducer’
     These packages need to be imported from (in the NAMESPACE file)
     for when this namespace is loaded but not attached.
    See the information on DESCRIPTION files in the chapter ‘Creating R
    packages’ of the ‘Writing R Extensions’ manual.
Flavors: r-devel-linux-x86_64-debian-clang, r-devel-linux-x86_64-debian-gcc, r-devel-linux-x86_64-fedora-clang, r-devel-linux-x86_64-fedora-gcc, r-devel-osx-x86_64-clang, r-devel-windows-ix86+x86_64, r-patched-linux-x86_64, r-patched-solaris-sparc, r-patched-solaris-x86, r-release-linux-ix86, r-release-linux-x86_64, r-release-osx-x86_64-mavericks, r-release-osx-x86_64-snowleopard, r-release-windows-ix86+x86_64, r-oldrel-windows-ix86+x86_64

Version: 0.1-0
Check: package dependencies
Result: ERROR
    Package required but not available: ‘Deducer’
    
    See the information on DESCRIPTION files in the chapter ‘Creating R
    packages’ of the ‘Writing R Extensions’ manual.
Flavor: r-devel-osx-x86_64-gcc