CRAN Package Check Results for Package DeducerSurvival

Last updated on 2015-03-03 14:47:20.

Flavor Version Tinstall Tcheck Ttotal Status Flags
r-devel-linux-x86_64-debian-clang 0.1-0 5.21 45.20 50.41 NOTE
r-devel-linux-x86_64-debian-gcc 0.1-0 5.00 42.95 47.95 NOTE
r-devel-linux-x86_64-fedora-clang 0.1-0 99.63 NOTE
r-devel-linux-x86_64-fedora-gcc 0.1-0 94.86 NOTE
r-devel-osx-x86_64-clang 0.1-0 83.54 NOTE
r-devel-windows-ix86+x86_64 0.1-0 17.00 97.00 114.00 NOTE
r-patched-linux-x86_64 0.1-0 10.97 76.53 87.50 NOTE
r-patched-solaris-sparc 0.1-0 1000.90 NOTE
r-patched-solaris-x86 0.1-0 225.20 NOTE
r-release-linux-ix86 0.1-0 8.30 82.36 90.66 NOTE
r-release-linux-x86_64 0.1-0 11.30 78.94 90.25 NOTE
r-release-osx-x86_64-mavericks 0.1-0 NOTE
r-release-osx-x86_64-snowleopard 0.1-0 NOTE
r-release-windows-ix86+x86_64 0.1-0 22.00 145.00 167.00 NOTE
r-oldrel-windows-ix86+x86_64 0.1-0 31.00 124.00 155.00 NOTE

Check Details

Version: 0.1-0
Check: DESCRIPTION meta-information
Result: NOTE
    Malformed Description field: should contain one or more complete sentences.
Flavors: r-devel-linux-x86_64-debian-clang, r-devel-linux-x86_64-debian-gcc, r-devel-linux-x86_64-fedora-clang, r-devel-linux-x86_64-fedora-gcc, r-devel-osx-x86_64-clang, r-devel-windows-ix86+x86_64

Version: 0.1-0
Check: dependencies in R code
Result: NOTE
    Package in Depends field not imported from: ‘Deducer’
     These packages need to be imported from (in the NAMESPACE file)
     for when this namespace is loaded but not attached.
Flavors: r-devel-linux-x86_64-debian-clang, r-devel-linux-x86_64-debian-gcc, r-devel-linux-x86_64-fedora-clang, r-devel-linux-x86_64-fedora-gcc, r-devel-osx-x86_64-clang, r-devel-windows-ix86+x86_64, r-patched-linux-x86_64, r-patched-solaris-sparc, r-patched-solaris-x86

Version: 0.1-0
Check: R code for possible problems
Result: NOTE
    .CompareRunFunction: no visible global function definition for
     ‘execute’
    .KMRunFunction: no visible global function definition for ‘execute’
    .onLoad: no visible binding for global variable ‘.deducer’
    .onLoad: no visible global function definition for ‘.jnull’
    .onLoad: no visible global function definition for ‘.jpackage’
    .onLoad: no visible global function definition for ‘.registerDialog’
    .onLoad: no visible global function definition for ‘deducer.addMenu’
    .onLoad: no visible global function definition for
     ‘deducer.addMenuItem’
    .onLoad: no visible binding for global variable ‘.windowsGUI’
    .onLoad: no visible binding for global variable ‘.jgr’
    .onLoad: no visible global function definition for ‘jgr.insertMenu’
    .onLoad: no visible global function definition for ‘jgr.addMenuItem’
    makeCompareDialog: no visible binding for global variable
     ‘SimpleRDialog’
    makeCompareDialog: no visible binding for global variable
     ‘VariableSelectorWidget’
    makeCompareDialog: no visible global function definition for
     ‘addComponent’
    makeCompareDialog: no visible binding for global variable
     ‘SingleVariableWidget’
    makeCompareDialog: no visible binding for global variable
     ‘ButtonGroupWidget’
    makeCompareDialog: no visible global function definition for ‘toJava’
    makeKMDialog: no visible binding for global variable ‘SimpleRDialog’
    makeKMDialog: no visible binding for global variable
     ‘VariableSelectorWidget’
    makeKMDialog: no visible global function definition for ‘addComponent’
    makeKMDialog: no visible binding for global variable
     ‘SingleVariableWidget’
    makeKMDialog: no visible binding for global variable ‘TextAreaWidget’
    makeKMDialog: no visible binding for global variable
     ‘ButtonGroupWidget’
    makeKMDialog: no visible binding for global variable ‘TextFieldWidget’
    makeKMDialog: no visible global function definition for ‘toJava’
Flavors: r-devel-linux-x86_64-debian-clang, r-devel-linux-x86_64-debian-gcc, r-devel-linux-x86_64-fedora-clang, r-devel-linux-x86_64-fedora-gcc, r-devel-osx-x86_64-clang, r-devel-windows-ix86+x86_64, r-patched-linux-x86_64, r-patched-solaris-sparc, r-patched-solaris-x86, r-release-linux-ix86, r-release-linux-x86_64, r-release-osx-x86_64-mavericks, r-release-windows-ix86+x86_64

Version: 0.1-0
Check: dependencies in R code
Result: NOTE
    Package in Depends field not imported from: ‘Deducer’
     These packages need to be imported from (in the NAMESPACE file)
     for when this namespace is loaded but not attached.
    See the information on DESCRIPTION files in the chapter ‘Creating R
    packages’ of the ‘Writing R Extensions’ manual.
Flavors: r-release-linux-ix86, r-release-linux-x86_64, r-release-osx-x86_64-mavericks, r-release-osx-x86_64-snowleopard, r-release-windows-ix86+x86_64, r-oldrel-windows-ix86+x86_64