CRAN Package Check Results for Package DeducerSurvival

Last updated on 2014-09-17 16:46:30.

Flavor Version Tinstall Tcheck Ttotal Status Flags
r-devel-linux-x86_64-debian-clang 0.1-0 4.44 41.14 45.58 NOTE
r-devel-linux-x86_64-debian-gcc 0.1-0 3.40 40.88 44.27 NOTE
r-devel-linux-x86_64-fedora-clang 0.1-0 90.14 NOTE
r-devel-linux-x86_64-fedora-gcc 0.1-0 94.39 NOTE
r-devel-osx-x86_64-clang 0.1-0 71.71 NOTE
r-devel-windows-ix86+x86_64 0.1-0 13.00 64.00 77.00 NOTE
r-patched-linux-x86_64 0.1-0 3.61 44.86 48.47 NOTE
r-patched-solaris-sparc 0.1-0 495.00 NOTE
r-patched-solaris-x86 0.1-0 119.30 NOTE
r-release-linux-ix86 0.1-0 4.27 51.85 56.12 NOTE
r-release-linux-x86_64 0.1-0 3.74 45.56 49.30 NOTE
r-release-osx-x86_64-mavericks 0.1-0 NOTE
r-release-osx-x86_64-snowleopard 0.1-0 NOTE
r-release-windows-ix86+x86_64 0.1-0 16.00 70.00 86.00 NOTE
r-oldrel-windows-ix86+x86_64 0.1-0 15.00 72.00 87.00 NOTE

Check Details

Version: 0.1-0
Check: dependencies in R code
Result: NOTE
    Package in Depends field not imported from: ‘Deducer’
     These packages need to be imported from (in the NAMESPACE file)
     for when this namespace is loaded but not attached.
    See the information on DESCRIPTION files in the chapter ‘Creating R
    packages’ of the ‘Writing R Extensions’ manual.
Flavors: r-devel-linux-x86_64-debian-clang, r-devel-linux-x86_64-debian-gcc, r-devel-linux-x86_64-fedora-clang, r-devel-linux-x86_64-fedora-gcc, r-devel-osx-x86_64-clang, r-devel-windows-ix86+x86_64, r-patched-linux-x86_64, r-patched-solaris-sparc, r-patched-solaris-x86, r-release-linux-ix86, r-release-linux-x86_64, r-release-osx-x86_64-mavericks, r-release-osx-x86_64-snowleopard, r-release-windows-ix86+x86_64, r-oldrel-windows-ix86+x86_64

Version: 0.1-0
Check: R code for possible problems
Result: NOTE
    .CompareRunFunction: no visible global function definition for
     ‘execute’
    .KMRunFunction: no visible global function definition for ‘execute’
    .onLoad: no visible binding for global variable ‘.deducer’
    .onLoad: no visible global function definition for ‘.jnull’
    .onLoad: no visible global function definition for ‘.jpackage’
    .onLoad: no visible global function definition for ‘.registerDialog’
    .onLoad: no visible global function definition for ‘deducer.addMenu’
    .onLoad: no visible global function definition for
     ‘deducer.addMenuItem’
    .onLoad: no visible binding for global variable ‘.windowsGUI’
    .onLoad: no visible binding for global variable ‘.jgr’
    .onLoad: no visible global function definition for ‘jgr.insertMenu’
    .onLoad: no visible global function definition for ‘jgr.addMenuItem’
    makeCompareDialog: no visible binding for global variable
     ‘SimpleRDialog’
    makeCompareDialog: no visible binding for global variable
     ‘VariableSelectorWidget’
    makeCompareDialog: no visible global function definition for
     ‘addComponent’
    makeCompareDialog: no visible binding for global variable
     ‘SingleVariableWidget’
    makeCompareDialog: no visible binding for global variable
     ‘ButtonGroupWidget’
    makeCompareDialog: no visible global function definition for ‘toJava’
    makeKMDialog: no visible binding for global variable ‘SimpleRDialog’
    makeKMDialog: no visible binding for global variable
     ‘VariableSelectorWidget’
    makeKMDialog: no visible global function definition for ‘addComponent’
    makeKMDialog: no visible binding for global variable
     ‘SingleVariableWidget’
    makeKMDialog: no visible binding for global variable ‘TextAreaWidget’
    makeKMDialog: no visible binding for global variable
     ‘ButtonGroupWidget’
    makeKMDialog: no visible binding for global variable ‘TextFieldWidget’
    makeKMDialog: no visible global function definition for ‘toJava’
Flavors: r-devel-linux-x86_64-debian-clang, r-devel-linux-x86_64-debian-gcc, r-devel-linux-x86_64-fedora-clang, r-devel-linux-x86_64-fedora-gcc, r-devel-osx-x86_64-clang, r-devel-windows-ix86+x86_64