CRAN Package Check Results for Package DeducerSurvival

Last updated on 2014-07-25 07:53:13.

Flavor Version Tinstall Tcheck Ttotal Status Flags
r-devel-linux-x86_64-debian-clang 0.1-0 3.50 43.45 46.96 NOTE
r-devel-linux-x86_64-debian-gcc 0.1-0 3.57 43.50 47.07 NOTE
r-devel-linux-x86_64-fedora-clang 0.1-0 94.61 NOTE
r-devel-linux-x86_64-fedora-gcc 0.1-0 89.58 NOTE
r-devel-osx-x86_64-clang 0.1-0 75.12 NOTE
r-devel-windows-ix86+x86_64 0.1-0 14.00 66.00 80.00 NOTE
r-patched-linux-x86_64 0.1-0 3.59 44.82 48.41 NOTE
r-patched-solaris-sparc 0.1-0 529.60 NOTE
r-patched-solaris-x86 0.1-0 112.60 NOTE
r-release-linux-ix86 0.1-0 4.26 50.98 55.24 NOTE
r-release-linux-x86_64 0.1-0 3.64 44.56 48.20 NOTE
r-release-osx-x86_64-mavericks 0.1-0 NOTE
r-release-osx-x86_64-snowleopard 0.1-0 NOTE
r-release-windows-ix86+x86_64 0.1-0 15.00 75.00 90.00 NOTE
r-oldrel-windows-ix86+x86_64 0.1-0 15.00 73.00 88.00 NOTE

Check Details

Version: 0.1-0
Check: dependencies in R code
Result: NOTE
    Package in Depends field not imported from: ‘Deducer’
     These packages need to be imported from (in the NAMESPACE file)
     for when this namespace is loaded but not attached.
    See the information on DESCRIPTION files in the chapter ‘Creating R
    packages’ of the ‘Writing R Extensions’ manual.
Flavors: r-devel-linux-x86_64-debian-clang, r-devel-linux-x86_64-debian-gcc, r-devel-linux-x86_64-fedora-clang, r-devel-linux-x86_64-fedora-gcc, r-devel-osx-x86_64-clang, r-devel-windows-ix86+x86_64, r-patched-linux-x86_64, r-patched-solaris-sparc, r-patched-solaris-x86, r-release-linux-ix86, r-release-linux-x86_64, r-release-osx-x86_64-mavericks, r-release-osx-x86_64-snowleopard, r-release-windows-ix86+x86_64, r-oldrel-windows-ix86+x86_64